{"id":9104,"date":"2024-06-17T17:10:00","date_gmt":"2024-06-17T17:10:00","guid":{"rendered":"http:\/\/www.arovite.com\/portfolio-items\/48-horas\/"},"modified":"2024-10-17T19:14:59","modified_gmt":"2024-10-17T19:14:59","slug":"48-horas","status":"publish","type":"portfolio","link":"https:\/\/www.arovite.com\/eu\/portfolio\/film-eta-dokumentalak\/48-horas\/","title":{"rendered":"48 horas"},"content":{"rendered":"<p><\/br><\/p>\n<p class=\"encabezado\">T\u00edtulo original<\/h5>\n<p>    48 horas <\/p>\n<p class=\"encabezado\">A\u00f1o<\/h5>\n<p>    2008<\/p>\n<p class=\"encabezado\">Duraci\u00f3n<\/h5>\n<p>    120 min.<\/p>\n<p class=\"encabezado\">Pa\u00eds<\/h5>\n<p>    Espa\u00f1a<\/p>\n<p class=\"encabezado\">Director<\/h5>\n<p>    Manuel Estudillo <\/p>\n<p class=\"encabezado\">Gui\u00f3n<\/h5>\n<p>    Lu\u00eds Lorente, Manuel Estudillo<\/p>\n<p class=\"encabezado\">M\u00fasica<\/h5>\n<p>    Mario de Benito<\/p>\n<p class=\"encabezado\">Fotograf\u00eda<\/h5>\n<p>    Jonny Yebra<\/p>\n<p class=\"encabezado\">Reparto<\/h5>\n<p>    Andoni Gracia, Silvia Abascal, Mabel Rivera, Jos\u00e9 \u00c1ngel Egido, Roberto \u00c1lvarez  <\/p>\n<p class=\"encabezado\">Productora<\/h5>\n<p>    Antena 3 Television \/ Mundo Ficci\u00f3n<\/p>\n<p class=\"encabezado\">G\u00e9nero<\/h5>\n<p>    Drama | Terrorismo. ETA. Basado en hechos reales. Telefilm  <\/p>\n<p class=\"encabezado\">Sinopsis<\/h5>\n<p>    El 10 de julio de 1997, Miguel \u00e1ngel Blanco, un edil del Partido Popular de Ermua, es secuestrado por ETA exigiendo el acercamiento de presos. 48 horas despu\u00e9s, la banda cumple su amenaza y lo asesina provocando una reacci\u00f3n masiva de rechazo a la violencia en la sociedad espa\u00f1ola. La pel\u00edcula muestra las angustiosas 48 horas en el seno de la familia, los cuerpos policiales y la sociedad vasca coincidiendo con el und\u00e9cimo aniversario del secuestro y asesinato del joven concejal. Todo en un lugar indeterminado del Pa\u00eds Vasco-Franc\u00e9s, donde un hombre de espaldas escribe una nota en un papel: es la orden de \u201clevantar un concejal del PP\u201d, dando un ultim\u00e1tum de cuarenta y ocho horas vinculado al traslado de los presos a c\u00e1rceles de Euskadi. Si el Gobierno no accede el reh\u00e9n, ser\u00e1 asesinado. 10 de julio de 1997, son las 14:10 horas, Miguel \u00c1ngel Blanco Garrido, concejal en Ermua del PP, come en su casa acompa\u00f1ado de su madre y se marcha a su trabajo en Eibar como cada d\u00eda. Miguel \u00c1ngel es abordado por una mujer que consigue que la acompa\u00f1e unos metros para, m\u00e1s tarde, introducirlo a punta de pistola en el coche conducido por su c\u00f3mplice&#8230;<br \/>\n<\/br><br \/>\n(www.filmaffinity.com)<\/p>\n","protected":false},"excerpt":{"rendered":"<p>Manuel Estudillo (2008)<\/p>\n","protected":false},"author":1,"featured_media":10923,"menu_order":0,"comment_status":"closed","ping_status":"closed","template":"","format":"standard","meta":{"om_disable_all_campaigns":false,"_monsterinsights_skip_tracking":false,"_monsterinsights_sitenote_active":false,"_monsterinsights_sitenote_note":"","_monsterinsights_sitenote_category":0,"_uf_show_specific_survey":0,"_uf_disable_surveys":false,"_vp_format_video_url":"","_vp_image_focal_point":[],"_vp_custom_popup_image":0,"_vp_format_audio_url":"","_vp_custom_thumbnail":0,"_vp_custom_thumbnail_focal_point":[],"_vp_hover_thumbnail":0,"_vp_hover_thumbnail_focal_point":[],"footnotes":""},"portfolio_category":[300],"portfolio_tag":[],"class_list":["post-9104","portfolio","type-portfolio","status-publish","format-standard","has-post-thumbnail","hentry","portfolio_category-film-eta-dokumentalak"],"aioseo_notices":[],"_links":{"self":[{"href":"https:\/\/www.arovite.com\/eu\/wp-json\/wp\/v2\/portfolio\/9104","targetHints":{"allow":["GET"]}}],"collection":[{"href":"https:\/\/www.arovite.com\/eu\/wp-json\/wp\/v2\/portfolio"}],"about":[{"href":"https:\/\/www.arovite.com\/eu\/wp-json\/wp\/v2\/types\/portfolio"}],"author":[{"embeddable":true,"href":"https:\/\/www.arovite.com\/eu\/wp-json\/wp\/v2\/users\/1"}],"replies":[{"embeddable":true,"href":"https:\/\/www.arovite.com\/eu\/wp-json\/wp\/v2\/comments?post=9104"}],"version-history":[{"count":2,"href":"https:\/\/www.arovite.com\/eu\/wp-json\/wp\/v2\/portfolio\/9104\/revisions"}],"predecessor-version":[{"id":20882,"href":"https:\/\/www.arovite.com\/eu\/wp-json\/wp\/v2\/portfolio\/9104\/revisions\/20882"}],"wp:featuredmedia":[{"embeddable":true,"href":"https:\/\/www.arovite.com\/eu\/wp-json\/wp\/v2\/media\/10923"}],"wp:attachment":[{"href":"https:\/\/www.arovite.com\/eu\/wp-json\/wp\/v2\/media?parent=9104"}],"wp:term":[{"taxonomy":"portfolio_category","embeddable":true,"href":"https:\/\/www.arovite.com\/eu\/wp-json\/wp\/v2\/portfolio_category?post=9104"},{"taxonomy":"portfolio_tag","embeddable":true,"href":"https:\/\/www.arovite.com\/eu\/wp-json\/wp\/v2\/portfolio_tag?post=9104"}],"curies":[{"name":"wp","href":"https:\/\/api.w.org\/{rel}","templated":true}]}}

<p></br></p>
<p class="encabezado">Título original</h5>
<p>    48 horas </p>
<p class="encabezado">Año</h5>
<p>    2008</p>
<p class="encabezado">Duración</h5>
<p>    120 min.</p>
<p class="encabezado">País</h5>
<p>    España</p>
<p class="encabezado">Director</h5>
<p>    Manuel Estudillo </p>
<p class="encabezado">Guión</h5>
<p>    Luís Lorente, Manuel Estudillo</p>
<p class="encabezado">Música</h5>
<p>    Mario de Benito</p>
<p class="encabezado">Fotografía</h5>
<p>    Jonny Yebra</p>
<p class="encabezado">Reparto</h5>
<p>    Andoni Gracia, Silvia Abascal, Mabel Rivera, José Ángel Egido, Roberto Álvarez  </p>
<p class="encabezado">Productora</h5>
<p>    Antena 3 Television / Mundo Ficción</p>
<p class="encabezado">Género</h5>
<p>    Drama | Terrorismo. ETA. Basado en hechos reales. Telefilm  </p>
<p class="encabezado">Sinopsis</h5>
<p>    El 10 de julio de 1997, Miguel ángel Blanco, un edil del Partido Popular de Ermua, es secuestrado por ETA exigiendo el acercamiento de presos. 48 horas después, la banda cumple su amenaza y lo asesina provocando una reacción masiva de rechazo a la violencia en la sociedad española. La película muestra las angustiosas 48 horas en el seno de la familia, los cuerpos policiales y la sociedad vasca coincidiendo con el undécimo aniversario del secuestro y asesinato del joven concejal. Todo en un lugar indeterminado del País Vasco-Francés, donde un hombre de espaldas escribe una nota en un papel: es la orden de “levantar un concejal del PP”, dando un ultimátum de cuarenta y ocho horas vinculado al traslado de los presos a cárceles de Euskadi. Si el Gobierno no accede el rehén, será asesinado. 10 de julio de 1997, son las 14:10 horas, Miguel Ángel Blanco Garrido, concejal en Ermua del PP, come en su casa acompañado de su madre y se marcha a su trabajo en Eibar como cada día. Miguel Ángel es abordado por una mujer que consigue que la acompañe unos metros para, más tarde, introducirlo a punta de pistola en el coche conducido por su cómplice&#8230;<br />
</br><br />
(www.filmaffinity.com)</p>
