{"id":3092,"date":"2014-02-24T18:08:10","date_gmt":"2014-02-24T18:08:10","guid":{"rendered":"http:\/\/www.arovite.com\/?post_type=portfolio&#038;p=3092"},"modified":"2025-03-10T10:44:27","modified_gmt":"2025-03-10T10:44:27","slug":"la-playa-de-los-galgos","status":"publish","type":"portfolio","link":"https:\/\/www.arovite.com\/eu\/portfolio\/film-eta-dokumentalak\/la-playa-de-los-galgos\/","title":{"rendered":"La playa de los galgos"},"content":{"rendered":"<p>&nbsp;<\/p>\n<p class=\"encabezado\">T\u00edtulo original<\/h5>\n<p>La playa de los galgos<\/p>\n<p class=\"encabezado\">A\u00f1o<\/h5>\n<p>2002<\/p>\n<p class=\"encabezado\">Duraci\u00f3n<\/h5>\n<p>132 min.<\/p>\n<p class=\"encabezado\">Pa\u00eds<\/h5>\n<p>[Espa\u00f1a] Espa\u00f1a<\/p>\n<p class=\"encabezado\">Director<\/h5>\n<p>Mario Camus<\/p>\n<p class=\"encabezado\">Gui\u00f3n<\/h5>\n<p>Mario Camus<\/p>\n<p class=\"encabezado\">M\u00fasica<\/h5>\n<p>Sebasti\u00e1n Marin\u00e9<\/p>\n<p class=\"encabezado\">Fotograf\u00eda<\/h5>\n<p>Jaume Peracaula<\/p>\n<p class=\"encabezado\">Reparto<\/h5>\n<p>Carmelo G\u00f3mez, Claudia Gerini, Miguel \u00c1ngel Sol\u00e1, Ingrid Rubio, Gustavo Salmer\u00f3n<\/p>\n<p class=\"encabezado\">Productora<\/h5>\n<p>Urbana Films<\/p>\n<p class=\"encabezado\">G\u00e9nero<\/h5>\n<p>Drama | Terrorismo<\/p>\n<p class=\"encabezado\">Sinopsis<\/h5>\n<p>Mientras busca a su hermano desaparecido, Mart\u00edn Alcorta conoce a una misteriosa mujer que decide seguirle y empezar una nueva vida con \u00e9l. Al principio Mart\u00edn se muestra un tanto reticente respecto a las intenciones de la chica, pero con el paso del tiempo confiar\u00e1 en ella y seguir\u00e1 intentando encontrar a su hermano.<\/p>\n<p>(www.filmaffinity.com)<\/p>\n","protected":false},"excerpt":{"rendered":"<p>Mario Camus (2002)<\/p>\n","protected":false},"author":1,"featured_media":1105,"menu_order":0,"comment_status":"closed","ping_status":"closed","template":"","format":"standard","meta":{"om_disable_all_campaigns":false,"_monsterinsights_skip_tracking":false,"_monsterinsights_sitenote_active":false,"_monsterinsights_sitenote_note":"","_monsterinsights_sitenote_category":0,"_uf_show_specific_survey":0,"_uf_disable_surveys":false,"_vp_format_video_url":"","_vp_image_focal_point":[],"_vp_custom_popup_image":0,"_vp_format_audio_url":"","_vp_custom_thumbnail":0,"_vp_custom_thumbnail_focal_point":[],"_vp_hover_thumbnail":0,"_vp_hover_thumbnail_focal_point":[],"footnotes":""},"portfolio_category":[300],"portfolio_tag":[],"class_list":["post-3092","portfolio","type-portfolio","status-publish","format-standard","has-post-thumbnail","hentry","portfolio_category-film-eta-dokumentalak"],"aioseo_notices":[],"_links":{"self":[{"href":"https:\/\/www.arovite.com\/eu\/wp-json\/wp\/v2\/portfolio\/3092","targetHints":{"allow":["GET"]}}],"collection":[{"href":"https:\/\/www.arovite.com\/eu\/wp-json\/wp\/v2\/portfolio"}],"about":[{"href":"https:\/\/www.arovite.com\/eu\/wp-json\/wp\/v2\/types\/portfolio"}],"author":[{"embeddable":true,"href":"https:\/\/www.arovite.com\/eu\/wp-json\/wp\/v2\/users\/1"}],"replies":[{"embeddable":true,"href":"https:\/\/www.arovite.com\/eu\/wp-json\/wp\/v2\/comments?post=3092"}],"version-history":[{"count":1,"href":"https:\/\/www.arovite.com\/eu\/wp-json\/wp\/v2\/portfolio\/3092\/revisions"}],"predecessor-version":[{"id":23217,"href":"https:\/\/www.arovite.com\/eu\/wp-json\/wp\/v2\/portfolio\/3092\/revisions\/23217"}],"wp:featuredmedia":[{"embeddable":true,"href":"https:\/\/www.arovite.com\/eu\/wp-json\/wp\/v2\/media\/1105"}],"wp:attachment":[{"href":"https:\/\/www.arovite.com\/eu\/wp-json\/wp\/v2\/media?parent=3092"}],"wp:term":[{"taxonomy":"portfolio_category","embeddable":true,"href":"https:\/\/www.arovite.com\/eu\/wp-json\/wp\/v2\/portfolio_category?post=3092"},{"taxonomy":"portfolio_tag","embeddable":true,"href":"https:\/\/www.arovite.com\/eu\/wp-json\/wp\/v2\/portfolio_tag?post=3092"}],"curies":[{"name":"wp","href":"https:\/\/api.w.org\/{rel}","templated":true}]}}

<p>&nbsp;</p>
<p class="encabezado">Título original</h5>
<p>La playa de los galgos</p>
<p class="encabezado">Año</h5>
<p>2002</p>
<p class="encabezado">Duración</h5>
<p>132 min.</p>
<p class="encabezado">País</h5>
<p>[España] España</p>
<p class="encabezado">Director</h5>
<p>Mario Camus</p>
<p class="encabezado">Guión</h5>
<p>Mario Camus</p>
<p class="encabezado">Música</h5>
<p>Sebastián Mariné</p>
<p class="encabezado">Fotografía</h5>
<p>Jaume Peracaula</p>
<p class="encabezado">Reparto</h5>
<p>Carmelo Gómez, Claudia Gerini, Miguel Ángel Solá, Ingrid Rubio, Gustavo Salmerón</p>
<p class="encabezado">Productora</h5>
<p>Urbana Films</p>
<p class="encabezado">Género</h5>
<p>Drama | Terrorismo</p>
<p class="encabezado">Sinopsis</h5>
<p>Mientras busca a su hermano desaparecido, Martín Alcorta conoce a una misteriosa mujer que decide seguirle y empezar una nueva vida con él. Al principio Martín se muestra un tanto reticente respecto a las intenciones de la chica, pero con el paso del tiempo confiará en ella y seguirá intentando encontrar a su hermano.</p>
<p>(www.filmaffinity.com)</p>
