{"id":12276,"date":"2021-01-04T08:49:56","date_gmt":"2021-01-04T08:49:56","guid":{"rendered":"https:\/\/www.arovite.com\/portfolio-items\/historia-de-un-desafio-cinco-decadas-de-lucha-sin-cuartel-de-la-guardia-civil-contra-eta\/"},"modified":"2024-06-25T20:51:09","modified_gmt":"2024-06-25T20:51:09","slug":"historia-de-un-desafio-cinco-decadas-de-lucha-sin-cuartel-de-la-guardia-civil-contra-eta","status":"publish","type":"portfolio","link":"https:\/\/www.arovite.com\/eu\/portfolio\/irakurketa-iradokizunak\/historia-de-un-desafio-cinco-decadas-de-lucha-sin-cuartel-de-la-guardia-civil-contra-eta\/","title":{"rendered":"Historia de un desaf\u00edo: Cinco d\u00e9cadas de lucha sin cuartel de la Guardia Civil contra ETA"},"content":{"rendered":"<p><strong>T\u00edtulo<\/strong><br \/>\nHistoria de un desaf\u00edo: Cinco d\u00e9cadas de lucha sin cuartel de la Guardia Civil contra ETA.<\/p>\n<p><strong>Autor<\/strong><br \/>\nS\u00c1NCHEZ, Manuel y SIM\u00d3N, Manuela <\/p>\n<p><strong>A\u00f1o<\/strong><br \/>\n2017<\/p>\n<p><strong>Editorial<\/strong><br \/>\nPen\u00ednsula<\/p>\n<p><strong>Lugar<\/strong><br \/>\nBarcelona<\/p>\n","protected":false},"excerpt":{"rendered":"<p>S\u00c1NCHEZ, Manuel y SIM\u00d3N, Manuela <\/p>\n","protected":false},"author":1,"featured_media":19752,"menu_order":0,"comment_status":"closed","ping_status":"closed","template":"","format":"standard","meta":{"om_disable_all_campaigns":false,"_monsterinsights_skip_tracking":false,"_monsterinsights_sitenote_active":false,"_monsterinsights_sitenote_note":"","_monsterinsights_sitenote_category":0,"_uf_show_specific_survey":0,"_uf_disable_surveys":false,"_vp_format_video_url":"","_vp_image_focal_point":[],"_vp_custom_popup_image":0,"_vp_format_audio_url":"","_vp_custom_thumbnail":0,"_vp_custom_thumbnail_focal_point":[],"_vp_hover_thumbnail":0,"_vp_hover_thumbnail_focal_point":[],"footnotes":""},"portfolio_category":[280,271],"portfolio_tag":[],"class_list":["post-12276","portfolio","type-portfolio","status-publish","format-standard","has-post-thumbnail","hentry","portfolio_category-etaren-historia","portfolio_category-irakurketa-iradokizunak"],"aioseo_notices":[],"_links":{"self":[{"href":"https:\/\/www.arovite.com\/eu\/wp-json\/wp\/v2\/portfolio\/12276","targetHints":{"allow":["GET"]}}],"collection":[{"href":"https:\/\/www.arovite.com\/eu\/wp-json\/wp\/v2\/portfolio"}],"about":[{"href":"https:\/\/www.arovite.com\/eu\/wp-json\/wp\/v2\/types\/portfolio"}],"author":[{"embeddable":true,"href":"https:\/\/www.arovite.com\/eu\/wp-json\/wp\/v2\/users\/1"}],"replies":[{"embeddable":true,"href":"https:\/\/www.arovite.com\/eu\/wp-json\/wp\/v2\/comments?post=12276"}],"version-history":[{"count":3,"href":"https:\/\/www.arovite.com\/eu\/wp-json\/wp\/v2\/portfolio\/12276\/revisions"}],"predecessor-version":[{"id":19688,"href":"https:\/\/www.arovite.com\/eu\/wp-json\/wp\/v2\/portfolio\/12276\/revisions\/19688"}],"wp:featuredmedia":[{"embeddable":true,"href":"https:\/\/www.arovite.com\/eu\/wp-json\/wp\/v2\/media\/19752"}],"wp:attachment":[{"href":"https:\/\/www.arovite.com\/eu\/wp-json\/wp\/v2\/media?parent=12276"}],"wp:term":[{"taxonomy":"portfolio_category","embeddable":true,"href":"https:\/\/www.arovite.com\/eu\/wp-json\/wp\/v2\/portfolio_category?post=12276"},{"taxonomy":"portfolio_tag","embeddable":true,"href":"https:\/\/www.arovite.com\/eu\/wp-json\/wp\/v2\/portfolio_tag?post=12276"}],"curies":[{"name":"wp","href":"https:\/\/api.w.org\/{rel}","templated":true}]}}

Historia de un desafío: Cinco décadas de lucha sin cuartel de la Guardia Civil contra ETA

<p><strong>Título</strong><br />
Historia de un desafío: Cinco décadas de lucha sin cuartel de la Guardia Civil contra ETA.</p>
<p><strong>Autor</strong><br />
SÁNCHEZ, Manuel y SIMÓN, Manuela </p>
<p><strong>Año</strong><br />
2017</p>
<p><strong>Editorial</strong><br />
Península</p>
<p><strong>Lugar</strong><br />
Barcelona</p>

<p>SÁNCHEZ, Manuel y SIMÓN, Manuela </p>
