{"id":9193,"date":"2019-01-14T17:07:06","date_gmt":"2019-01-14T17:07:06","guid":{"rendered":"http:\/\/www.arovite.com\/toral-mikel-alonso-mikel-y-fernandez-soldevilla-gaizka-2015\/"},"modified":"2019-01-14T17:07:06","modified_gmt":"2019-01-14T17:07:06","slug":"toral-mikel-alonso-mikel-y-fernandez-soldevilla-gaizka-2015","status":"publish","type":"page","link":"https:\/\/www.arovite.com\/eu\/toral-mikel-alonso-mikel-y-fernandez-soldevilla-gaizka-2015\/","title":{"rendered":"TORAL, Mikel, ALONSO, Mikel y FERN\u00c1NDEZ SOLDEVILLA, Gaizka (2015)"},"content":{"rendered":"<div class=\"wpb-content-wrapper\"><p>[vc_row][vc_column width=&#8221;1\/1&#8243;][vc_column_text][vc_empty_space height=&#8221;20&#8243;]<br \/>\n<strong>Referencia bibliogr\u00e1fica<\/strong><br \/>\nTORAL, Mikel, ALONSO, Mikel y FERN\u00c1NDEZ SOLDEVILLA, Gaizka (2015): <em>La calle es nuestra. La transici\u00f3n en el Pa\u00eds Vasco (1973-1982)<\/em>. Bilbao: Kultura Abierta.<\/p>\n<p><a class=\"button blue medium \"href=\"https:\/\/gaizkafernandez.files.wordpress.com\/2018\/01\/la-calle-es-nuestra-versic3b3n-definitiva.pdf\" target=\"_blank\">Consultar PDF<\/a>[vc_empty_space height=&#8221;10&#8243;]<br \/>\n<strong>Resumen<\/strong><br \/>\n<em>La calle es nuestra: la transici\u00f3n en el Pa\u00eds Vasco (1973-1982)<\/em>, obra coordinada por Mikel Toral con fotograf\u00edas del archivo de Mikel Alonso y textos de Gaizka Fern\u00e1ndez Soldevilla. Adem\u00e1s, cuenta con la colaboraci\u00f3n de Antonio Rivera y Santiago Burutxaga. <em>La calle es nuestra<\/em> tiene un claro prop\u00f3sito divulgativo, el de acercar este convulso e interesante per\u00edodo hist\u00f3rico a los ciudadanos y especialmente a aquellos que no lo vivieron, pero est\u00e1 sustentado en una bibliograf\u00eda actualizada y en los trabajos de investigaci\u00f3n que previamente hab\u00eda realizado su autor.<br \/>\n[vc_empty_space height=&#8221;10&#8243;]<br \/>\n<strong>Autor<\/strong><br \/>\nGaizka Fern\u00e1ndez Soldevilla. <a title=\"Dialnet\" href=\"https:\/\/dialnet.unirioja.es\/servlet\/autor?codigo=2407724\" target=\"_blank\">P\u00e1gina del autor en Dialnet.<\/a><br \/>\n[vc_empty_space height=&#8221;10&#8243;]<br \/>\n<strong>Tipo de documento<\/strong><br \/>\nLibro<br \/>\n[vc_empty_space height=&#8221;10&#8243;]<br \/>\n[\/vc_column_text][\/vc_column][\/vc_row]<\/p>\n<\/div>","protected":false},"excerpt":{"rendered":"<p>[vc_row][vc_column width=&#8221;1\/1&#8243;][vc_column_text][vc_empty_space height=&#8221;20&#8243;] Referencia bibliogr\u00e1fica TORAL, Mikel, ALONSO, Mikel y FERN\u00c1NDEZ SOLDEVILLA, Gaizka (2015): La calle es nuestra. La transici\u00f3n en el Pa\u00eds Vasco (1973-1982). Bilbao: Kultura Abierta. Consultar PDF[vc_empty_space&hellip;<\/p>\n","protected":false},"author":1,"featured_media":0,"parent":0,"menu_order":0,"comment_status":"closed","ping_status":"closed","template":"","meta":{"om_disable_all_campaigns":false,"_monsterinsights_skip_tracking":false,"_monsterinsights_sitenote_active":false,"_monsterinsights_sitenote_note":"","_monsterinsights_sitenote_category":0,"_uf_show_specific_survey":0,"_uf_disable_surveys":false,"_vp_format_video_url":"","_vp_image_focal_point":[],"_vp_custom_popup_image":0,"_vp_format_audio_url":"","_vp_custom_thumbnail":0,"_vp_custom_thumbnail_focal_point":[],"_vp_hover_thumbnail":0,"_vp_hover_thumbnail_focal_point":[],"footnotes":""},"class_list":["post-9193","page","type-page","status-publish","hentry"],"aioseo_notices":[],"_links":{"self":[{"href":"https:\/\/www.arovite.com\/eu\/wp-json\/wp\/v2\/pages\/9193","targetHints":{"allow":["GET"]}}],"collection":[{"href":"https:\/\/www.arovite.com\/eu\/wp-json\/wp\/v2\/pages"}],"about":[{"href":"https:\/\/www.arovite.com\/eu\/wp-json\/wp\/v2\/types\/page"}],"author":[{"embeddable":true,"href":"https:\/\/www.arovite.com\/eu\/wp-json\/wp\/v2\/users\/1"}],"replies":[{"embeddable":true,"href":"https:\/\/www.arovite.com\/eu\/wp-json\/wp\/v2\/comments?post=9193"}],"version-history":[{"count":0,"href":"https:\/\/www.arovite.com\/eu\/wp-json\/wp\/v2\/pages\/9193\/revisions"}],"wp:attachment":[{"href":"https:\/\/www.arovite.com\/eu\/wp-json\/wp\/v2\/media?parent=9193"}],"curies":[{"name":"wp","href":"https:\/\/api.w.org\/{rel}","templated":true}]}}

TORAL, Mikel, ALONSO, Mikel y FERNÁNDEZ SOLDEVILLA, Gaizka (2015)

<div class="wpb-content-wrapper"><p>[vc_row][vc_column width=&#8221;1/1&#8243;][vc_column_text][vc_empty_space height=&#8221;20&#8243;]<br />
<strong>Referencia bibliográfica</strong><br />
TORAL, Mikel, ALONSO, Mikel y FERNÁNDEZ SOLDEVILLA, Gaizka (2015): <em>La calle es nuestra. La transición en el País Vasco (1973-1982)</em>. Bilbao: Kultura Abierta.</p>
<p><a class="button blue medium "href="https://gaizkafernandez.files.wordpress.com/2018/01/la-calle-es-nuestra-versic3b3n-definitiva.pdf" target="_blank">Consultar PDF</a>[vc_empty_space height=&#8221;10&#8243;]<br />
<strong>Resumen</strong><br />
<em>La calle es nuestra: la transición en el País Vasco (1973-1982)</em>, obra coordinada por Mikel Toral con fotografías del archivo de Mikel Alonso y textos de Gaizka Fernández Soldevilla. Además, cuenta con la colaboración de Antonio Rivera y Santiago Burutxaga. <em>La calle es nuestra</em> tiene un claro propósito divulgativo, el de acercar este convulso e interesante período histórico a los ciudadanos y especialmente a aquellos que no lo vivieron, pero está sustentado en una bibliografía actualizada y en los trabajos de investigación que previamente había realizado su autor.<br />
[vc_empty_space height=&#8221;10&#8243;]<br />
<strong>Autor</strong><br />
Gaizka Fernández Soldevilla. <a title="Dialnet" href="https://dialnet.unirioja.es/servlet/autor?codigo=2407724" target="_blank">Página del autor en Dialnet.</a><br />
[vc_empty_space height=&#8221;10&#8243;]<br />
<strong>Tipo de documento</strong><br />
Libro<br />
[vc_empty_space height=&#8221;10&#8243;]<br />
[/vc_column_text][/vc_column][/vc_row]</p>
</div>

<p>[vc_row][vc_column width=&#8221;1/1&#8243;][vc_column_text][vc_empty_space height=&#8221;20&#8243;] Referencia bibliográfica TORAL, Mikel, ALONSO, Mikel y FERNÁNDEZ SOLDEVILLA, Gaizka (2015): La calle es nuestra. La transición en el País Vasco (1973-1982). Bilbao: Kultura Abierta. Consultar PDF[vc_empty_space&hellip;</p>
