{"id":8811,"date":"2017-10-24T16:35:46","date_gmt":"2017-10-24T16:35:46","guid":{"rendered":"http:\/\/www.arovite.com\/moreno-bibiloni-irene-2017\/"},"modified":"2017-10-24T16:35:46","modified_gmt":"2017-10-24T16:35:46","slug":"moreno-bibiloni-irene-2017","status":"publish","type":"page","link":"https:\/\/www.arovite.com\/eu\/moreno-bibiloni-irene-2017\/","title":{"rendered":"MORENO BIBILONI, Irene (2017)"},"content":{"rendered":"<div class=\"wpb-content-wrapper\"><p>[vc_row][vc_column width=&#8221;1\/1&#8243;][vc_column_text][vc_empty_space height=&#8221;20&#8243;]<br \/>\n<strong>Referencia bibliogr\u00e1fica<\/strong><br \/>\nMORENO BIBILONI, Irene (2017): \u00abEl lazo azul en el Pa\u00eds Vasco: una aproximaci\u00f3n desde la historia oral veinte a\u00f1os despu\u00e9s\u00bb, <em>V\u00ednculos de Historia<\/em>, n\u00ba 6, pp. 381-401.<\/p>\n<p><a class=\"button blue medium \"href=\"https:\/\/dialnet.unirioja.es\/descarga\/articulo\/6048756.pdf\" target=\"_blank\">Consultar PDF<\/a>[vc_empty_space height=&#8221;10&#8243;]<br \/>\n<strong>Resumen<\/strong><br \/>\nEl siguiente trabajo tiene como objetivo fundamental realizar un acercamiento a las campa\u00f1as del <em>lazo azul<\/em> que se dieron en los a\u00f1os noventa en el Pa\u00eds Vasco propiciadas por la Coordinadora Gesto por la Paz de Euskal Herria, en tanto que iniciativa social novedosa ante la violencia terrorista en el Pa\u00eds Vasco. Partimos de la hip\u00f3tesis de la importancia de los movimientos sociales, en este caso el pacifista, para comprender la historia reciente del Pa\u00eds Vasco y la evoluci\u00f3n de la actitud frente a ETA. La clave para este acercamiento ha sido el estudio de los sentimientos y las emociones como elemento a tener en cuenta en el comportamiento colectivo, m\u00e1s all\u00e1 de los aspectos racionales que han venido destacando las teor\u00edas cl\u00e1sicas de la movilizaci\u00f3n social. Propongo para este an\u00e1lisis una metodolog\u00eda basada en la historia oral, para tratar de centrar la atenci\u00f3n en lo que la emoci\u00f3n genera en relaci\u00f3n a la acci\u00f3n colectiva y la movilizaci\u00f3n ciudadana. As\u00ed pues, a las fuentes hemerogr\u00e1ficas y documentales se han sumado las orales, a trav\u00e9s del an\u00e1lisis de entrevistas semiestructuradas a integrantes de Gesto por la Paz, para reconstruir y comprender qu\u00e9 supon\u00eda significarse p\u00fablicamente contra la violencia pol\u00edtica.<br \/>\n[vc_empty_space height=&#8221;10&#8243;]<br \/>\n<strong>Abstract<\/strong><br \/>\nThe following study seeks to carry out an examination of the so-called <em>lazo azul<\/em> (blue ribbon) campaigns during the 1990s in the Basque Country, promoted by the Coordinadora Gesto por la Paz de Euskal Herria. The key to this approach is the study of the feelings and emotions as the primary element to consider in collective behaviour, going beyond the rational aspects which have been highlighted by the classical theories concerning social mobilizations. In order to develop the analysis I use a methodology based on oral history to try to focus on what emotion generates in relation to collective action and citizen mobilizations. Apart from documentary and newspapers sources, oral ones have been added through the analysis of semi-structured interviews of members of Gesto por la Paz, so that what it meant to declare oneself in public against political violence and what was felt when participating in these mobilizations can be rebuilt and understood.<br \/>\n[vc_empty_space height=&#8221;10&#8243;]<br \/>\n<strong>Autor<\/strong><br \/>\nIrene Moreno Bibiloni. <a title=\"Dialnet\" href=\" https:\/\/dialnet.unirioja.es\/servlet\/autor?codigo=3827652\" target=\"_blank\">P\u00e1gina del autor en Dialnet.<\/a><br \/>\n[vc_empty_space height=&#8221;10&#8243;]<br \/>\n<strong>Tipo de documento<\/strong><br \/>\nArt\u00edculo<br \/>\n[vc_empty_space height=&#8221;10&#8243;]<br \/>\n[\/vc_column_text][\/vc_column][\/vc_row]<\/p>\n<\/div>","protected":false},"excerpt":{"rendered":"<p>[vc_row][vc_column width=&#8221;1\/1&#8243;][vc_column_text][vc_empty_space height=&#8221;20&#8243;] Referencia bibliogr\u00e1fica MORENO BIBILONI, Irene (2017): \u00abEl lazo azul en el Pa\u00eds Vasco: una aproximaci\u00f3n desde la historia oral veinte a\u00f1os despu\u00e9s\u00bb, V\u00ednculos de Historia, n\u00ba 6,&hellip;<\/p>\n","protected":false},"author":1,"featured_media":0,"parent":0,"menu_order":0,"comment_status":"closed","ping_status":"closed","template":"","meta":{"om_disable_all_campaigns":false,"_monsterinsights_skip_tracking":false,"_monsterinsights_sitenote_active":false,"_monsterinsights_sitenote_note":"","_monsterinsights_sitenote_category":0,"_uf_show_specific_survey":0,"_uf_disable_surveys":false,"_vp_format_video_url":"","_vp_image_focal_point":[],"_vp_custom_popup_image":0,"_vp_format_audio_url":"","_vp_custom_thumbnail":0,"_vp_custom_thumbnail_focal_point":[],"_vp_hover_thumbnail":0,"_vp_hover_thumbnail_focal_point":[],"footnotes":""},"class_list":["post-8811","page","type-page","status-publish","hentry"],"aioseo_notices":[],"_links":{"self":[{"href":"https:\/\/www.arovite.com\/eu\/wp-json\/wp\/v2\/pages\/8811","targetHints":{"allow":["GET"]}}],"collection":[{"href":"https:\/\/www.arovite.com\/eu\/wp-json\/wp\/v2\/pages"}],"about":[{"href":"https:\/\/www.arovite.com\/eu\/wp-json\/wp\/v2\/types\/page"}],"author":[{"embeddable":true,"href":"https:\/\/www.arovite.com\/eu\/wp-json\/wp\/v2\/users\/1"}],"replies":[{"embeddable":true,"href":"https:\/\/www.arovite.com\/eu\/wp-json\/wp\/v2\/comments?post=8811"}],"version-history":[{"count":0,"href":"https:\/\/www.arovite.com\/eu\/wp-json\/wp\/v2\/pages\/8811\/revisions"}],"wp:attachment":[{"href":"https:\/\/www.arovite.com\/eu\/wp-json\/wp\/v2\/media?parent=8811"}],"curies":[{"name":"wp","href":"https:\/\/api.w.org\/{rel}","templated":true}]}}

<div class="wpb-content-wrapper"><p>[vc_row][vc_column width=&#8221;1/1&#8243;][vc_column_text][vc_empty_space height=&#8221;20&#8243;]<br />
<strong>Referencia bibliográfica</strong><br />
MORENO BIBILONI, Irene (2017): «El lazo azul en el País Vasco: una aproximación desde la historia oral veinte años después», <em>Vínculos de Historia</em>, nº 6, pp. 381-401.</p>
<p><a class="button blue medium "href="https://dialnet.unirioja.es/descarga/articulo/6048756.pdf" target="_blank">Consultar PDF</a>[vc_empty_space height=&#8221;10&#8243;]<br />
<strong>Resumen</strong><br />
El siguiente trabajo tiene como objetivo fundamental realizar un acercamiento a las campañas del <em>lazo azul</em> que se dieron en los años noventa en el País Vasco propiciadas por la Coordinadora Gesto por la Paz de Euskal Herria, en tanto que iniciativa social novedosa ante la violencia terrorista en el País Vasco. Partimos de la hipótesis de la importancia de los movimientos sociales, en este caso el pacifista, para comprender la historia reciente del País Vasco y la evolución de la actitud frente a ETA. La clave para este acercamiento ha sido el estudio de los sentimientos y las emociones como elemento a tener en cuenta en el comportamiento colectivo, más allá de los aspectos racionales que han venido destacando las teorías clásicas de la movilización social. Propongo para este análisis una metodología basada en la historia oral, para tratar de centrar la atención en lo que la emoción genera en relación a la acción colectiva y la movilización ciudadana. Así pues, a las fuentes hemerográficas y documentales se han sumado las orales, a través del análisis de entrevistas semiestructuradas a integrantes de Gesto por la Paz, para reconstruir y comprender qué suponía significarse públicamente contra la violencia política.<br />
[vc_empty_space height=&#8221;10&#8243;]<br />
<strong>Abstract</strong><br />
The following study seeks to carry out an examination of the so-called <em>lazo azul</em> (blue ribbon) campaigns during the 1990s in the Basque Country, promoted by the Coordinadora Gesto por la Paz de Euskal Herria. The key to this approach is the study of the feelings and emotions as the primary element to consider in collective behaviour, going beyond the rational aspects which have been highlighted by the classical theories concerning social mobilizations. In order to develop the analysis I use a methodology based on oral history to try to focus on what emotion generates in relation to collective action and citizen mobilizations. Apart from documentary and newspapers sources, oral ones have been added through the analysis of semi-structured interviews of members of Gesto por la Paz, so that what it meant to declare oneself in public against political violence and what was felt when participating in these mobilizations can be rebuilt and understood.<br />
[vc_empty_space height=&#8221;10&#8243;]<br />
<strong>Autor</strong><br />
Irene Moreno Bibiloni. <a title="Dialnet" href=" https://dialnet.unirioja.es/servlet/autor?codigo=3827652" target="_blank">Página del autor en Dialnet.</a><br />
[vc_empty_space height=&#8221;10&#8243;]<br />
<strong>Tipo de documento</strong><br />
Artículo<br />
[vc_empty_space height=&#8221;10&#8243;]<br />
[/vc_column_text][/vc_column][/vc_row]</p>
</div>

<p>[vc_row][vc_column width=&#8221;1/1&#8243;][vc_column_text][vc_empty_space height=&#8221;20&#8243;] Referencia bibliográfica MORENO BIBILONI, Irene (2017): «El lazo azul en el País Vasco: una aproximación desde la historia oral veinte años después», Vínculos de Historia, nº 6,&hellip;</p>
