{"id":8425,"date":"2017-06-12T15:58:40","date_gmt":"2017-06-12T15:58:40","guid":{"rendered":"http:\/\/www.arovite.com\/fundacion-centro-para-la-memoria-de-las-victimas-del-terrorismo-2017\/"},"modified":"2017-06-14T14:44:49","modified_gmt":"2017-06-14T14:44:49","slug":"fundacion-centro-para-la-memoria-de-las-victimas-del-terrorismo-2017","status":"publish","type":"page","link":"https:\/\/www.arovite.com\/eu\/fundacion-centro-para-la-memoria-de-las-victimas-del-terrorismo-2017\/","title":{"rendered":"FUNDACI\u00d3N CENTRO PARA LA MEMORIA DE LAS V\u00cdCTIMAS DEL TERRORISMO (2017)"},"content":{"rendered":"<div class=\"wpb-content-wrapper\"><p>[vc_row][vc_column width=&#8221;1\/1&#8243;][vc_column_text][vc_empty_space height=&#8221;20&#8243;]<br \/>\n<strong>Referencia bibliogr\u00e1fica<\/strong><br \/>\nFUNDACI\u00d3N CENTRO PARA LA MEMORIA DE LAS V\u00cdCTIMAS DEL TERRORISMO (2017): \u00abBalance del terrorismo en Espa\u00f1a, 2016\u00bb, <em>Cuadernos del Centro Memorial de las V\u00edctimas del Terrorismo<\/em>, n\u00ba 3.<\/p>\n<p><a class=\"button blue medium \"href=\"http:\/\/www.arovite.com\/documentos\/2017_Memorial_Victimas_Terrorismo.pdf\" target=\"_blank\">Consultar PDF<\/a>[vc_empty_space height=&#8221;10&#8243;]<br \/>\n<strong>Resumen<\/strong><br \/>\nEl tercer n\u00famero de <em>Cuadernos del Centro Memorial de las V\u00edctimas del Terrorismo<\/em> est\u00e1 dedicado al balance del terrorismo durante el pasado a\u00f1o 2016. Su objetivo es facilitar, de manera resumida pero completa, una imagen anual de la principal amenaza de seguridad que afronta la sociedad espa\u00f1ola, al igual que las de otros pa\u00edses. Con el balance anual se recuerda a las v\u00edctimas, pero tambi\u00e9n se recopilan los datos relativos a la actuaci\u00f3n de las instituciones para hacer frente a la amenaza terrorista, tanto en el \u00e1mbito pol\u00edtico, como en el judicial, policial o social. Tambi\u00e9n se incluyen las informaciones sobre los grupos violentos que pueden contribuir a que tengamos un retrato m\u00e1s preciso de sus caracter\u00edsticas, un mejor conocimiento de sus prop\u00f3sitos y de sus amenazas.<br \/>\n[vc_empty_space height=&#8221;10&#8243;]<br \/>\n<strong>Tipo de documento<\/strong><br \/>\nCuaderno<br \/>\n[vc_empty_space height=&#8221;10&#8243;]<br \/>\n<a title=\"Dialnet\" href=\"http:\/\/pdf.elcorreo.com\/documentos\/2017\/cuadernos-victimas-terrorismo.pdf\" target=\"_blank\"><strong>Enlace alternativo<\/strong><\/a><br \/>\n[vc_empty_space height=&#8221;10&#8243;]<br \/>\n[\/vc_column_text][\/vc_column][\/vc_row]<\/p>\n<\/div>","protected":false},"excerpt":{"rendered":"<p>[vc_row][vc_column width=&#8221;1\/1&#8243;][vc_column_text][vc_empty_space height=&#8221;20&#8243;] Referencia bibliogr\u00e1fica FUNDACI\u00d3N CENTRO PARA LA MEMORIA DE LAS V\u00cdCTIMAS DEL TERRORISMO (2017): \u00abBalance del terrorismo en Espa\u00f1a, 2016\u00bb, Cuadernos del Centro Memorial de las V\u00edctimas del&hellip;<\/p>\n","protected":false},"author":1,"featured_media":0,"parent":0,"menu_order":0,"comment_status":"open","ping_status":"open","template":"","meta":{"om_disable_all_campaigns":false,"_monsterinsights_skip_tracking":false,"_monsterinsights_sitenote_active":false,"_monsterinsights_sitenote_note":"","_monsterinsights_sitenote_category":0,"_uf_show_specific_survey":0,"_uf_disable_surveys":false,"_vp_format_video_url":"","_vp_image_focal_point":[],"_vp_custom_popup_image":0,"_vp_format_audio_url":"","_vp_custom_thumbnail":0,"_vp_custom_thumbnail_focal_point":[],"_vp_hover_thumbnail":0,"_vp_hover_thumbnail_focal_point":[],"footnotes":""},"class_list":["post-8425","page","type-page","status-publish","hentry"],"aioseo_notices":[],"_links":{"self":[{"href":"https:\/\/www.arovite.com\/eu\/wp-json\/wp\/v2\/pages\/8425","targetHints":{"allow":["GET"]}}],"collection":[{"href":"https:\/\/www.arovite.com\/eu\/wp-json\/wp\/v2\/pages"}],"about":[{"href":"https:\/\/www.arovite.com\/eu\/wp-json\/wp\/v2\/types\/page"}],"author":[{"embeddable":true,"href":"https:\/\/www.arovite.com\/eu\/wp-json\/wp\/v2\/users\/1"}],"replies":[{"embeddable":true,"href":"https:\/\/www.arovite.com\/eu\/wp-json\/wp\/v2\/comments?post=8425"}],"version-history":[{"count":5,"href":"https:\/\/www.arovite.com\/eu\/wp-json\/wp\/v2\/pages\/8425\/revisions"}],"predecessor-version":[{"id":8588,"href":"https:\/\/www.arovite.com\/eu\/wp-json\/wp\/v2\/pages\/8425\/revisions\/8588"}],"wp:attachment":[{"href":"https:\/\/www.arovite.com\/eu\/wp-json\/wp\/v2\/media?parent=8425"}],"curies":[{"name":"wp","href":"https:\/\/api.w.org\/{rel}","templated":true}]}}

FUNDACIÓN CENTRO PARA LA MEMORIA DE LAS VÍCTIMAS DEL TERRORISMO (2017)

<div class="wpb-content-wrapper"><p>[vc_row][vc_column width=&#8221;1/1&#8243;][vc_column_text][vc_empty_space height=&#8221;20&#8243;]<br />
<strong>Referencia bibliográfica</strong><br />
FUNDACIÓN CENTRO PARA LA MEMORIA DE LAS VÍCTIMAS DEL TERRORISMO (2017): «Balance del terrorismo en España, 2016», <em>Cuadernos del Centro Memorial de las Víctimas del Terrorismo</em>, nº 3.</p>
<p><a class="button blue medium "href="http://www.arovite.com/documentos/2017_Memorial_Victimas_Terrorismo.pdf" target="_blank">Consultar PDF</a>[vc_empty_space height=&#8221;10&#8243;]<br />
<strong>Resumen</strong><br />
El tercer número de <em>Cuadernos del Centro Memorial de las Víctimas del Terrorismo</em> está dedicado al balance del terrorismo durante el pasado año 2016. Su objetivo es facilitar, de manera resumida pero completa, una imagen anual de la principal amenaza de seguridad que afronta la sociedad española, al igual que las de otros países. Con el balance anual se recuerda a las víctimas, pero también se recopilan los datos relativos a la actuación de las instituciones para hacer frente a la amenaza terrorista, tanto en el ámbito político, como en el judicial, policial o social. También se incluyen las informaciones sobre los grupos violentos que pueden contribuir a que tengamos un retrato más preciso de sus características, un mejor conocimiento de sus propósitos y de sus amenazas.<br />
[vc_empty_space height=&#8221;10&#8243;]<br />
<strong>Tipo de documento</strong><br />
Cuaderno<br />
[vc_empty_space height=&#8221;10&#8243;]<br />
<a title="Dialnet" href="http://pdf.elcorreo.com/documentos/2017/cuadernos-victimas-terrorismo.pdf" target="_blank"><strong>Enlace alternativo</strong></a><br />
[vc_empty_space height=&#8221;10&#8243;]<br />
[/vc_column_text][/vc_column][/vc_row]</p>
</div>

<p>[vc_row][vc_column width=&#8221;1/1&#8243;][vc_column_text][vc_empty_space height=&#8221;20&#8243;] Referencia bibliográfica FUNDACIÓN CENTRO PARA LA MEMORIA DE LAS VÍCTIMAS DEL TERRORISMO (2017): «Balance del terrorismo en España, 2016», Cuadernos del Centro Memorial de las Víctimas del&hellip;</p>
