{"id":6816,"date":"2016-09-09T16:41:54","date_gmt":"2016-09-09T16:41:54","guid":{"rendered":"http:\/\/www.arovite.com\/bermudez-de-castro-juanjo-2015-2\/"},"modified":"2016-09-09T16:41:54","modified_gmt":"2016-09-09T16:41:54","slug":"bermudez-de-castro-juanjo-2015","status":"publish","type":"page","link":"https:\/\/www.arovite.com\/eu\/bermudez-de-castro-juanjo-2015\/","title":{"rendered":"BERM\u00daDEZ DE CASTRO, Juanjo (2015)"},"content":{"rendered":"<div class=\"wpb-content-wrapper\"><p>[vc_row][vc_column width=&#8221;1\/1&#8243;][vc_column_text][vc_empty_space height=&#8221;20&#8243;]<br \/>\n<strong>Referencia bibliogr\u00e1fica<\/strong><br \/>\nBERM\u00daDEZ DE CASTRO, Juanjo (2015): \u00abRe-escritura discursiva del terrorismo a trav\u00e9s del cine espa\u00f1ol contempor\u00e1neo: <em>Ocho Apellidos Vascos<\/em> (2014) y <em>La Revoluci\u00f3n de los \u00c1ngeles<\/em> (2014)\u00bb, <em>Studia Romanica Posnaniensia<\/em>, vol. XLII, n\u00ba 2, pp. 127-136.<\/p>\n<p><a class=\"button blue medium \"href=\"http:\/\/pressto.amu.edu.pl\/index.php\/srp\/article\/view\/3738\/3775\" target=\"_blank\">Consultar PDF<\/a>[vc_empty_space height=&#8221;10&#8243;]<br \/>\n<strong>Abstract<\/strong><br \/>\nThe year 2014 saw the release of two films on the topic of terrorism from a perspective not yet adopted in Spanish fictional works: the comedy <em>Ocho apellidos vascos<\/em>, by Emilio Mart\u00ednez-L\u00e1zaro, and <em>La revoluci\u00f3n de los \u00e1ngeles<\/em>, the social drama depicting the terrorist as a social activist, by Javier Silvestre, Oriol Clavell and Marc Barbena. This article explores the ways in which both approaches move away from more traditional forms of representing terrorism, such as the thriller or the emotional tribute to the victims, and to what extent the success of both films is a result of their unique perspectives on the question of terrorism.<br \/>\n[vc_empty_space height=&#8221;10&#8243;]<br \/>\n<strong>Autor<\/strong><br \/>\nJuanjo Berm\u00fadez de Castro. <a title=\"Dialnet\" href=\"https:\/\/dialnet.unirioja.es\/servlet\/autor?codigo=3164534\" target=\"_blank\">P\u00e1gina del autor en Dialnet.<\/a><br \/>\n[vc_empty_space height=&#8221;10&#8243;]<br \/>\n<strong>Tipo de documento<\/strong><br \/>\nArt\u00edculo<br \/>\n[vc_empty_space height=&#8221;10&#8243;]<br \/>\n[\/vc_column_text][\/vc_column][\/vc_row]<\/p>\n<\/div>","protected":false},"excerpt":{"rendered":"<p>[vc_row][vc_column width=&#8221;1\/1&#8243;][vc_column_text][vc_empty_space height=&#8221;20&#8243;] Referencia bibliogr\u00e1fica BERM\u00daDEZ DE CASTRO, Juanjo (2015): \u00abRe-escritura discursiva del terrorismo a trav\u00e9s del cine espa\u00f1ol contempor\u00e1neo: Ocho Apellidos Vascos (2014) y La Revoluci\u00f3n de los \u00c1ngeles&hellip;<\/p>\n","protected":false},"author":1,"featured_media":0,"parent":0,"menu_order":0,"comment_status":"open","ping_status":"open","template":"","meta":{"om_disable_all_campaigns":false,"_monsterinsights_skip_tracking":false,"_monsterinsights_sitenote_active":false,"_monsterinsights_sitenote_note":"","_monsterinsights_sitenote_category":0,"_uf_show_specific_survey":0,"_uf_disable_surveys":false,"_vp_format_video_url":"","_vp_image_focal_point":[],"_vp_custom_popup_image":0,"_vp_format_audio_url":"","_vp_custom_thumbnail":0,"_vp_custom_thumbnail_focal_point":[],"_vp_hover_thumbnail":0,"_vp_hover_thumbnail_focal_point":[],"footnotes":""},"class_list":["post-6816","page","type-page","status-publish","hentry"],"aioseo_notices":[],"_links":{"self":[{"href":"https:\/\/www.arovite.com\/eu\/wp-json\/wp\/v2\/pages\/6816","targetHints":{"allow":["GET"]}}],"collection":[{"href":"https:\/\/www.arovite.com\/eu\/wp-json\/wp\/v2\/pages"}],"about":[{"href":"https:\/\/www.arovite.com\/eu\/wp-json\/wp\/v2\/types\/page"}],"author":[{"embeddable":true,"href":"https:\/\/www.arovite.com\/eu\/wp-json\/wp\/v2\/users\/1"}],"replies":[{"embeddable":true,"href":"https:\/\/www.arovite.com\/eu\/wp-json\/wp\/v2\/comments?post=6816"}],"version-history":[{"count":0,"href":"https:\/\/www.arovite.com\/eu\/wp-json\/wp\/v2\/pages\/6816\/revisions"}],"wp:attachment":[{"href":"https:\/\/www.arovite.com\/eu\/wp-json\/wp\/v2\/media?parent=6816"}],"curies":[{"name":"wp","href":"https:\/\/api.w.org\/{rel}","templated":true}]}}

BERMÚDEZ DE CASTRO, Juanjo (2015)

<div class="wpb-content-wrapper"><p>[vc_row][vc_column width=&#8221;1/1&#8243;][vc_column_text][vc_empty_space height=&#8221;20&#8243;]<br />
<strong>Referencia bibliográfica</strong><br />
BERMÚDEZ DE CASTRO, Juanjo (2015): «Re-escritura discursiva del terrorismo a través del cine español contemporáneo: <em>Ocho Apellidos Vascos</em> (2014) y <em>La Revolución de los Ángeles</em> (2014)», <em>Studia Romanica Posnaniensia</em>, vol. XLII, nº 2, pp. 127-136.</p>
<p><a class="button blue medium "href="http://pressto.amu.edu.pl/index.php/srp/article/view/3738/3775" target="_blank">Consultar PDF</a>[vc_empty_space height=&#8221;10&#8243;]<br />
<strong>Abstract</strong><br />
The year 2014 saw the release of two films on the topic of terrorism from a perspective not yet adopted in Spanish fictional works: the comedy <em>Ocho apellidos vascos</em>, by Emilio Martínez-Lázaro, and <em>La revolución de los ángeles</em>, the social drama depicting the terrorist as a social activist, by Javier Silvestre, Oriol Clavell and Marc Barbena. This article explores the ways in which both approaches move away from more traditional forms of representing terrorism, such as the thriller or the emotional tribute to the victims, and to what extent the success of both films is a result of their unique perspectives on the question of terrorism.<br />
[vc_empty_space height=&#8221;10&#8243;]<br />
<strong>Autor</strong><br />
Juanjo Bermúdez de Castro. <a title="Dialnet" href="https://dialnet.unirioja.es/servlet/autor?codigo=3164534" target="_blank">Página del autor en Dialnet.</a><br />
[vc_empty_space height=&#8221;10&#8243;]<br />
<strong>Tipo de documento</strong><br />
Artículo<br />
[vc_empty_space height=&#8221;10&#8243;]<br />
[/vc_column_text][/vc_column][/vc_row]</p>
</div>

<p>[vc_row][vc_column width=&#8221;1/1&#8243;][vc_column_text][vc_empty_space height=&#8221;20&#8243;] Referencia bibliográfica BERMÚDEZ DE CASTRO, Juanjo (2015): «Re-escritura discursiva del terrorismo a través del cine español contemporáneo: Ocho Apellidos Vascos (2014) y La Revolución de los Ángeles&hellip;</p>
