{"id":5962,"date":"2016-01-20T17:09:32","date_gmt":"2016-01-20T17:09:32","guid":{"rendered":"http:\/\/www.arovite.com\/?page_id=5962"},"modified":"2016-01-20T17:09:32","modified_gmt":"2016-01-20T17:09:32","slug":"dupla-antonio-2010-3","status":"publish","type":"page","link":"https:\/\/www.arovite.com\/eu\/dupla-antonio-2010-3\/","title":{"rendered":"DUPL\u00c1, Antonio (2010)"},"content":{"rendered":"<div class=\"wpb-content-wrapper\"><p>[vc_row][vc_column width=&#8221;1\/1&#8243;][vc_column_text][vc_empty_space height=&#8221;20&#8243;]<br \/>\n<strong>Referencia bibliogr\u00e1fica<\/strong><br \/>\nDUPL\u00c1, Antonio (2010): \u00abEl descubrimiento de las v\u00edctimas. Razones de un cambio personal y pol\u00edtico\u00bb, en <em>II Encuentro sobre memoria y v\u00edctimas del terrorismo. Del estalinismo al espejismo revolucionario<\/em>. Bilbao: Bakeaz, Fundaci\u00f3n Fernando Buesa y Aula de \u00c9tica de la Universidad de Deusto.<\/p>\n<p><a class=\"button blue  medium \" href=\"http:\/\/www.arovite.com\/documentos\/2010_Dupla.pdf\" target=\"_blank\">Consultar PDF<\/a>[vc_empty_space height=&#8221;10&#8243;]<br \/>\n<strong>Resumen<\/strong><br \/>\nEn esta ponencia se aportan elementos de reflexi\u00f3n para intentar explicar c\u00f3mo un sector de la sociedad vasca, autosituado en el mundo de la izquierda radical y consecuente, ha tardado tanto en descubrir a las v\u00edctimas del terrorismo y c\u00f3mo parte del mismo todav\u00eda hoy encuentra razones para no implicarse en una solidaridad activa con las mismas. En particular esta reflexi\u00f3n se apoya en una experiencia militante personal en la llamada extrema izquierda de los a\u00f1os setenta, en el MC, luego EMK y ahora Zutik. Se apuntan algunos elementos pol\u00edticos e ideol\u00f3gicos problem\u00e1ticos que aquejaban a esa extrema izquierda desde el franquismo, se pone en relaci\u00f3n la violencia terrorista con la particular conflictividad pol\u00edtica y social de Euskadi y se recogen algunos debates recientes en torno a la solidaridad con las v\u00edctimas. Se concluye reivindicando una acercamiento a la realidad social m\u00e1s realista y pragm\u00e1tico. En \u00faltima instancia, m\u00e1s pol\u00edtica y menos \u00e9pica.<br \/>\n[vc_empty_space height=&#8221;10&#8243;]<br \/>\n<strong>Autor<\/strong><br \/>\nAntonio Dupl\u00e1. <a title=\"Dialnet\" href=\"http:\/\/dialnet.unirioja.es\/servlet\/autor?codigo=93383\" target=\"_blank\">P\u00e1gina del autor en Dialnet.<\/a><br \/>\n[vc_empty_space height=&#8221;10&#8243;]<br \/>\n<strong>Tipo de documento<\/strong><br \/>\nPonencia<br \/>\n[vc_empty_space height=&#8221;10&#8243;]<br \/>\n<a title=\"Enlace alternativo\" href=\"http:\/\/www.bideo.info\/buesa\/pdf\/dupla.pdf\" target=\"_blank\"><strong>Enlace alternativo.<\/strong><\/a><br \/>\n[vc_empty_space height=&#8221;10&#8243;][\/vc_column_text][\/vc_column][\/vc_row]<\/p>\n<\/div>","protected":false},"excerpt":{"rendered":"<p>[vc_row][vc_column width=&#8221;1\/1&#8243;][vc_column_text][vc_empty_space height=&#8221;20&#8243;] Referencia bibliogr\u00e1fica DUPL\u00c1, Antonio (2010): \u00abEl descubrimiento de las v\u00edctimas. Razones de un cambio personal y pol\u00edtico\u00bb, en II Encuentro sobre memoria y v\u00edctimas del terrorismo. Del&hellip;<\/p>\n","protected":false},"author":2,"featured_media":0,"parent":0,"menu_order":0,"comment_status":"open","ping_status":"open","template":"","meta":{"om_disable_all_campaigns":false,"_monsterinsights_skip_tracking":false,"_monsterinsights_sitenote_active":false,"_monsterinsights_sitenote_note":"","_monsterinsights_sitenote_category":0,"_uf_show_specific_survey":0,"_uf_disable_surveys":false,"_vp_format_video_url":"","_vp_image_focal_point":[],"_vp_custom_popup_image":0,"_vp_format_audio_url":"","_vp_custom_thumbnail":0,"_vp_custom_thumbnail_focal_point":[],"_vp_hover_thumbnail":0,"_vp_hover_thumbnail_focal_point":[],"footnotes":""},"class_list":["post-5962","page","type-page","status-publish","hentry"],"aioseo_notices":[],"_links":{"self":[{"href":"https:\/\/www.arovite.com\/eu\/wp-json\/wp\/v2\/pages\/5962","targetHints":{"allow":["GET"]}}],"collection":[{"href":"https:\/\/www.arovite.com\/eu\/wp-json\/wp\/v2\/pages"}],"about":[{"href":"https:\/\/www.arovite.com\/eu\/wp-json\/wp\/v2\/types\/page"}],"author":[{"embeddable":true,"href":"https:\/\/www.arovite.com\/eu\/wp-json\/wp\/v2\/users\/2"}],"replies":[{"embeddable":true,"href":"https:\/\/www.arovite.com\/eu\/wp-json\/wp\/v2\/comments?post=5962"}],"version-history":[{"count":1,"href":"https:\/\/www.arovite.com\/eu\/wp-json\/wp\/v2\/pages\/5962\/revisions"}],"predecessor-version":[{"id":6043,"href":"https:\/\/www.arovite.com\/eu\/wp-json\/wp\/v2\/pages\/5962\/revisions\/6043"}],"wp:attachment":[{"href":"https:\/\/www.arovite.com\/eu\/wp-json\/wp\/v2\/media?parent=5962"}],"curies":[{"name":"wp","href":"https:\/\/api.w.org\/{rel}","templated":true}]}}

DUPLÁ, Antonio (2010)

<div class="wpb-content-wrapper"><p>[vc_row][vc_column width=&#8221;1/1&#8243;][vc_column_text][vc_empty_space height=&#8221;20&#8243;]<br />
<strong>Referencia bibliográfica</strong><br />
DUPLÁ, Antonio (2010): «El descubrimiento de las víctimas. Razones de un cambio personal y político», en <em>II Encuentro sobre memoria y víctimas del terrorismo. Del estalinismo al espejismo revolucionario</em>. Bilbao: Bakeaz, Fundación Fernando Buesa y Aula de Ética de la Universidad de Deusto.</p>
<p><a class="button blue  medium " href="http://www.arovite.com/documentos/2010_Dupla.pdf" target="_blank">Consultar PDF</a>[vc_empty_space height=&#8221;10&#8243;]<br />
<strong>Resumen</strong><br />
En esta ponencia se aportan elementos de reflexión para intentar explicar cómo un sector de la sociedad vasca, autosituado en el mundo de la izquierda radical y consecuente, ha tardado tanto en descubrir a las víctimas del terrorismo y cómo parte del mismo todavía hoy encuentra razones para no implicarse en una solidaridad activa con las mismas. En particular esta reflexión se apoya en una experiencia militante personal en la llamada extrema izquierda de los años setenta, en el MC, luego EMK y ahora Zutik. Se apuntan algunos elementos políticos e ideológicos problemáticos que aquejaban a esa extrema izquierda desde el franquismo, se pone en relación la violencia terrorista con la particular conflictividad política y social de Euskadi y se recogen algunos debates recientes en torno a la solidaridad con las víctimas. Se concluye reivindicando una acercamiento a la realidad social más realista y pragmático. En última instancia, más política y menos épica.<br />
[vc_empty_space height=&#8221;10&#8243;]<br />
<strong>Autor</strong><br />
Antonio Duplá. <a title="Dialnet" href="http://dialnet.unirioja.es/servlet/autor?codigo=93383" target="_blank">Página del autor en Dialnet.</a><br />
[vc_empty_space height=&#8221;10&#8243;]<br />
<strong>Tipo de documento</strong><br />
Ponencia<br />
[vc_empty_space height=&#8221;10&#8243;]<br />
<a title="Enlace alternativo" href="http://www.bideo.info/buesa/pdf/dupla.pdf" target="_blank"><strong>Enlace alternativo.</strong></a><br />
[vc_empty_space height=&#8221;10&#8243;][/vc_column_text][/vc_column][/vc_row]</p>
</div>

<p>[vc_row][vc_column width=&#8221;1/1&#8243;][vc_column_text][vc_empty_space height=&#8221;20&#8243;] Referencia bibliográfica DUPLÁ, Antonio (2010): «El descubrimiento de las víctimas. Razones de un cambio personal y político», en II Encuentro sobre memoria y víctimas del terrorismo. Del&hellip;</p>
