{"id":5954,"date":"2016-01-20T16:50:21","date_gmt":"2016-01-20T16:50:21","guid":{"rendered":"http:\/\/www.arovite.com\/?page_id=5954"},"modified":"2016-01-20T16:50:21","modified_gmt":"2016-01-20T16:50:21","slug":"dominguez-florencio-2012-3","status":"publish","type":"page","link":"https:\/\/www.arovite.com\/eu\/dominguez-florencio-2012-3\/","title":{"rendered":"DOM\u00cdNGUEZ, Florencio (2012)"},"content":{"rendered":"<div class=\"wpb-content-wrapper\"><p>[vc_row][vc_column width=&#8221;1\/1&#8243;][vc_column_text][vc_empty_space height=&#8221;20&#8243;]<br \/>\n<strong>Referencia bibliogr\u00e1fica<\/strong><br \/>\nDOM\u00cdNGUEZ, Florencio (2012): \u00abLuces y sombras del \u201ccese definitivo\u201d del terrorismo de ETA\u00bb, <em>Cuadernos de Pensamiento Pol\u00edtico FAES<\/em>, n\u00ba 34, pp. 123-138.<\/p>\n<p><a class=\"button blue  medium \" href=\"http:\/\/www.fundacionfaes.org\/file_upload\/publication\/pdf\/20130423223058luces-y-sombras-del-cese-definitivo-del-terrorismo-de-eta.pdf\" target=\"_blank\">Consultar PDF<\/a>[vc_empty_space height=&#8221;10&#8243;]<br \/>\n<strong>Resumen<\/strong><br \/>\nDos a\u00f1os y dos meses despu\u00e9s de cometer su \u00faltimo atentado en territorio espa\u00f1ol, ETA anunci\u00f3 el \u201ccese definitivo\u201d del terrorismo. Lo hizo mediante una escueta declaraci\u00f3n difundida el 20 de octubre de 2011. Cuando se public\u00f3 ese anuncio, ETA estaba a punto de cumplir 53 a\u00f1os de existencia, en los cuales se ha cobrado la vida de 858 personas.<br \/>\n[vc_empty_space height=&#8221;10&#8243;]<br \/>\n<strong>Autor<\/strong><br \/>\nFlorencio Dom\u00ednguez Iribarren. <a title=\"Dialnet\" href=\"http:\/\/dialnet.unirioja.es\/servlet\/autor?codigo=1111029\" target=\"_blank\">P\u00e1gina del autor en Dialnet.<\/a><br \/>\n[vc_empty_space height=&#8221;10&#8243;]<br \/>\n<strong>Tipo de documento<\/strong><br \/>\nArt\u00edculo<br \/>\n[vc_empty_space height=&#8221;10&#8243;]<br \/>\n<a title=\"Enlace alternativo\" href=\"http:\/\/dialnet.unirioja.es\/servlet\/articulo?codigo=4589415\" target=\"_blank\"><strong>Enlace alternativo.<\/strong><\/a><br \/>\n[vc_empty_space height=&#8221;10&#8243;][\/vc_column_text][\/vc_column][\/vc_row]<\/p>\n<\/div>","protected":false},"excerpt":{"rendered":"<p>[vc_row][vc_column width=&#8221;1\/1&#8243;][vc_column_text][vc_empty_space height=&#8221;20&#8243;] Referencia bibliogr\u00e1fica DOM\u00cdNGUEZ, Florencio (2012): \u00abLuces y sombras del \u201ccese definitivo\u201d del terrorismo de ETA\u00bb, Cuadernos de Pensamiento Pol\u00edtico FAES, n\u00ba 34, pp. 123-138. Consultar PDF[vc_empty_space height=&#8221;10&#8243;]&hellip;<\/p>\n","protected":false},"author":2,"featured_media":0,"parent":0,"menu_order":0,"comment_status":"open","ping_status":"open","template":"","meta":{"om_disable_all_campaigns":false,"_monsterinsights_skip_tracking":false,"_monsterinsights_sitenote_active":false,"_monsterinsights_sitenote_note":"","_monsterinsights_sitenote_category":0,"_uf_show_specific_survey":0,"_uf_disable_surveys":false,"_vp_format_video_url":"","_vp_image_focal_point":[],"_vp_custom_popup_image":0,"_vp_format_audio_url":"","_vp_custom_thumbnail":0,"_vp_custom_thumbnail_focal_point":[],"_vp_hover_thumbnail":0,"_vp_hover_thumbnail_focal_point":[],"footnotes":""},"class_list":["post-5954","page","type-page","status-publish","hentry"],"aioseo_notices":[],"_links":{"self":[{"href":"https:\/\/www.arovite.com\/eu\/wp-json\/wp\/v2\/pages\/5954","targetHints":{"allow":["GET"]}}],"collection":[{"href":"https:\/\/www.arovite.com\/eu\/wp-json\/wp\/v2\/pages"}],"about":[{"href":"https:\/\/www.arovite.com\/eu\/wp-json\/wp\/v2\/types\/page"}],"author":[{"embeddable":true,"href":"https:\/\/www.arovite.com\/eu\/wp-json\/wp\/v2\/users\/2"}],"replies":[{"embeddable":true,"href":"https:\/\/www.arovite.com\/eu\/wp-json\/wp\/v2\/comments?post=5954"}],"version-history":[{"count":1,"href":"https:\/\/www.arovite.com\/eu\/wp-json\/wp\/v2\/pages\/5954\/revisions"}],"predecessor-version":[{"id":6035,"href":"https:\/\/www.arovite.com\/eu\/wp-json\/wp\/v2\/pages\/5954\/revisions\/6035"}],"wp:attachment":[{"href":"https:\/\/www.arovite.com\/eu\/wp-json\/wp\/v2\/media?parent=5954"}],"curies":[{"name":"wp","href":"https:\/\/api.w.org\/{rel}","templated":true}]}}

DOMÍNGUEZ, Florencio (2012)

<div class="wpb-content-wrapper"><p>[vc_row][vc_column width=&#8221;1/1&#8243;][vc_column_text][vc_empty_space height=&#8221;20&#8243;]<br />
<strong>Referencia bibliográfica</strong><br />
DOMÍNGUEZ, Florencio (2012): «Luces y sombras del “cese definitivo” del terrorismo de ETA», <em>Cuadernos de Pensamiento Político FAES</em>, nº 34, pp. 123-138.</p>
<p><a class="button blue  medium " href="http://www.fundacionfaes.org/file_upload/publication/pdf/20130423223058luces-y-sombras-del-cese-definitivo-del-terrorismo-de-eta.pdf" target="_blank">Consultar PDF</a>[vc_empty_space height=&#8221;10&#8243;]<br />
<strong>Resumen</strong><br />
Dos años y dos meses después de cometer su último atentado en territorio español, ETA anunció el “cese definitivo” del terrorismo. Lo hizo mediante una escueta declaración difundida el 20 de octubre de 2011. Cuando se publicó ese anuncio, ETA estaba a punto de cumplir 53 años de existencia, en los cuales se ha cobrado la vida de 858 personas.<br />
[vc_empty_space height=&#8221;10&#8243;]<br />
<strong>Autor</strong><br />
Florencio Domínguez Iribarren. <a title="Dialnet" href="http://dialnet.unirioja.es/servlet/autor?codigo=1111029" target="_blank">Página del autor en Dialnet.</a><br />
[vc_empty_space height=&#8221;10&#8243;]<br />
<strong>Tipo de documento</strong><br />
Artículo<br />
[vc_empty_space height=&#8221;10&#8243;]<br />
<a title="Enlace alternativo" href="http://dialnet.unirioja.es/servlet/articulo?codigo=4589415" target="_blank"><strong>Enlace alternativo.</strong></a><br />
[vc_empty_space height=&#8221;10&#8243;][/vc_column_text][/vc_column][/vc_row]</p>
</div>

<p>[vc_row][vc_column width=&#8221;1/1&#8243;][vc_column_text][vc_empty_space height=&#8221;20&#8243;] Referencia bibliográfica DOMÍNGUEZ, Florencio (2012): «Luces y sombras del “cese definitivo” del terrorismo de ETA», Cuadernos de Pensamiento Político FAES, nº 34, pp. 123-138. Consultar PDF[vc_empty_space height=&#8221;10&#8243;]&hellip;</p>
