{"id":5944,"date":"2016-01-20T16:46:16","date_gmt":"2016-01-20T16:46:16","guid":{"rendered":"http:\/\/www.arovite.com\/?page_id=5944"},"modified":"2016-01-20T16:46:16","modified_gmt":"2016-01-20T16:46:16","slug":"diputacion-foral-de-gipuzkoa-2012-3","status":"publish","type":"page","link":"https:\/\/www.arovite.com\/eu\/diputacion-foral-de-gipuzkoa-2012-3\/","title":{"rendered":"DIPUTACI\u00d3N FORAL DE GIPUZKOA (2012)"},"content":{"rendered":"<div class=\"wpb-content-wrapper\"><p>[vc_row][vc_column width=&#8221;1\/1&#8243;][vc_column_text][vc_empty_space height=&#8221;20&#8243;]<br \/>\n<strong>Referencia bibliogr\u00e1fica<\/strong><br \/>\nDIPUTACI\u00d3N FORAL DE GIPUZKOA (2012): <em>Plan de Derechos Humanos, recuperaci\u00f3n de la memoria y convivencia de la Diputaci\u00f3n Foral de Gipuzkoa, 2012-2015<\/em>. Diputaci\u00f3n Foral de Gipuzkoa.<\/p>\n<p><a class=\"button blue  medium \" href=\"http:\/\/www.arovite.com\/documentos\/2012_DFG_Plan_DDHH.pdf\" target=\"_blank\">Consultar PDF<\/a>[vc_empty_space height=&#8221;10&#8243;]<br \/>\n<strong>Resumen<\/strong><br \/>\nLos traum\u00e1ticos golpes de las diferentes violencias han afectado a la sociedad vasca y de Gipuzkoa durante largas d\u00e9cadas, rompiendo las relaciones personales y abriendo grandes abismos en la relaci\u00f3n y comunicaci\u00f3n entre los distintos grupos sociales. Como separados por un gran muro los grupos enfrentados s\u00f3lo han sido receptivos a su propia realidad y sufrimiento, sin reparar en los de las &#8220;otras&#8221; personas y, en ocasiones, despreciando el dolor ajeno. En situaciones como \u00e9sta, m\u00e1s que nunca, resulta obligado trabajar para poder situar el derecho a la vida en un lugar prominente y defender el respeto a los derechos humanos como la pauta para la convivencia diaria. El modelo de desarrollo humano se basa en las personas, \u00e9stas ocupan el lugar central y deben ser libres para realizar sus elecciones y acordar las decisiones que afectar\u00e1n a sus vidas. En este sentido los derechos humanos y la libertad de las personas son cuestiones inseparables y complementarias.<br \/>\n[vc_empty_space height=&#8221;10&#8243;]<br \/>\n<strong>Tipo de documento<\/strong><br \/>\nInforme<br \/>\n[vc_empty_space height=&#8221;10&#8243;]<br \/>\n<a title=\"Enlace alternativo\" href=\"http:\/\/w390w.gipuzkoa.net\/WAS\/CORP\/DPDOficinaPrensaDigitalWEB\/descarga.do?psV6jz2Utdc\/g\/5ZL0Tl10\/o0ctvZZ2FJo94gB+VqtVu\/VBvRWAc+g==\" target=\"_blank\"><strong>Enlace alternativo.<\/strong><\/a><br \/>\n[vc_empty_space height=&#8221;10&#8243;][\/vc_column_text][\/vc_column][\/vc_row]<\/p>\n<\/div>","protected":false},"excerpt":{"rendered":"<p>[vc_row][vc_column width=&#8221;1\/1&#8243;][vc_column_text][vc_empty_space height=&#8221;20&#8243;] Referencia bibliogr\u00e1fica DIPUTACI\u00d3N FORAL DE GIPUZKOA (2012): Plan de Derechos Humanos, recuperaci\u00f3n de la memoria y convivencia de la Diputaci\u00f3n Foral de Gipuzkoa, 2012-2015. Diputaci\u00f3n Foral de&hellip;<\/p>\n","protected":false},"author":2,"featured_media":0,"parent":0,"menu_order":0,"comment_status":"open","ping_status":"open","template":"","meta":{"om_disable_all_campaigns":false,"_monsterinsights_skip_tracking":false,"_monsterinsights_sitenote_active":false,"_monsterinsights_sitenote_note":"","_monsterinsights_sitenote_category":0,"_uf_show_specific_survey":0,"_uf_disable_surveys":false,"_vp_format_video_url":"","_vp_image_focal_point":[],"_vp_custom_popup_image":0,"_vp_format_audio_url":"","_vp_custom_thumbnail":0,"_vp_custom_thumbnail_focal_point":[],"_vp_hover_thumbnail":0,"_vp_hover_thumbnail_focal_point":[],"footnotes":""},"class_list":["post-5944","page","type-page","status-publish","hentry"],"aioseo_notices":[],"_links":{"self":[{"href":"https:\/\/www.arovite.com\/eu\/wp-json\/wp\/v2\/pages\/5944","targetHints":{"allow":["GET"]}}],"collection":[{"href":"https:\/\/www.arovite.com\/eu\/wp-json\/wp\/v2\/pages"}],"about":[{"href":"https:\/\/www.arovite.com\/eu\/wp-json\/wp\/v2\/types\/page"}],"author":[{"embeddable":true,"href":"https:\/\/www.arovite.com\/eu\/wp-json\/wp\/v2\/users\/2"}],"replies":[{"embeddable":true,"href":"https:\/\/www.arovite.com\/eu\/wp-json\/wp\/v2\/comments?post=5944"}],"version-history":[{"count":1,"href":"https:\/\/www.arovite.com\/eu\/wp-json\/wp\/v2\/pages\/5944\/revisions"}],"predecessor-version":[{"id":6019,"href":"https:\/\/www.arovite.com\/eu\/wp-json\/wp\/v2\/pages\/5944\/revisions\/6019"}],"wp:attachment":[{"href":"https:\/\/www.arovite.com\/eu\/wp-json\/wp\/v2\/media?parent=5944"}],"curies":[{"name":"wp","href":"https:\/\/api.w.org\/{rel}","templated":true}]}}

DIPUTACIÓN FORAL DE GIPUZKOA (2012)

<div class="wpb-content-wrapper"><p>[vc_row][vc_column width=&#8221;1/1&#8243;][vc_column_text][vc_empty_space height=&#8221;20&#8243;]<br />
<strong>Referencia bibliográfica</strong><br />
DIPUTACIÓN FORAL DE GIPUZKOA (2012): <em>Plan de Derechos Humanos, recuperación de la memoria y convivencia de la Diputación Foral de Gipuzkoa, 2012-2015</em>. Diputación Foral de Gipuzkoa.</p>
<p><a class="button blue  medium " href="http://www.arovite.com/documentos/2012_DFG_Plan_DDHH.pdf" target="_blank">Consultar PDF</a>[vc_empty_space height=&#8221;10&#8243;]<br />
<strong>Resumen</strong><br />
Los traumáticos golpes de las diferentes violencias han afectado a la sociedad vasca y de Gipuzkoa durante largas décadas, rompiendo las relaciones personales y abriendo grandes abismos en la relación y comunicación entre los distintos grupos sociales. Como separados por un gran muro los grupos enfrentados sólo han sido receptivos a su propia realidad y sufrimiento, sin reparar en los de las &#8220;otras&#8221; personas y, en ocasiones, despreciando el dolor ajeno. En situaciones como ésta, más que nunca, resulta obligado trabajar para poder situar el derecho a la vida en un lugar prominente y defender el respeto a los derechos humanos como la pauta para la convivencia diaria. El modelo de desarrollo humano se basa en las personas, éstas ocupan el lugar central y deben ser libres para realizar sus elecciones y acordar las decisiones que afectarán a sus vidas. En este sentido los derechos humanos y la libertad de las personas son cuestiones inseparables y complementarias.<br />
[vc_empty_space height=&#8221;10&#8243;]<br />
<strong>Tipo de documento</strong><br />
Informe<br />
[vc_empty_space height=&#8221;10&#8243;]<br />
<a title="Enlace alternativo" href="http://w390w.gipuzkoa.net/WAS/CORP/DPDOficinaPrensaDigitalWEB/descarga.do?psV6jz2Utdc/g/5ZL0Tl10/o0ctvZZ2FJo94gB+VqtVu/VBvRWAc+g==" target="_blank"><strong>Enlace alternativo.</strong></a><br />
[vc_empty_space height=&#8221;10&#8243;][/vc_column_text][/vc_column][/vc_row]</p>
</div>

<p>[vc_row][vc_column width=&#8221;1/1&#8243;][vc_column_text][vc_empty_space height=&#8221;20&#8243;] Referencia bibliográfica DIPUTACIÓN FORAL DE GIPUZKOA (2012): Plan de Derechos Humanos, recuperación de la memoria y convivencia de la Diputación Foral de Gipuzkoa, 2012-2015. Diputación Foral de&hellip;</p>
