{"id":5088,"date":"2015-12-02T22:15:52","date_gmt":"2015-12-02T22:15:52","guid":{"rendered":"http:\/\/www.arovite.com\/landa-jon-mirena-2009-2\/"},"modified":"2015-12-30T11:48:09","modified_gmt":"2015-12-30T11:48:09","slug":"landa-jon-mirena-2009","status":"publish","type":"page","link":"https:\/\/www.arovite.com\/eu\/landa-jon-mirena-2009\/","title":{"rendered":"LANDA, Jon Mirena (2009)"},"content":{"rendered":"<div class=\"wpb-content-wrapper\"><p>[vc_row][vc_column width=&#8221;1\/1&#8243;][vc_column_text][vc_empty_space height=&#8221;20&#8243;]<br \/>\n<strong>Referencia bibliogr\u00e1fica<\/strong><br \/>\nLANDA, Jon Mirena (2009): <em>Documentaci\u00f3n de la tortura en detenidos incomunicados en el Pa\u00eds Vasco desde el 2000 al 2008: abordaje cient\u00edfico<\/em>. Gobierno Vasco.<\/p>\n<p><a class=\"button blue  medium \" href=\"http:\/\/www.arovite.com\/documentos\/2009_Landa.pdf\" target=\"_blank\">Consultar PDF<\/a>[vc_empty_space height=&#8221;10&#8243;]<br \/>\n<strong>Resumen<\/strong><br \/>\nEn el mandato dirigido a la Direcci\u00f3n de Derechos Humanos del Gobierno Vasco se encarg\u00f3 la elaboraci\u00f3n \u201cde un informe exhaustivo y riguroso sobre la realidad de otras v\u00edctimas de vulneraciones de derechos humanos derivadas de la violencia de motivaci\u00f3n pol\u00edtica, con atenci\u00f3n especial a la identificaci\u00f3n de las v\u00edctimas y estudio de las medidas necesarias que den respuesta a su reconocimiento moral y reparaci\u00f3n\u201d. Fruto de ese mandato ha sido el primer informe global sobre estas violaciones de derechos humanos \u201cInforme sobre V\u00edctimas de Vulneraciones de Derechos Humanos derivadas de la Violencia de Motivaci\u00f3n Pol\u00edtica\u201d que fue presentado ante la Comisi\u00f3n de Derechos Humanos y Solicitudes Ciudadanas del Parlamento Vasco por esta Direcci\u00f3n el 24 de junio de 2008. En el mismo se observ\u00f3 la necesidad de dedicar un apartado especial a las denuncias de tortura ya que hasta el momento no ha habido ninguna investigaci\u00f3n institucional. El fen\u00f3meno de la tortura est\u00e1 sometido a versiones contradictorias. La postura oficial de las autoridades espa\u00f1olas ha sido negar su existencia. Por el contrario, desde diversas asociaciones se ha concluido que la tortura en los detenidos incomunicados es un problema con una prevalencia alta. Desde organismos internacionales oficiales se ha se\u00f1alado que \u201ces prematuro concluir que la tortura ha desaparecido en Espa\u00f1a\u201d o que \u201cla frecuencia de la tortura es m\u00e1s que espor\u00e1dica u ocasional<br \/>\n[vc_empty_space height=&#8221;10&#8243;]<br \/>\n<strong>Autor<\/strong><br \/>\nJon Mirena Landa. <a title=\"Dialnet\" href=\"http:\/\/dialnet.unirioja.es\/servlet\/autor?codigo=267428\" target=\"_blank\">P\u00e1gina del autor en Dialnet.<\/a><br \/>\n[vc_empty_space height=&#8221;10&#8243;]<br \/>\n<strong>Tipo de documento<\/strong><br \/>\nInforme<br \/>\n[vc_empty_space height=&#8221;10&#8243;]<br \/>\n<a title=\"Enlace alternativo\" href=\"http:\/\/www.lokarri.org\/files\/File\/PDF\/Dictamen%20tortura_cast.pdf\" target=\"_blank\"><strong>Enlace alternativo.<\/strong><\/a><br \/>\n[\/vc_column_text][\/vc_column][\/vc_row]<\/p>\n<\/div>","protected":false},"excerpt":{"rendered":"<p>[vc_row][vc_column width=&#8221;1\/1&#8243;][vc_column_text][vc_empty_space height=&#8221;20&#8243;] Referencia bibliogr\u00e1fica LANDA, Jon Mirena (2009): Documentaci\u00f3n de la tortura en detenidos incomunicados en el Pa\u00eds Vasco desde el 2000 al 2008: abordaje cient\u00edfico. Gobierno Vasco. Consultar&hellip;<\/p>\n","protected":false},"author":1,"featured_media":0,"parent":0,"menu_order":0,"comment_status":"open","ping_status":"open","template":"","meta":{"om_disable_all_campaigns":false,"_monsterinsights_skip_tracking":false,"_monsterinsights_sitenote_active":false,"_monsterinsights_sitenote_note":"","_monsterinsights_sitenote_category":0,"_uf_show_specific_survey":0,"_uf_disable_surveys":false,"_vp_format_video_url":"","_vp_image_focal_point":[],"_vp_custom_popup_image":0,"_vp_format_audio_url":"","_vp_custom_thumbnail":0,"_vp_custom_thumbnail_focal_point":[],"_vp_hover_thumbnail":0,"_vp_hover_thumbnail_focal_point":[],"footnotes":""},"class_list":["post-5088","page","type-page","status-publish","hentry"],"aioseo_notices":[],"_links":{"self":[{"href":"https:\/\/www.arovite.com\/eu\/wp-json\/wp\/v2\/pages\/5088","targetHints":{"allow":["GET"]}}],"collection":[{"href":"https:\/\/www.arovite.com\/eu\/wp-json\/wp\/v2\/pages"}],"about":[{"href":"https:\/\/www.arovite.com\/eu\/wp-json\/wp\/v2\/types\/page"}],"author":[{"embeddable":true,"href":"https:\/\/www.arovite.com\/eu\/wp-json\/wp\/v2\/users\/1"}],"replies":[{"embeddable":true,"href":"https:\/\/www.arovite.com\/eu\/wp-json\/wp\/v2\/comments?post=5088"}],"version-history":[{"count":2,"href":"https:\/\/www.arovite.com\/eu\/wp-json\/wp\/v2\/pages\/5088\/revisions"}],"predecessor-version":[{"id":5390,"href":"https:\/\/www.arovite.com\/eu\/wp-json\/wp\/v2\/pages\/5088\/revisions\/5390"}],"wp:attachment":[{"href":"https:\/\/www.arovite.com\/eu\/wp-json\/wp\/v2\/media?parent=5088"}],"curies":[{"name":"wp","href":"https:\/\/api.w.org\/{rel}","templated":true}]}}

<div class="wpb-content-wrapper"><p>[vc_row][vc_column width=&#8221;1/1&#8243;][vc_column_text][vc_empty_space height=&#8221;20&#8243;]<br />
<strong>Referencia bibliográfica</strong><br />
LANDA, Jon Mirena (2009): <em>Documentación de la tortura en detenidos incomunicados en el País Vasco desde el 2000 al 2008: abordaje científico</em>. Gobierno Vasco.</p>
<p><a class="button blue  medium " href="http://www.arovite.com/documentos/2009_Landa.pdf" target="_blank">Consultar PDF</a>[vc_empty_space height=&#8221;10&#8243;]<br />
<strong>Resumen</strong><br />
En el mandato dirigido a la Dirección de Derechos Humanos del Gobierno Vasco se encargó la elaboración “de un informe exhaustivo y riguroso sobre la realidad de otras víctimas de vulneraciones de derechos humanos derivadas de la violencia de motivación política, con atención especial a la identificación de las víctimas y estudio de las medidas necesarias que den respuesta a su reconocimiento moral y reparación”. Fruto de ese mandato ha sido el primer informe global sobre estas violaciones de derechos humanos “Informe sobre Víctimas de Vulneraciones de Derechos Humanos derivadas de la Violencia de Motivación Política” que fue presentado ante la Comisión de Derechos Humanos y Solicitudes Ciudadanas del Parlamento Vasco por esta Dirección el 24 de junio de 2008. En el mismo se observó la necesidad de dedicar un apartado especial a las denuncias de tortura ya que hasta el momento no ha habido ninguna investigación institucional. El fenómeno de la tortura está sometido a versiones contradictorias. La postura oficial de las autoridades españolas ha sido negar su existencia. Por el contrario, desde diversas asociaciones se ha concluido que la tortura en los detenidos incomunicados es un problema con una prevalencia alta. Desde organismos internacionales oficiales se ha señalado que “es prematuro concluir que la tortura ha desaparecido en España” o que “la frecuencia de la tortura es más que esporádica u ocasional<br />
[vc_empty_space height=&#8221;10&#8243;]<br />
<strong>Autor</strong><br />
Jon Mirena Landa. <a title="Dialnet" href="http://dialnet.unirioja.es/servlet/autor?codigo=267428" target="_blank">Página del autor en Dialnet.</a><br />
[vc_empty_space height=&#8221;10&#8243;]<br />
<strong>Tipo de documento</strong><br />
Informe<br />
[vc_empty_space height=&#8221;10&#8243;]<br />
<a title="Enlace alternativo" href="http://www.lokarri.org/files/File/PDF/Dictamen%20tortura_cast.pdf" target="_blank"><strong>Enlace alternativo.</strong></a><br />
[/vc_column_text][/vc_column][/vc_row]</p>
</div>

<p>[vc_row][vc_column width=&#8221;1/1&#8243;][vc_column_text][vc_empty_space height=&#8221;20&#8243;] Referencia bibliográfica LANDA, Jon Mirena (2009): Documentación de la tortura en detenidos incomunicados en el País Vasco desde el 2000 al 2008: abordaje científico. Gobierno Vasco. Consultar&hellip;</p>
