{"id":5001,"date":"2015-12-02T21:06:25","date_gmt":"2015-12-02T21:06:25","guid":{"rendered":"http:\/\/www.arovite.com\/leonisio-rafael-2013-2\/"},"modified":"2015-12-02T21:06:25","modified_gmt":"2015-12-02T21:06:25","slug":"leonisio-rafael-2013","status":"publish","type":"page","link":"https:\/\/www.arovite.com\/eu\/leonisio-rafael-2013\/","title":{"rendered":"LEONISIO, Rafael (2013)"},"content":{"rendered":"<div class=\"wpb-content-wrapper\"><p>[vc_row][vc_column width=&#8221;1\/1&#8243;][vc_column_text][vc_empty_space height=&#8221;20&#8243;]<br \/>\n<strong>Referencia bibliogr\u00e1fica<\/strong><br \/>\nLEONISIO, Rafael (2013): \u00abLas v\u00edctimas del terrorismo en el discurso de los partidos pol\u00edticos vascos: una aproximaci\u00f3n cuantitativa (1980-2011)\u00bb, <em>Revista de Estudios Pol\u00edticos<\/em>, n\u00ba 161, pp. 13-40.<\/p>\n<p><a class=\"button blue  medium \" href=\"http:\/\/www.cepc.gob.es\/publicaciones\/revistas\/revistaselectronicas?IDR=3&#038;IDN=1309&#038;IDA=36717\" target=\"_blank\">Consultar PDF<\/a>[vc_empty_space height=&#8221;10&#8243;]<br \/>\n<strong>Resumen<\/strong><br \/>\nSon muchas las voces que dicen que las v\u00edctimas del terrorismo de ETA fueron las grandes olvidadas de la democracia en Euskadi hasta que empezaron a movilizarse y a ganar terreno en la opini\u00f3n p\u00fablica a finales de los a\u00f1os 90. En este trabajo se pretende, mediante la metodolog\u00eda del an\u00e1lisis de contenido, cuantificar su presencia en el discurso pol\u00edtico vasco desde el inicio de la autonom\u00eda para comprobar si es cierto que, hasta el cambio de siglo, \u00e9stas fueron pr\u00e1cticamente invisibles para los partidos pol\u00edticos. Adem\u00e1s, en el texto tambi\u00e9n se comparar\u00e1 su presencia en el discurso con la de sus victimarios, tratando de estimar cu\u00e1l de los dos grupos (v\u00edctimas o terroristas) ha recibido m\u00e1s atenci\u00f3n por parte de las fuerzas pol\u00edticas vascas.<br \/>\n[vc_empty_space height=&#8221;10&#8243;]<br \/>\n<strong>Abstract<\/strong><br \/>\nMany voices say that the victims of ETA were completely forgotten in the Basque Country until they began to mobilize and gain ground in public opinion in the late 90s. This paper aims to quantify, through content analysis methodology, the presence of the victims in political discourse since the beginning of Basque autonomy, in order to check if it is true that until the turn of the century they were practically invisible to political parties. In addition, the text also compares its presence in discourse with their victimizers, trying to estimate which of the two groups (victims or terrorists) has received more attention from the Basque political forces.<br \/>\n[vc_empty_space height=&#8221;10&#8243;]<br \/>\n<strong>Autor<\/strong><br \/>\nRafael Leonisio. <a title=\"Dialnet\" href=\"http:\/\/dialnet.unirioja.es\/servlet\/autor?codigo=1234479\" target=\"_blank\">P\u00e1gina del autor en Dialnet.<\/a><br \/>\n[vc_empty_space height=&#8221;10&#8243;]<br \/>\n<strong>Tipo de documento<\/strong><br \/>\nArt\u00edculo<br \/>\n[vc_empty_space height=&#8221;10&#8243;]<br \/>\n<a title=\"Enlace alternativo\" href=\"http:\/\/dialnet.unirioja.es\/servlet\/articulo?codigo=4461335\" target=\"_blank\"><strong>Enlace alternativo.<\/strong><\/a><br \/>\n[\/vc_column_text][\/vc_column][\/vc_row]<\/p>\n<\/div>","protected":false},"excerpt":{"rendered":"<p>[vc_row][vc_column width=&#8221;1\/1&#8243;][vc_column_text][vc_empty_space height=&#8221;20&#8243;] Referencia bibliogr\u00e1fica LEONISIO, Rafael (2013): \u00abLas v\u00edctimas del terrorismo en el discurso de los partidos pol\u00edticos vascos: una aproximaci\u00f3n cuantitativa (1980-2011)\u00bb, Revista de Estudios Pol\u00edticos, n\u00ba 161,&hellip;<\/p>\n","protected":false},"author":1,"featured_media":0,"parent":0,"menu_order":0,"comment_status":"open","ping_status":"open","template":"","meta":{"om_disable_all_campaigns":false,"_monsterinsights_skip_tracking":false,"_monsterinsights_sitenote_active":false,"_monsterinsights_sitenote_note":"","_monsterinsights_sitenote_category":0,"_uf_show_specific_survey":0,"_uf_disable_surveys":false,"_vp_format_video_url":"","_vp_image_focal_point":[],"_vp_custom_popup_image":0,"_vp_format_audio_url":"","_vp_custom_thumbnail":0,"_vp_custom_thumbnail_focal_point":[],"_vp_hover_thumbnail":0,"_vp_hover_thumbnail_focal_point":[],"footnotes":""},"class_list":["post-5001","page","type-page","status-publish","hentry"],"aioseo_notices":[],"_links":{"self":[{"href":"https:\/\/www.arovite.com\/eu\/wp-json\/wp\/v2\/pages\/5001","targetHints":{"allow":["GET"]}}],"collection":[{"href":"https:\/\/www.arovite.com\/eu\/wp-json\/wp\/v2\/pages"}],"about":[{"href":"https:\/\/www.arovite.com\/eu\/wp-json\/wp\/v2\/types\/page"}],"author":[{"embeddable":true,"href":"https:\/\/www.arovite.com\/eu\/wp-json\/wp\/v2\/users\/1"}],"replies":[{"embeddable":true,"href":"https:\/\/www.arovite.com\/eu\/wp-json\/wp\/v2\/comments?post=5001"}],"version-history":[{"count":0,"href":"https:\/\/www.arovite.com\/eu\/wp-json\/wp\/v2\/pages\/5001\/revisions"}],"wp:attachment":[{"href":"https:\/\/www.arovite.com\/eu\/wp-json\/wp\/v2\/media?parent=5001"}],"curies":[{"name":"wp","href":"https:\/\/api.w.org\/{rel}","templated":true}]}}

<div class="wpb-content-wrapper"><p>[vc_row][vc_column width=&#8221;1/1&#8243;][vc_column_text][vc_empty_space height=&#8221;20&#8243;]<br />
<strong>Referencia bibliográfica</strong><br />
LEONISIO, Rafael (2013): «Las víctimas del terrorismo en el discurso de los partidos políticos vascos: una aproximación cuantitativa (1980-2011)», <em>Revista de Estudios Políticos</em>, nº 161, pp. 13-40.</p>
<p><a class="button blue  medium " href="http://www.cepc.gob.es/publicaciones/revistas/revistaselectronicas?IDR=3&#038;IDN=1309&#038;IDA=36717" target="_blank">Consultar PDF</a>[vc_empty_space height=&#8221;10&#8243;]<br />
<strong>Resumen</strong><br />
Son muchas las voces que dicen que las víctimas del terrorismo de ETA fueron las grandes olvidadas de la democracia en Euskadi hasta que empezaron a movilizarse y a ganar terreno en la opinión pública a finales de los años 90. En este trabajo se pretende, mediante la metodología del análisis de contenido, cuantificar su presencia en el discurso político vasco desde el inicio de la autonomía para comprobar si es cierto que, hasta el cambio de siglo, éstas fueron prácticamente invisibles para los partidos políticos. Además, en el texto también se comparará su presencia en el discurso con la de sus victimarios, tratando de estimar cuál de los dos grupos (víctimas o terroristas) ha recibido más atención por parte de las fuerzas políticas vascas.<br />
[vc_empty_space height=&#8221;10&#8243;]<br />
<strong>Abstract</strong><br />
Many voices say that the victims of ETA were completely forgotten in the Basque Country until they began to mobilize and gain ground in public opinion in the late 90s. This paper aims to quantify, through content analysis methodology, the presence of the victims in political discourse since the beginning of Basque autonomy, in order to check if it is true that until the turn of the century they were practically invisible to political parties. In addition, the text also compares its presence in discourse with their victimizers, trying to estimate which of the two groups (victims or terrorists) has received more attention from the Basque political forces.<br />
[vc_empty_space height=&#8221;10&#8243;]<br />
<strong>Autor</strong><br />
Rafael Leonisio. <a title="Dialnet" href="http://dialnet.unirioja.es/servlet/autor?codigo=1234479" target="_blank">Página del autor en Dialnet.</a><br />
[vc_empty_space height=&#8221;10&#8243;]<br />
<strong>Tipo de documento</strong><br />
Artículo<br />
[vc_empty_space height=&#8221;10&#8243;]<br />
<a title="Enlace alternativo" href="http://dialnet.unirioja.es/servlet/articulo?codigo=4461335" target="_blank"><strong>Enlace alternativo.</strong></a><br />
[/vc_column_text][/vc_column][/vc_row]</p>
</div>

<p>[vc_row][vc_column width=&#8221;1/1&#8243;][vc_column_text][vc_empty_space height=&#8221;20&#8243;] Referencia bibliográfica LEONISIO, Rafael (2013): «Las víctimas del terrorismo en el discurso de los partidos políticos vascos: una aproximación cuantitativa (1980-2011)», Revista de Estudios Políticos, nº 161,&hellip;</p>
