{"id":4970,"date":"2015-12-02T13:35:27","date_gmt":"2015-12-02T13:35:27","guid":{"rendered":"http:\/\/www.arovite.com\/llera-francisco-j-leonisio-rafael-garcia-jonatan-y-perez-sergio-2014-2\/"},"modified":"2015-12-02T13:36:28","modified_gmt":"2015-12-02T13:36:28","slug":"llera-francisco-j-leonisio-rafael-garcia-jonatan-y-perez-sergio-2014","status":"publish","type":"page","link":"https:\/\/www.arovite.com\/eu\/llera-francisco-j-leonisio-rafael-garcia-jonatan-y-perez-sergio-2014\/","title":{"rendered":"LLERA, Francisco J., LEONISIO, Rafael, GARC\u00cdA, Jonatan y P\u00c9REZ, Sergio (2014)"},"content":{"rendered":"<div class=\"wpb-content-wrapper\"><p>[vc_row][vc_column width=&#8221;1\/1&#8243;][vc_column_text][vc_empty_space height=&#8221;20&#8243;]<br \/>\n<strong>Referencia bibliogr\u00e1fica<\/strong><br \/>\nLLERA, Francisco J., LEONISIO, Rafael, GARC\u00cdA, Jonatan y P\u00c9REZ, Sergio (2014): \u00abLas elecciones auton\u00f3micas vascas de 2012. Alternancia en un nuevo ciclo pol\u00edtico\u00bb, <em>Sistema<\/em>, n\u00ba 236, pp. 3-25.<\/p>\n<p><a class=\"button blue  medium \" href=\"https:\/\/www.academia.edu\/9517379\/Las_elecciones_auton%C3%B3micas_vascas_de_2012._Alternancia_en_un_nuevo_ciclo_pol%C3%ADtico\" target=\"_blank\">Consultar PDF<\/a>[vc_empty_space height=&#8221;10&#8243;]<br \/>\n<strong>Resumen<\/strong><br \/>\nLas elecciones auton\u00f3micas vascas de 2012, las primeras celebradas tras el abandono de la violencia por parte de ETA, supusieron un vuelco pol\u00edtico debido a la gran subida de la izquierda abertzale y la vuelta a la clara hegemon\u00eda que los partidos nacionalistas hab\u00edan gozado en los a\u00f1os 80. Adem\u00e1s, fueron testigos de una in\u00e9dita reducci\u00f3n del n\u00famero de fuerzas pol\u00edticas. En este art\u00edculo se analiza si dichos cambios son debidos a razones coyunturales o si nos encontramos ante un cambio estructural en el panorama pol\u00edtico vasco caracterizado, hasta entonces, por el equilibrio entre bloques y el pluralismo polarizado en su sistema de partidos.<br \/>\n[vc_empty_space height=&#8221;10&#8243;]<br \/>\n<strong>Abstract<\/strong><br \/>\nThe Basque regional elections (first ones until ETA decided to put down weapons) became an electoral flip due to the great increase of the Basque patriotic left which supposed a return to the 80\u2019s political scenario when Basque nationalist parties were hegemonic. Besides, these elections gave a reduction of political parties seated in the regional Parliament. This article analyzes if those changes are due to timely reasons or whereas we are facing a structural change in Basque party system, which was characterized by bloc equilibrium and polarized pluralism.<br \/>\n[vc_empty_space height=&#8221;10&#8243;]<br \/>\n<strong>Autor<\/strong><br \/>\nFrancisco J. Llera. <a title=\"Dialnet\" href=\"http:\/\/dialnet.unirioja.es\/servlet\/autor?codigo=55650\" target=\"_blank\">P\u00e1gina del autor en Dialnet.<\/a><br \/>\nRafael Leonisio. <a title=\"Dialnet\" href=\"http:\/\/dialnet.unirioja.es\/servlet\/autor?codigo=1234479\" target=\"_blank\">P\u00e1gina del autor en Dialnet.<\/a><br \/>\nJonatan Garc\u00eda Rabad\u00e1n. <a title=\"Dialnet\" href=\"http:\/\/dialnet.unirioja.es\/servlet\/autor?codigo=2426004\" target=\"_blank\">P\u00e1gina del autor en Dialnet.<\/a><br \/>\nSergio P\u00e9rez Casta\u00f1os. <a title=\"Dialnet\" href=\"http:\/\/dialnet.unirioja.es\/servlet\/autor?codigo=3058242\" target=\"_blank\">P\u00e1gina del autor en Dialnet.<\/a><br \/>\n[vc_empty_space height=&#8221;10&#8243;]<br \/>\n<strong>Tipo de documento<\/strong><br \/>\nArt\u00edculo<br \/>\n[vc_empty_space height=&#8221;10&#8243;]<br \/>\n[\/vc_column_text][\/vc_column][\/vc_row]<\/p>\n<\/div>","protected":false},"excerpt":{"rendered":"<p>[vc_row][vc_column width=&#8221;1\/1&#8243;][vc_column_text][vc_empty_space height=&#8221;20&#8243;] Referencia bibliogr\u00e1fica LLERA, Francisco J., LEONISIO, Rafael, GARC\u00cdA, Jonatan y P\u00c9REZ, Sergio (2014): \u00abLas elecciones auton\u00f3micas vascas de 2012. Alternancia en un nuevo ciclo pol\u00edtico\u00bb, Sistema, n\u00ba&hellip;<\/p>\n","protected":false},"author":1,"featured_media":0,"parent":0,"menu_order":0,"comment_status":"open","ping_status":"open","template":"","meta":{"om_disable_all_campaigns":false,"_monsterinsights_skip_tracking":false,"_monsterinsights_sitenote_active":false,"_monsterinsights_sitenote_note":"","_monsterinsights_sitenote_category":0,"_uf_show_specific_survey":0,"_uf_disable_surveys":false,"_vp_format_video_url":"","_vp_image_focal_point":[],"_vp_custom_popup_image":0,"_vp_format_audio_url":"","_vp_custom_thumbnail":0,"_vp_custom_thumbnail_focal_point":[],"_vp_hover_thumbnail":0,"_vp_hover_thumbnail_focal_point":[],"footnotes":""},"class_list":["post-4970","page","type-page","status-publish","hentry"],"aioseo_notices":[],"_links":{"self":[{"href":"https:\/\/www.arovite.com\/eu\/wp-json\/wp\/v2\/pages\/4970","targetHints":{"allow":["GET"]}}],"collection":[{"href":"https:\/\/www.arovite.com\/eu\/wp-json\/wp\/v2\/pages"}],"about":[{"href":"https:\/\/www.arovite.com\/eu\/wp-json\/wp\/v2\/types\/page"}],"author":[{"embeddable":true,"href":"https:\/\/www.arovite.com\/eu\/wp-json\/wp\/v2\/users\/1"}],"replies":[{"embeddable":true,"href":"https:\/\/www.arovite.com\/eu\/wp-json\/wp\/v2\/comments?post=4970"}],"version-history":[{"count":1,"href":"https:\/\/www.arovite.com\/eu\/wp-json\/wp\/v2\/pages\/4970\/revisions"}],"predecessor-version":[{"id":4973,"href":"https:\/\/www.arovite.com\/eu\/wp-json\/wp\/v2\/pages\/4970\/revisions\/4973"}],"wp:attachment":[{"href":"https:\/\/www.arovite.com\/eu\/wp-json\/wp\/v2\/media?parent=4970"}],"curies":[{"name":"wp","href":"https:\/\/api.w.org\/{rel}","templated":true}]}}

LLERA, Francisco J., LEONISIO, Rafael, GARCÍA, Jonatan y PÉREZ, Sergio (2014)

<div class="wpb-content-wrapper"><p>[vc_row][vc_column width=&#8221;1/1&#8243;][vc_column_text][vc_empty_space height=&#8221;20&#8243;]<br />
<strong>Referencia bibliográfica</strong><br />
LLERA, Francisco J., LEONISIO, Rafael, GARCÍA, Jonatan y PÉREZ, Sergio (2014): «Las elecciones autonómicas vascas de 2012. Alternancia en un nuevo ciclo político», <em>Sistema</em>, nº 236, pp. 3-25.</p>
<p><a class="button blue  medium " href="https://www.academia.edu/9517379/Las_elecciones_auton%C3%B3micas_vascas_de_2012._Alternancia_en_un_nuevo_ciclo_pol%C3%ADtico" target="_blank">Consultar PDF</a>[vc_empty_space height=&#8221;10&#8243;]<br />
<strong>Resumen</strong><br />
Las elecciones autonómicas vascas de 2012, las primeras celebradas tras el abandono de la violencia por parte de ETA, supusieron un vuelco político debido a la gran subida de la izquierda abertzale y la vuelta a la clara hegemonía que los partidos nacionalistas habían gozado en los años 80. Además, fueron testigos de una inédita reducción del número de fuerzas políticas. En este artículo se analiza si dichos cambios son debidos a razones coyunturales o si nos encontramos ante un cambio estructural en el panorama político vasco caracterizado, hasta entonces, por el equilibrio entre bloques y el pluralismo polarizado en su sistema de partidos.<br />
[vc_empty_space height=&#8221;10&#8243;]<br />
<strong>Abstract</strong><br />
The Basque regional elections (first ones until ETA decided to put down weapons) became an electoral flip due to the great increase of the Basque patriotic left which supposed a return to the 80’s political scenario when Basque nationalist parties were hegemonic. Besides, these elections gave a reduction of political parties seated in the regional Parliament. This article analyzes if those changes are due to timely reasons or whereas we are facing a structural change in Basque party system, which was characterized by bloc equilibrium and polarized pluralism.<br />
[vc_empty_space height=&#8221;10&#8243;]<br />
<strong>Autor</strong><br />
Francisco J. Llera. <a title="Dialnet" href="http://dialnet.unirioja.es/servlet/autor?codigo=55650" target="_blank">Página del autor en Dialnet.</a><br />
Rafael Leonisio. <a title="Dialnet" href="http://dialnet.unirioja.es/servlet/autor?codigo=1234479" target="_blank">Página del autor en Dialnet.</a><br />
Jonatan García Rabadán. <a title="Dialnet" href="http://dialnet.unirioja.es/servlet/autor?codigo=2426004" target="_blank">Página del autor en Dialnet.</a><br />
Sergio Pérez Castaños. <a title="Dialnet" href="http://dialnet.unirioja.es/servlet/autor?codigo=3058242" target="_blank">Página del autor en Dialnet.</a><br />
[vc_empty_space height=&#8221;10&#8243;]<br />
<strong>Tipo de documento</strong><br />
Artículo<br />
[vc_empty_space height=&#8221;10&#8243;]<br />
[/vc_column_text][/vc_column][/vc_row]</p>
</div>

<p>[vc_row][vc_column width=&#8221;1/1&#8243;][vc_column_text][vc_empty_space height=&#8221;20&#8243;] Referencia bibliográfica LLERA, Francisco J., LEONISIO, Rafael, GARCÍA, Jonatan y PÉREZ, Sergio (2014): «Las elecciones autonómicas vascas de 2012. Alternancia en un nuevo ciclo político», Sistema, nº&hellip;</p>
