{"id":4785,"date":"2015-12-02T09:01:23","date_gmt":"2015-12-02T09:01:23","guid":{"rendered":"http:\/\/www.arovite.com\/montano-montero-luisa-2014-2\/"},"modified":"2015-12-02T09:01:23","modified_gmt":"2015-12-02T09:01:23","slug":"montano-montero-luisa-2014","status":"publish","type":"page","link":"https:\/\/www.arovite.com\/eu\/montano-montero-luisa-2014\/","title":{"rendered":"MONTA\u00d1O MONTERO, Luisa (2014)"},"content":{"rendered":"<div class=\"wpb-content-wrapper\"><p>[vc_row][vc_column width=&#8221;1\/1&#8243;][vc_column_text][vc_empty_space height=&#8221;20&#8243;]<br \/>\n<strong>Referencia bibliogr\u00e1fica<\/strong><br \/>\nMONTA\u00d1O MONTERO, Luisa (2014): \u00abLa percepci\u00f3n brit\u00e1nica del nacionalismo radical vasco a trav\u00e9s de The Times (1975-1978)\u00bb, <em>Universitas<\/em>, n\u00ba 20, pp. 51-76.<\/p>\n<p><a class=\"button blue  medium \" href=\"http:\/\/universitas.idhbc.es\/n20\/20-3.pdf\" target=\"_blank\">Consultar PDF<\/a>[vc_empty_space height=&#8221;10&#8243;]<br \/>\n<strong>Resumen<\/strong><br \/>\nEste art\u00edculo examina la percepci\u00f3n en Gran Breta\u00f1a del nacionalismo radical vasco. Nos vamos a centrar en el per\u00edodo comprendido entre 1975 y 1978. Despu\u00e9s de la muerte del general Franco comenz\u00f3 en Espa\u00f1a un irreversible proceso de desmontaje de la dictadura. El terrorismo era un serio problema heredado durante le proceso. Exploraremos esas circunstancias a trav\u00e9s de los art\u00edculos en The Times porque ellos sufrieron el mismo problema de terrorismo. El nacionalismo vasco era un serio problema y la percepci\u00f3n de las naciones europeas pod\u00eda ser esencial para entrar en la UE. The Times era un importante creador de opiniones y sus art\u00edculos ten\u00edan mucha influencia entre sus lectores. Por tanto, analizaremos la influencia del peri\u00f3dico.<br \/>\n[vc_empty_space height=&#8221;10&#8243;]<br \/>\n<strong>Abstract<\/strong><br \/>\nThis article examines the perception of the radical Basque nationalism in Great Britain. We focus on the period between 1975 and 1978. After General Franco\u2019s death an irreversible process of dictatorship demounting started in Spain. Terrorism was one of the serious problems that Spain inherited. We explore these circumstances through articles in The Times because Great Britain suffered on its own the same problem of terrorism. Basque nationalists were a serious problem and the perception of the European countries would be essential to entry into the CEE. The Times was a very important opinion-maker and its articles have a lot of influence on the way its readers thought. Hence we analyze the influence of this newspaper.<br \/>\n[vc_empty_space height=&#8221;10&#8243;]<br \/>\n<strong>Autor<\/strong><br \/>\nLuisa Monta\u00f1o Montero. <a title=\"Dialnet\" href=\"http:\/\/dialnet.unirioja.es\/servlet\/autor?codigo=1615148\" target=\"_blank\">P\u00e1gina del autor en Dialnet.<\/a><br \/>\n[vc_empty_space height=&#8221;10&#8243;]<br \/>\n<strong>Tipo de documento<\/strong><br \/>\nArt\u00edculo<br \/>\n[vc_empty_space height=&#8221;10&#8243;]<br \/>\n<a title=\"Enlace alternativo\" href=\"http:\/\/dialnet.unirioja.es\/servlet\/articulo?codigo=5066191\" target=\"_blank\"><strong>Enlace alternativo.<\/strong><\/a><br \/>\n[\/vc_column_text][\/vc_column][\/vc_row]<\/p>\n<\/div>","protected":false},"excerpt":{"rendered":"<p>[vc_row][vc_column width=&#8221;1\/1&#8243;][vc_column_text][vc_empty_space height=&#8221;20&#8243;] Referencia bibliogr\u00e1fica MONTA\u00d1O MONTERO, Luisa (2014): \u00abLa percepci\u00f3n brit\u00e1nica del nacionalismo radical vasco a trav\u00e9s de The Times (1975-1978)\u00bb, Universitas, n\u00ba 20, pp. 51-76. Consultar PDF[vc_empty_space height=&#8221;10&#8243;]&hellip;<\/p>\n","protected":false},"author":1,"featured_media":0,"parent":0,"menu_order":0,"comment_status":"open","ping_status":"open","template":"","meta":{"om_disable_all_campaigns":false,"_monsterinsights_skip_tracking":false,"_monsterinsights_sitenote_active":false,"_monsterinsights_sitenote_note":"","_monsterinsights_sitenote_category":0,"_uf_show_specific_survey":0,"_uf_disable_surveys":false,"_vp_format_video_url":"","_vp_image_focal_point":[],"_vp_custom_popup_image":0,"_vp_format_audio_url":"","_vp_custom_thumbnail":0,"_vp_custom_thumbnail_focal_point":[],"_vp_hover_thumbnail":0,"_vp_hover_thumbnail_focal_point":[],"footnotes":""},"class_list":["post-4785","page","type-page","status-publish","hentry"],"aioseo_notices":[],"_links":{"self":[{"href":"https:\/\/www.arovite.com\/eu\/wp-json\/wp\/v2\/pages\/4785","targetHints":{"allow":["GET"]}}],"collection":[{"href":"https:\/\/www.arovite.com\/eu\/wp-json\/wp\/v2\/pages"}],"about":[{"href":"https:\/\/www.arovite.com\/eu\/wp-json\/wp\/v2\/types\/page"}],"author":[{"embeddable":true,"href":"https:\/\/www.arovite.com\/eu\/wp-json\/wp\/v2\/users\/1"}],"replies":[{"embeddable":true,"href":"https:\/\/www.arovite.com\/eu\/wp-json\/wp\/v2\/comments?post=4785"}],"version-history":[{"count":0,"href":"https:\/\/www.arovite.com\/eu\/wp-json\/wp\/v2\/pages\/4785\/revisions"}],"wp:attachment":[{"href":"https:\/\/www.arovite.com\/eu\/wp-json\/wp\/v2\/media?parent=4785"}],"curies":[{"name":"wp","href":"https:\/\/api.w.org\/{rel}","templated":true}]}}

MONTAÑO MONTERO, Luisa (2014)

<div class="wpb-content-wrapper"><p>[vc_row][vc_column width=&#8221;1/1&#8243;][vc_column_text][vc_empty_space height=&#8221;20&#8243;]<br />
<strong>Referencia bibliográfica</strong><br />
MONTAÑO MONTERO, Luisa (2014): «La percepción británica del nacionalismo radical vasco a través de The Times (1975-1978)», <em>Universitas</em>, nº 20, pp. 51-76.</p>
<p><a class="button blue  medium " href="http://universitas.idhbc.es/n20/20-3.pdf" target="_blank">Consultar PDF</a>[vc_empty_space height=&#8221;10&#8243;]<br />
<strong>Resumen</strong><br />
Este artículo examina la percepción en Gran Bretaña del nacionalismo radical vasco. Nos vamos a centrar en el período comprendido entre 1975 y 1978. Después de la muerte del general Franco comenzó en España un irreversible proceso de desmontaje de la dictadura. El terrorismo era un serio problema heredado durante le proceso. Exploraremos esas circunstancias a través de los artículos en The Times porque ellos sufrieron el mismo problema de terrorismo. El nacionalismo vasco era un serio problema y la percepción de las naciones europeas podía ser esencial para entrar en la UE. The Times era un importante creador de opiniones y sus artículos tenían mucha influencia entre sus lectores. Por tanto, analizaremos la influencia del periódico.<br />
[vc_empty_space height=&#8221;10&#8243;]<br />
<strong>Abstract</strong><br />
This article examines the perception of the radical Basque nationalism in Great Britain. We focus on the period between 1975 and 1978. After General Franco’s death an irreversible process of dictatorship demounting started in Spain. Terrorism was one of the serious problems that Spain inherited. We explore these circumstances through articles in The Times because Great Britain suffered on its own the same problem of terrorism. Basque nationalists were a serious problem and the perception of the European countries would be essential to entry into the CEE. The Times was a very important opinion-maker and its articles have a lot of influence on the way its readers thought. Hence we analyze the influence of this newspaper.<br />
[vc_empty_space height=&#8221;10&#8243;]<br />
<strong>Autor</strong><br />
Luisa Montaño Montero. <a title="Dialnet" href="http://dialnet.unirioja.es/servlet/autor?codigo=1615148" target="_blank">Página del autor en Dialnet.</a><br />
[vc_empty_space height=&#8221;10&#8243;]<br />
<strong>Tipo de documento</strong><br />
Artículo<br />
[vc_empty_space height=&#8221;10&#8243;]<br />
<a title="Enlace alternativo" href="http://dialnet.unirioja.es/servlet/articulo?codigo=5066191" target="_blank"><strong>Enlace alternativo.</strong></a><br />
[/vc_column_text][/vc_column][/vc_row]</p>
</div>

<p>[vc_row][vc_column width=&#8221;1/1&#8243;][vc_column_text][vc_empty_space height=&#8221;20&#8243;] Referencia bibliográfica MONTAÑO MONTERO, Luisa (2014): «La percepción británica del nacionalismo radical vasco a través de The Times (1975-1978)», Universitas, nº 20, pp. 51-76. Consultar PDF[vc_empty_space height=&#8221;10&#8243;]&hellip;</p>
