{"id":4780,"date":"2015-12-02T08:58:33","date_gmt":"2015-12-02T08:58:33","guid":{"rendered":"http:\/\/www.arovite.com\/montero-manuel-2009-2\/"},"modified":"2015-12-02T08:58:33","modified_gmt":"2015-12-02T08:58:33","slug":"montero-manuel-2009","status":"publish","type":"page","link":"https:\/\/www.arovite.com\/eu\/montero-manuel-2009\/","title":{"rendered":"MONTERO, Manuel (2009)"},"content":{"rendered":"<div class=\"wpb-content-wrapper\"><p>[vc_row][vc_column width=&#8221;1\/1&#8243;][vc_column_text][vc_empty_space height=&#8221;20&#8243;]<br \/>\n<strong>Referencia bibliogr\u00e1fica<\/strong><br \/>\nMONTERO, Manuel (2009): \u00abTransici\u00f3n y democracia\u00bb, en CIUDADAN\u00cdA Y LIBERTAD (ed.): <em>El discurso del cambio en el Pa\u00eds Vasco<\/em>. Vitoria-Gasteiz: Ciudadan\u00eda y Libertad, pp. 9-22.<\/p>\n<p><a class=\"button blue  medium \" href=\"http:\/\/paralalibertad.org\/wp-content\/uploads\/LibroDiscursocambio.pdf\" target=\"_blank\">Consultar PDF<\/a>[vc_empty_space height=&#8221;10&#8243;]<br \/>\n<strong>Resumen<\/strong><br \/>\nDurante la transici\u00f3n caracteriz\u00f3 a la pol\u00edtica vasca su divisi\u00f3n en dos grandes bloques, nacionalista y no nacionalista, de peso equiparable, as\u00ed como la hegemon\u00eda pol\u00edtica y simb\u00f3lica del PNV, la influencia del nacionalismo radical (hostil a la democracia) y la agudizaci\u00f3n del terrorismo que, pese a la amnist\u00eda de 1977, se intensific\u00f3 cuando se constru\u00eda el r\u00e9gimen democr\u00e1tico. El \u201cnacionalismo moderado\u201d retom\u00f3 su tradicional ambig\u00fcedad, entre el autonomismo y el independentismo. Particip\u00f3 en los primeros pasos de la transici\u00f3n, pero se abstuvo en el refer\u00e9ndum constitucional del 6 de diciembre de 1978. Al a\u00f1o siguiente opt\u00f3 por un acuerdo con los constitucionalistas, que fue el germen del Estatuto de Gernika. El nacionalismo radical, subordinado a ETA, sostuvo planteamientos rupturistas y una agresividad extrema respecto a las instituciones del Estado y los elementos no nacionalistas. Apost\u00f3 por controlar espacios sociales, en virtud de las repercusiones del terrorismo y de la violencia de grupos que se insertaban en su \u00e1mbito.<br \/>\n[vc_empty_space height=&#8221;10&#8243;]<br \/>\n<strong>Autor<\/strong><br \/>\nManuel Montero. <a title=\"Dialnet\" href=\"http:\/\/dialnet.unirioja.es\/servlet\/autor?codigo=145607\" target=\"_blank\">P\u00e1gina del autor en Dialnet.<\/a><br \/>\n[vc_empty_space height=&#8221;10&#8243;]<br \/>\n<strong>Tipo de documento<\/strong><br \/>\nCap\u00edtulo de libro<br \/>\n[vc_empty_space height=&#8221;10&#8243;]<br \/>\n[\/vc_column_text][\/vc_column][\/vc_row]<\/p>\n<\/div>","protected":false},"excerpt":{"rendered":"<p>[vc_row][vc_column width=&#8221;1\/1&#8243;][vc_column_text][vc_empty_space height=&#8221;20&#8243;] Referencia bibliogr\u00e1fica MONTERO, Manuel (2009): \u00abTransici\u00f3n y democracia\u00bb, en CIUDADAN\u00cdA Y LIBERTAD (ed.): El discurso del cambio en el Pa\u00eds Vasco. Vitoria-Gasteiz: Ciudadan\u00eda y Libertad, pp. 9-22.&hellip;<\/p>\n","protected":false},"author":1,"featured_media":0,"parent":0,"menu_order":0,"comment_status":"open","ping_status":"open","template":"","meta":{"om_disable_all_campaigns":false,"_monsterinsights_skip_tracking":false,"_monsterinsights_sitenote_active":false,"_monsterinsights_sitenote_note":"","_monsterinsights_sitenote_category":0,"_uf_show_specific_survey":0,"_uf_disable_surveys":false,"_vp_format_video_url":"","_vp_image_focal_point":[],"_vp_custom_popup_image":0,"_vp_format_audio_url":"","_vp_custom_thumbnail":0,"_vp_custom_thumbnail_focal_point":[],"_vp_hover_thumbnail":0,"_vp_hover_thumbnail_focal_point":[],"footnotes":""},"class_list":["post-4780","page","type-page","status-publish","hentry"],"aioseo_notices":[],"_links":{"self":[{"href":"https:\/\/www.arovite.com\/eu\/wp-json\/wp\/v2\/pages\/4780","targetHints":{"allow":["GET"]}}],"collection":[{"href":"https:\/\/www.arovite.com\/eu\/wp-json\/wp\/v2\/pages"}],"about":[{"href":"https:\/\/www.arovite.com\/eu\/wp-json\/wp\/v2\/types\/page"}],"author":[{"embeddable":true,"href":"https:\/\/www.arovite.com\/eu\/wp-json\/wp\/v2\/users\/1"}],"replies":[{"embeddable":true,"href":"https:\/\/www.arovite.com\/eu\/wp-json\/wp\/v2\/comments?post=4780"}],"version-history":[{"count":0,"href":"https:\/\/www.arovite.com\/eu\/wp-json\/wp\/v2\/pages\/4780\/revisions"}],"wp:attachment":[{"href":"https:\/\/www.arovite.com\/eu\/wp-json\/wp\/v2\/media?parent=4780"}],"curies":[{"name":"wp","href":"https:\/\/api.w.org\/{rel}","templated":true}]}}

<div class="wpb-content-wrapper"><p>[vc_row][vc_column width=&#8221;1/1&#8243;][vc_column_text][vc_empty_space height=&#8221;20&#8243;]<br />
<strong>Referencia bibliográfica</strong><br />
MONTERO, Manuel (2009): «Transición y democracia», en CIUDADANÍA Y LIBERTAD (ed.): <em>El discurso del cambio en el País Vasco</em>. Vitoria-Gasteiz: Ciudadanía y Libertad, pp. 9-22.</p>
<p><a class="button blue  medium " href="http://paralalibertad.org/wp-content/uploads/LibroDiscursocambio.pdf" target="_blank">Consultar PDF</a>[vc_empty_space height=&#8221;10&#8243;]<br />
<strong>Resumen</strong><br />
Durante la transición caracterizó a la política vasca su división en dos grandes bloques, nacionalista y no nacionalista, de peso equiparable, así como la hegemonía política y simbólica del PNV, la influencia del nacionalismo radical (hostil a la democracia) y la agudización del terrorismo que, pese a la amnistía de 1977, se intensificó cuando se construía el régimen democrático. El “nacionalismo moderado” retomó su tradicional ambigüedad, entre el autonomismo y el independentismo. Participó en los primeros pasos de la transición, pero se abstuvo en el referéndum constitucional del 6 de diciembre de 1978. Al año siguiente optó por un acuerdo con los constitucionalistas, que fue el germen del Estatuto de Gernika. El nacionalismo radical, subordinado a ETA, sostuvo planteamientos rupturistas y una agresividad extrema respecto a las instituciones del Estado y los elementos no nacionalistas. Apostó por controlar espacios sociales, en virtud de las repercusiones del terrorismo y de la violencia de grupos que se insertaban en su ámbito.<br />
[vc_empty_space height=&#8221;10&#8243;]<br />
<strong>Autor</strong><br />
Manuel Montero. <a title="Dialnet" href="http://dialnet.unirioja.es/servlet/autor?codigo=145607" target="_blank">Página del autor en Dialnet.</a><br />
[vc_empty_space height=&#8221;10&#8243;]<br />
<strong>Tipo de documento</strong><br />
Capítulo de libro<br />
[vc_empty_space height=&#8221;10&#8243;]<br />
[/vc_column_text][/vc_column][/vc_row]</p>
</div>

<p>[vc_row][vc_column width=&#8221;1/1&#8243;][vc_column_text][vc_empty_space height=&#8221;20&#8243;] Referencia bibliográfica MONTERO, Manuel (2009): «Transición y democracia», en CIUDADANÍA Y LIBERTAD (ed.): El discurso del cambio en el País Vasco. Vitoria-Gasteiz: Ciudadanía y Libertad, pp. 9-22.&hellip;</p>
