{"id":4467,"date":"2015-11-30T12:03:10","date_gmt":"2015-11-30T12:03:10","guid":{"rendered":"http:\/\/www.arovite.com\/beristain-antonio-1985-2\/"},"modified":"2015-11-30T12:03:10","modified_gmt":"2015-11-30T12:03:10","slug":"beristain-antonio-1985","status":"publish","type":"page","link":"https:\/\/www.arovite.com\/eu\/beristain-antonio-1985\/","title":{"rendered":"BERISTAIN, Antonio (1985)"},"content":{"rendered":"<div class=\"wpb-content-wrapper\"><p>[vc_row][vc_column width=&#8221;1\/1&#8243;][vc_column_text][vc_empty_space height=&#8221;20&#8243;]<br \/>\n<strong>Referencia bibliogr\u00e1fica<\/strong><br \/>\nBERISTAIN, Antonio (1985): \u00abLos terrorismos en el Pa\u00eds Vasco y en Espa\u00f1a\u00bb, <em>Azpilcueta: Cuadernos de Derecho<\/em>, n\u00ba 2, pp. 161-200.<\/p>\n<p><a class=\"button blue  medium \" href=\"http:\/\/www.ehu.eus\/documents\/1736829\/2019247\/24+-+Terrorismos+pais+vasco.pdf\" target=\"_blank\">Consultar PDF<\/a>[vc_empty_space height=&#8221;10&#8243;]<br \/>\n<strong>Resumen<\/strong><br \/>\nP\u00e1ginas que sirvieron de base para la exposici\u00f3n oral el 9 de junio en las D\u00e9cimas Jornadas de Estudio del Instituto de Criminolog\u00eda, de Par\u00eds, sobre \u00abAspectos actuales del terrorismo en Europa\u00bb, celebradas en La Sorbona, los d\u00edas 9 y 10 de junio de 1982. Ahora he ampliado el texto y he a\u00f1adido algunas notas e informaciones. Dos conceptos resultan b\u00e1sicos para aclarar algo el problema que nos ocupa: fuerza y violencia. La ley de la fuerza difiere esencialmente de la fuerza de la ley, recordando el t\u00edtulo del libro de Alfonso de Castro, De potestate legis poenalis (1558). La coacci\u00f3n f\u00edsica, empleada legalmente por autoridades democr\u00e1ticamente constituidas y controladas, es leg\u00edtima y debe ser denominada poder o \u00abfuerza\u00bb de la ley. En cambio, el t\u00e9rmino \u00abviolencia\u00bb debe aplicarse solamente a actos de coacci\u00f3n f\u00edsica o psicol\u00f3gica ilegal contra las personas (y quiz\u00e1s contra las cosas); actos y actitudes que violan las normas democr\u00e1ticamente establecidas y, sobre todo, violan los derechos humanos. La violencia es el predominio del prejuicio sobre el sentido.<br \/>\n[vc_empty_space height=&#8221;10&#8243;]<br \/>\n<strong>Autor<\/strong><br \/>\nAntonio Beristain Ipi\u00f1a. <a title=\"Dialnet\" href=\"http:\/\/dialnet.unirioja.es\/servlet\/autor?codigo=169012\" target=\"_blank\">P\u00e1gina del autor en Dialnet.<\/a><br \/>\n[vc_empty_space height=&#8221;10&#8243;]<br \/>\n<strong>Tipo de documento<\/strong><br \/>\nArt\u00edculo<br \/>\n[vc_empty_space height=&#8221;10&#8243;]<br \/>\n[\/vc_column_text][\/vc_column][\/vc_row]<\/p>\n<\/div>","protected":false},"excerpt":{"rendered":"<p>[vc_row][vc_column width=&#8221;1\/1&#8243;][vc_column_text][vc_empty_space height=&#8221;20&#8243;] Referencia bibliogr\u00e1fica BERISTAIN, Antonio (1985): \u00abLos terrorismos en el Pa\u00eds Vasco y en Espa\u00f1a\u00bb, Azpilcueta: Cuadernos de Derecho, n\u00ba 2, pp. 161-200. Consultar PDF[vc_empty_space height=&#8221;10&#8243;] Resumen P\u00e1ginas&hellip;<\/p>\n","protected":false},"author":2,"featured_media":0,"parent":0,"menu_order":0,"comment_status":"open","ping_status":"open","template":"","meta":{"om_disable_all_campaigns":false,"_monsterinsights_skip_tracking":false,"_monsterinsights_sitenote_active":false,"_monsterinsights_sitenote_note":"","_monsterinsights_sitenote_category":0,"_uf_show_specific_survey":0,"_uf_disable_surveys":false,"_vp_format_video_url":"","_vp_image_focal_point":[],"_vp_custom_popup_image":0,"_vp_format_audio_url":"","_vp_custom_thumbnail":0,"_vp_custom_thumbnail_focal_point":[],"_vp_hover_thumbnail":0,"_vp_hover_thumbnail_focal_point":[],"footnotes":""},"class_list":["post-4467","page","type-page","status-publish","hentry"],"aioseo_notices":[],"_links":{"self":[{"href":"https:\/\/www.arovite.com\/eu\/wp-json\/wp\/v2\/pages\/4467","targetHints":{"allow":["GET"]}}],"collection":[{"href":"https:\/\/www.arovite.com\/eu\/wp-json\/wp\/v2\/pages"}],"about":[{"href":"https:\/\/www.arovite.com\/eu\/wp-json\/wp\/v2\/types\/page"}],"author":[{"embeddable":true,"href":"https:\/\/www.arovite.com\/eu\/wp-json\/wp\/v2\/users\/2"}],"replies":[{"embeddable":true,"href":"https:\/\/www.arovite.com\/eu\/wp-json\/wp\/v2\/comments?post=4467"}],"version-history":[{"count":0,"href":"https:\/\/www.arovite.com\/eu\/wp-json\/wp\/v2\/pages\/4467\/revisions"}],"wp:attachment":[{"href":"https:\/\/www.arovite.com\/eu\/wp-json\/wp\/v2\/media?parent=4467"}],"curies":[{"name":"wp","href":"https:\/\/api.w.org\/{rel}","templated":true}]}}

<div class="wpb-content-wrapper"><p>[vc_row][vc_column width=&#8221;1/1&#8243;][vc_column_text][vc_empty_space height=&#8221;20&#8243;]<br />
<strong>Referencia bibliográfica</strong><br />
BERISTAIN, Antonio (1985): «Los terrorismos en el País Vasco y en España», <em>Azpilcueta: Cuadernos de Derecho</em>, nº 2, pp. 161-200.</p>
<p><a class="button blue  medium " href="http://www.ehu.eus/documents/1736829/2019247/24+-+Terrorismos+pais+vasco.pdf" target="_blank">Consultar PDF</a>[vc_empty_space height=&#8221;10&#8243;]<br />
<strong>Resumen</strong><br />
Páginas que sirvieron de base para la exposición oral el 9 de junio en las Décimas Jornadas de Estudio del Instituto de Criminología, de París, sobre «Aspectos actuales del terrorismo en Europa», celebradas en La Sorbona, los días 9 y 10 de junio de 1982. Ahora he ampliado el texto y he añadido algunas notas e informaciones. Dos conceptos resultan básicos para aclarar algo el problema que nos ocupa: fuerza y violencia. La ley de la fuerza difiere esencialmente de la fuerza de la ley, recordando el título del libro de Alfonso de Castro, De potestate legis poenalis (1558). La coacción física, empleada legalmente por autoridades democráticamente constituidas y controladas, es legítima y debe ser denominada poder o «fuerza» de la ley. En cambio, el término «violencia» debe aplicarse solamente a actos de coacción física o psicológica ilegal contra las personas (y quizás contra las cosas); actos y actitudes que violan las normas democráticamente establecidas y, sobre todo, violan los derechos humanos. La violencia es el predominio del prejuicio sobre el sentido.<br />
[vc_empty_space height=&#8221;10&#8243;]<br />
<strong>Autor</strong><br />
Antonio Beristain Ipiña. <a title="Dialnet" href="http://dialnet.unirioja.es/servlet/autor?codigo=169012" target="_blank">Página del autor en Dialnet.</a><br />
[vc_empty_space height=&#8221;10&#8243;]<br />
<strong>Tipo de documento</strong><br />
Artículo<br />
[vc_empty_space height=&#8221;10&#8243;]<br />
[/vc_column_text][/vc_column][/vc_row]</p>
</div>

<p>[vc_row][vc_column width=&#8221;1/1&#8243;][vc_column_text][vc_empty_space height=&#8221;20&#8243;] Referencia bibliográfica BERISTAIN, Antonio (1985): «Los terrorismos en el País Vasco y en España», Azpilcueta: Cuadernos de Derecho, nº 2, pp. 161-200. Consultar PDF[vc_empty_space height=&#8221;10&#8243;] Resumen Páginas&hellip;</p>
