{"id":4441,"date":"2015-11-30T11:57:00","date_gmt":"2015-11-30T11:57:00","guid":{"rendered":"http:\/\/www.arovite.com\/savater-fernando-2007-2\/"},"modified":"2015-11-30T11:57:00","modified_gmt":"2015-11-30T11:57:00","slug":"savater-fernando-2007","status":"publish","type":"page","link":"https:\/\/www.arovite.com\/eu\/savater-fernando-2007\/","title":{"rendered":"SAVATER, Fernando (2007)"},"content":{"rendered":"<div class=\"wpb-content-wrapper\"><p>[vc_row][vc_column width=&#8221;1\/1&#8243;][vc_column_text][vc_empty_space height=&#8221;20&#8243;]<br \/>\n<strong>Referencia bibliogr\u00e1fica<\/strong><br \/>\nSAVATER, Fernando (2007): \u00abLa rentabilidad del terror: el caso vasco\u00bb, <em>Revista Internacional de Pensamiento Pol\u00edtico<\/em>, n\u00ba 2, pp. 37-44.<\/p>\n<p><a class=\"button blue  medium \" href=\"http:\/\/rabida.uhu.es\/dspace\/bitstream\/handle\/10272\/6652\/Rentabilidad_del_terror.pdf?sequence=2\" target=\"_blank\">Consultar PDF<\/a>[vc_empty_space height=&#8221;10&#8243;]<br \/>\n<strong>Resumen<\/strong><br \/>\nEl problema de convivencia instalado en la sociedad vasca no deja de ser una cuesti\u00f3n artificial. Nunca ha existido un enfrentamiento entre dos comunidades en el Pa\u00eds Vasco. La violencia de ETA se antoja, cuando menos, gratuita y fuera de lugar: si bien es cierto que su origen puede localizarse en la lucha antifascista contra la dictadura franquista, no lo es menos que gran parte de su actividad de terror ha sido llevada a cabo en tiempos de democracia. Las aspiraciones nacionalistas fueron acogidas sobradamente en el Estatuto de Autonom\u00eda, junto a los signos de identidad que el PNV hizo valer: bandera, himno y denominaci\u00f3n territorial. Se dot\u00f3, asimismo, de medios de comunicaci\u00f3n al gobierno vasco y se instituy\u00f3 la convivencia ling\u00fc\u00edstica entre el castellano y el euskera. El terrorismo vasco, por tanto, posee rasgos particulares diferenciadores, pues es la \u00fanica democracia en el mundo en la que los atacados son los gobernados, no los gobernantes.<br \/>\n[vc_empty_space height=&#8221;10&#8243;]<br \/>\n<strong>Abstract<\/strong><br \/>\nThe problem concerning living together in Basque society is only an artificial issue. A confrontation has never existed between two communities in the Basque Country. The violence of ETA is, at least, sample and out of place: if it is true that ETA\u2019s origin can be localized in fighting against Franco dictatorship, it is also that the most of its terrorist activity has been made in democracy times. The nationalist expectations were fully inserted in the Statute of Autonomy, along with the different signs of identity which PNV makes aware: a flag, a national anthem and the name for the Country. Indeed, some mass media were given to the Basque Government, and the linguistic coexistence between Spanish and Basque languages was stablished. The Basque terrorism, consequently, has simple and differential features, because the Basque Country is the unique democracy all over the world in which the people attacked are the ones governed, but never those who governs.<br \/>\n[vc_empty_space height=&#8221;10&#8243;]<br \/>\n<strong>Autor<\/strong><br \/>\nFernando Savater. <a title=\"Dialnet\" href=\"http:\/\/dialnet.unirioja.es\/servlet\/autor?codigo=40484\" target=\"_blank\">P\u00e1gina del autor en Dialnet.<\/a><br \/>\n[vc_empty_space height=&#8221;10&#8243;]<br \/>\n<strong>Tipo de documento<\/strong><br \/>\nArt\u00edculo<br \/>\n[vc_empty_space height=&#8221;10&#8243;]<br \/>\n<a title=\"Enlace alternativo\" href=\"http:\/\/institucional.us.es\/revistas\/Araucaria\/A%C3%B1o%206%20%20N%C2%BA%2011%20%202004\/Fernando%20Savater.pdf\" target=\"_blank\"><strong>Enlace alternativo.<\/strong><\/a><br \/>\n[\/vc_column_text][\/vc_column][\/vc_row]<\/p>\n<\/div>","protected":false},"excerpt":{"rendered":"<p>[vc_row][vc_column width=&#8221;1\/1&#8243;][vc_column_text][vc_empty_space height=&#8221;20&#8243;] Referencia bibliogr\u00e1fica SAVATER, Fernando (2007): \u00abLa rentabilidad del terror: el caso vasco\u00bb, Revista Internacional de Pensamiento Pol\u00edtico, n\u00ba 2, pp. 37-44. Consultar PDF[vc_empty_space height=&#8221;10&#8243;] Resumen El problema&hellip;<\/p>\n","protected":false},"author":1,"featured_media":0,"parent":0,"menu_order":0,"comment_status":"open","ping_status":"open","template":"","meta":{"om_disable_all_campaigns":false,"_monsterinsights_skip_tracking":false,"_monsterinsights_sitenote_active":false,"_monsterinsights_sitenote_note":"","_monsterinsights_sitenote_category":0,"_uf_show_specific_survey":0,"_uf_disable_surveys":false,"_vp_format_video_url":"","_vp_image_focal_point":[],"_vp_custom_popup_image":0,"_vp_format_audio_url":"","_vp_custom_thumbnail":0,"_vp_custom_thumbnail_focal_point":[],"_vp_hover_thumbnail":0,"_vp_hover_thumbnail_focal_point":[],"footnotes":""},"class_list":["post-4441","page","type-page","status-publish","hentry"],"aioseo_notices":[],"_links":{"self":[{"href":"https:\/\/www.arovite.com\/eu\/wp-json\/wp\/v2\/pages\/4441","targetHints":{"allow":["GET"]}}],"collection":[{"href":"https:\/\/www.arovite.com\/eu\/wp-json\/wp\/v2\/pages"}],"about":[{"href":"https:\/\/www.arovite.com\/eu\/wp-json\/wp\/v2\/types\/page"}],"author":[{"embeddable":true,"href":"https:\/\/www.arovite.com\/eu\/wp-json\/wp\/v2\/users\/1"}],"replies":[{"embeddable":true,"href":"https:\/\/www.arovite.com\/eu\/wp-json\/wp\/v2\/comments?post=4441"}],"version-history":[{"count":0,"href":"https:\/\/www.arovite.com\/eu\/wp-json\/wp\/v2\/pages\/4441\/revisions"}],"wp:attachment":[{"href":"https:\/\/www.arovite.com\/eu\/wp-json\/wp\/v2\/media?parent=4441"}],"curies":[{"name":"wp","href":"https:\/\/api.w.org\/{rel}","templated":true}]}}

<div class="wpb-content-wrapper"><p>[vc_row][vc_column width=&#8221;1/1&#8243;][vc_column_text][vc_empty_space height=&#8221;20&#8243;]<br />
<strong>Referencia bibliográfica</strong><br />
SAVATER, Fernando (2007): «La rentabilidad del terror: el caso vasco», <em>Revista Internacional de Pensamiento Político</em>, nº 2, pp. 37-44.</p>
<p><a class="button blue  medium " href="http://rabida.uhu.es/dspace/bitstream/handle/10272/6652/Rentabilidad_del_terror.pdf?sequence=2" target="_blank">Consultar PDF</a>[vc_empty_space height=&#8221;10&#8243;]<br />
<strong>Resumen</strong><br />
El problema de convivencia instalado en la sociedad vasca no deja de ser una cuestión artificial. Nunca ha existido un enfrentamiento entre dos comunidades en el País Vasco. La violencia de ETA se antoja, cuando menos, gratuita y fuera de lugar: si bien es cierto que su origen puede localizarse en la lucha antifascista contra la dictadura franquista, no lo es menos que gran parte de su actividad de terror ha sido llevada a cabo en tiempos de democracia. Las aspiraciones nacionalistas fueron acogidas sobradamente en el Estatuto de Autonomía, junto a los signos de identidad que el PNV hizo valer: bandera, himno y denominación territorial. Se dotó, asimismo, de medios de comunicación al gobierno vasco y se instituyó la convivencia lingüística entre el castellano y el euskera. El terrorismo vasco, por tanto, posee rasgos particulares diferenciadores, pues es la única democracia en el mundo en la que los atacados son los gobernados, no los gobernantes.<br />
[vc_empty_space height=&#8221;10&#8243;]<br />
<strong>Abstract</strong><br />
The problem concerning living together in Basque society is only an artificial issue. A confrontation has never existed between two communities in the Basque Country. The violence of ETA is, at least, sample and out of place: if it is true that ETA’s origin can be localized in fighting against Franco dictatorship, it is also that the most of its terrorist activity has been made in democracy times. The nationalist expectations were fully inserted in the Statute of Autonomy, along with the different signs of identity which PNV makes aware: a flag, a national anthem and the name for the Country. Indeed, some mass media were given to the Basque Government, and the linguistic coexistence between Spanish and Basque languages was stablished. The Basque terrorism, consequently, has simple and differential features, because the Basque Country is the unique democracy all over the world in which the people attacked are the ones governed, but never those who governs.<br />
[vc_empty_space height=&#8221;10&#8243;]<br />
<strong>Autor</strong><br />
Fernando Savater. <a title="Dialnet" href="http://dialnet.unirioja.es/servlet/autor?codigo=40484" target="_blank">Página del autor en Dialnet.</a><br />
[vc_empty_space height=&#8221;10&#8243;]<br />
<strong>Tipo de documento</strong><br />
Artículo<br />
[vc_empty_space height=&#8221;10&#8243;]<br />
<a title="Enlace alternativo" href="http://institucional.us.es/revistas/Araucaria/A%C3%B1o%206%20%20N%C2%BA%2011%20%202004/Fernando%20Savater.pdf" target="_blank"><strong>Enlace alternativo.</strong></a><br />
[/vc_column_text][/vc_column][/vc_row]</p>
</div>

<p>[vc_row][vc_column width=&#8221;1/1&#8243;][vc_column_text][vc_empty_space height=&#8221;20&#8243;] Referencia bibliográfica SAVATER, Fernando (2007): «La rentabilidad del terror: el caso vasco», Revista Internacional de Pensamiento Político, nº 2, pp. 37-44. Consultar PDF[vc_empty_space height=&#8221;10&#8243;] Resumen El problema&hellip;</p>
