{"id":4394,"date":"2015-11-30T11:25:28","date_gmt":"2015-11-30T11:25:28","guid":{"rendered":"http:\/\/www.arovite.com\/secretaria-general-para-la-paz-y-convivencia-2014-2\/"},"modified":"2016-01-26T21:49:11","modified_gmt":"2016-01-26T21:49:11","slug":"secretaria-general-para-la-paz-y-convivencia-2014","status":"publish","type":"page","link":"https:\/\/www.arovite.com\/eu\/secretaria-general-para-la-paz-y-convivencia-2014\/","title":{"rendered":"SECRETAR\u00cdA GENERAL PARA LA PAZ Y CONVIVENCIA (2014)"},"content":{"rendered":"<div class=\"wpb-content-wrapper\"><p>[vc_row][vc_column width=&#8221;1\/1&#8243;][vc_column_text][vc_empty_space height=&#8221;20&#8243;]<br \/>\n<strong>Referencia bibliogr\u00e1fica<\/strong><br \/>\nSECRETAR\u00cdA GENERAL PARA LA PAZ Y CONVIVENCIA (2014): <em>Informe de gesti\u00f3n de pol\u00edticas e iniciativas en materia de v\u00edctimas. Quince l\u00edneas de actuaci\u00f3n simult\u00e1nea y una unidad de sentido<\/em>. Gobierno Vasco.<\/p>\n<p><a class=\"button blue  medium \" href=\"http:\/\/www.arovite.com\/documentos\/2014_Secretaria_Paz_Convivencia.pdf\" target=\"_blank\">Consultar PDF<\/a>[vc_empty_space height=&#8221;10&#8243;]<br \/>\n<strong>Resumen<\/strong><br \/>\nDentro de la actuaci\u00f3n general del Gobierno Vasco, las pol\u00edticas p\u00fablicas en materia de v\u00edctimas del terrorismo, la violencia y las vulneraciones de derechos humanos constituyen un \u00e1mbito de intervenci\u00f3n espec\u00edfica muy relevante, tanto por su dimensi\u00f3n como por su significaci\u00f3n. Este Informe de gesti\u00f3n de pol\u00edticas e iniciativas en materia de v\u00edctimas tienes por objeto reflejar objetiva y detalladamente las actuaciones que, en este momento y en este campo, desarrolla la Secretar\u00eda General para la Paz y la Convivencia, a trav\u00e9s de su Direcci\u00f3n de V\u00edctimas y Derechos Humanos.<br \/>\n[vc_empty_space height=&#8221;10&#8243;]<br \/>\n<strong>Tipo de documento<\/strong><br \/>\nInforme<br \/>\n[vc_empty_space height=&#8221;10&#8243;]<br \/>\n<a title=\"Enlace alternativo\" href=\"https:\/\/www.irekia.euskadi.eus\/uploads\/attachments\/5191\/Informe_de_politicas_e_iniciativas_en_materia_de_victimas.pdf\" target=\"_blank\"><strong>Enlace alternativo.<\/strong><\/a><br \/>\n[\/vc_column_text][\/vc_column][\/vc_row]<\/p>\n<\/div>","protected":false},"excerpt":{"rendered":"<p>[vc_row][vc_column width=&#8221;1\/1&#8243;][vc_column_text][vc_empty_space height=&#8221;20&#8243;] Referencia bibliogr\u00e1fica SECRETAR\u00cdA GENERAL PARA LA PAZ Y CONVIVENCIA (2014): Informe de gesti\u00f3n de pol\u00edticas e iniciativas en materia de v\u00edctimas. Quince l\u00edneas de actuaci\u00f3n simult\u00e1nea y&hellip;<\/p>\n","protected":false},"author":1,"featured_media":0,"parent":0,"menu_order":0,"comment_status":"open","ping_status":"open","template":"","meta":{"om_disable_all_campaigns":false,"_monsterinsights_skip_tracking":false,"_monsterinsights_sitenote_active":false,"_monsterinsights_sitenote_note":"","_monsterinsights_sitenote_category":0,"_uf_show_specific_survey":0,"_uf_disable_surveys":false,"_vp_format_video_url":"","_vp_image_focal_point":[],"_vp_custom_popup_image":0,"_vp_format_audio_url":"","_vp_custom_thumbnail":0,"_vp_custom_thumbnail_focal_point":[],"_vp_hover_thumbnail":0,"_vp_hover_thumbnail_focal_point":[],"footnotes":""},"class_list":["post-4394","page","type-page","status-publish","hentry"],"aioseo_notices":[],"_links":{"self":[{"href":"https:\/\/www.arovite.com\/eu\/wp-json\/wp\/v2\/pages\/4394","targetHints":{"allow":["GET"]}}],"collection":[{"href":"https:\/\/www.arovite.com\/eu\/wp-json\/wp\/v2\/pages"}],"about":[{"href":"https:\/\/www.arovite.com\/eu\/wp-json\/wp\/v2\/types\/page"}],"author":[{"embeddable":true,"href":"https:\/\/www.arovite.com\/eu\/wp-json\/wp\/v2\/users\/1"}],"replies":[{"embeddable":true,"href":"https:\/\/www.arovite.com\/eu\/wp-json\/wp\/v2\/comments?post=4394"}],"version-history":[{"count":2,"href":"https:\/\/www.arovite.com\/eu\/wp-json\/wp\/v2\/pages\/4394\/revisions"}],"predecessor-version":[{"id":6611,"href":"https:\/\/www.arovite.com\/eu\/wp-json\/wp\/v2\/pages\/4394\/revisions\/6611"}],"wp:attachment":[{"href":"https:\/\/www.arovite.com\/eu\/wp-json\/wp\/v2\/media?parent=4394"}],"curies":[{"name":"wp","href":"https:\/\/api.w.org\/{rel}","templated":true}]}}

SECRETARÍA GENERAL PARA LA PAZ Y CONVIVENCIA (2014)

<div class="wpb-content-wrapper"><p>[vc_row][vc_column width=&#8221;1/1&#8243;][vc_column_text][vc_empty_space height=&#8221;20&#8243;]<br />
<strong>Referencia bibliográfica</strong><br />
SECRETARÍA GENERAL PARA LA PAZ Y CONVIVENCIA (2014): <em>Informe de gestión de políticas e iniciativas en materia de víctimas. Quince líneas de actuación simultánea y una unidad de sentido</em>. Gobierno Vasco.</p>
<p><a class="button blue  medium " href="http://www.arovite.com/documentos/2014_Secretaria_Paz_Convivencia.pdf" target="_blank">Consultar PDF</a>[vc_empty_space height=&#8221;10&#8243;]<br />
<strong>Resumen</strong><br />
Dentro de la actuación general del Gobierno Vasco, las políticas públicas en materia de víctimas del terrorismo, la violencia y las vulneraciones de derechos humanos constituyen un ámbito de intervención específica muy relevante, tanto por su dimensión como por su significación. Este Informe de gestión de políticas e iniciativas en materia de víctimas tienes por objeto reflejar objetiva y detalladamente las actuaciones que, en este momento y en este campo, desarrolla la Secretaría General para la Paz y la Convivencia, a través de su Dirección de Víctimas y Derechos Humanos.<br />
[vc_empty_space height=&#8221;10&#8243;]<br />
<strong>Tipo de documento</strong><br />
Informe<br />
[vc_empty_space height=&#8221;10&#8243;]<br />
<a title="Enlace alternativo" href="https://www.irekia.euskadi.eus/uploads/attachments/5191/Informe_de_politicas_e_iniciativas_en_materia_de_victimas.pdf" target="_blank"><strong>Enlace alternativo.</strong></a><br />
[/vc_column_text][/vc_column][/vc_row]</p>
</div>

<p>[vc_row][vc_column width=&#8221;1/1&#8243;][vc_column_text][vc_empty_space height=&#8221;20&#8243;] Referencia bibliográfica SECRETARÍA GENERAL PARA LA PAZ Y CONVIVENCIA (2014): Informe de gestión de políticas e iniciativas en materia de víctimas. Quince líneas de actuación simultánea y&hellip;</p>
