{"id":4364,"date":"2015-11-30T11:15:00","date_gmt":"2015-11-30T11:15:00","guid":{"rendered":"http:\/\/www.arovite.com\/setien-martinez-francisco-j-1993-2\/"},"modified":"2015-11-30T11:15:00","modified_gmt":"2015-11-30T11:15:00","slug":"setien-martinez-francisco-j-1993","status":"publish","type":"page","link":"https:\/\/www.arovite.com\/eu\/setien-martinez-francisco-j-1993\/","title":{"rendered":"SETI\u00c9N MART\u00cdNEZ, Francisco J. (1993)"},"content":{"rendered":"<div class=\"wpb-content-wrapper\"><p>[vc_row][vc_column width=&#8221;1\/1&#8243;][vc_column_text][vc_empty_space height=&#8221;20&#8243;]<br \/>\n<strong>Referencia bibliogr\u00e1fica<\/strong><br \/>\nSETI\u00c9N MART\u00cdNEZ, Francisco J. (1993): <em>Terrorismo y prensa en la transici\u00f3n pol\u00edtica espa\u00f1ola<\/em>. Tesis doctoral: Universidad Complutense de Madrid.<\/p>\n<p><a class=\"button blue  medium \" href=\"http:\/\/dialnet.unirioja.es\/servlet\/tesis?codigo=13892\" target=\"_blank\">Consultar PDF<\/a>[vc_empty_space height=&#8221;10&#8243;]<br \/>\n<strong>Resumen<\/strong><br \/>\nEl terrorismo, fen\u00f3meno que ha alcanzado en las \u00faltimas d\u00e9cadas un considerable protagonismo pol\u00edtico-social, ha despertado mi inter\u00e9s, por ser uno de los conflictos que en su forma actual m\u00e1s implicaciones y problemas supone para las modernas democracias occidentales. No podemos olvidar los dilemas que plantea el terrorismo en cuanto a su relaci\u00f3n, siempre dif\u00edcil, con los medios de comunicaci\u00f3n. No cabe duda de que el terrorismo es uno de los problemas que m\u00e1s preocupan a la poblaci\u00f3n actualmente; y en el caso concreto de Espa\u00f1a, en un per\u00edodo de cambio pol\u00edtico, como el que se desarroll\u00f3 tres la muerte de Franco, con les l\u00f3gicas tensiones que todo cambio de esta envergadura acarree, hay que a\u00f1adir tambi\u00e9n la presencia de la presi\u00f3n terrorista que alcanz\u00f3, especialmente entre finales de los a\u00f1os setenta y comienzos de los ochenta una gran virulencia; otorgando a este fen\u00f3meno un tono de mayor gravedad. Ya es de por s\u00ed el terrorismo un elemento que introduce gran inestabilidad en una sociedad; si e esto a\u00f1adimos un contexto de cambio pol\u00edtico, le dimensi\u00f3n que alcanza el problema es a\u00fan mayor.<br \/>\n[vc_empty_space height=&#8221;10&#8243;]<br \/>\n<strong>Autor<\/strong><br \/>\nFrancisco Jos\u00e9 Seti\u00e9n. <a title=\"Dialnet\" href=\"http:\/\/dialnet.unirioja.es\/servlet\/autor?codigo=54588\" target=\"_blank\">P\u00e1gina del autor en Dialnet.<\/a><br \/>\n[vc_empty_space height=&#8221;10&#8243;]<br \/>\n<strong>Tipo de documento<\/strong><br \/>\nTesis doctoral<br \/>\n[vc_empty_space height=&#8221;10&#8243;]<br \/>\n<a title=\"Enlace alternativo\" href=\"http:\/\/biblioteca.ucm.es\/tesis\/19911996\/S\/3\/S3012201.pdf\" target=\"_blank\"><strong>Enlace alternativo.<\/strong><\/a><br \/>\n[\/vc_column_text][\/vc_column][\/vc_row]<\/p>\n<\/div>","protected":false},"excerpt":{"rendered":"<p>[vc_row][vc_column width=&#8221;1\/1&#8243;][vc_column_text][vc_empty_space height=&#8221;20&#8243;] Referencia bibliogr\u00e1fica SETI\u00c9N MART\u00cdNEZ, Francisco J. (1993): Terrorismo y prensa en la transici\u00f3n pol\u00edtica espa\u00f1ola. Tesis doctoral: Universidad Complutense de Madrid. Consultar PDF[vc_empty_space height=&#8221;10&#8243;] Resumen El terrorismo,&hellip;<\/p>\n","protected":false},"author":1,"featured_media":0,"parent":0,"menu_order":0,"comment_status":"open","ping_status":"open","template":"","meta":{"om_disable_all_campaigns":false,"_monsterinsights_skip_tracking":false,"_monsterinsights_sitenote_active":false,"_monsterinsights_sitenote_note":"","_monsterinsights_sitenote_category":0,"_uf_show_specific_survey":0,"_uf_disable_surveys":false,"_vp_format_video_url":"","_vp_image_focal_point":[],"_vp_custom_popup_image":0,"_vp_format_audio_url":"","_vp_custom_thumbnail":0,"_vp_custom_thumbnail_focal_point":[],"_vp_hover_thumbnail":0,"_vp_hover_thumbnail_focal_point":[],"footnotes":""},"class_list":["post-4364","page","type-page","status-publish","hentry"],"aioseo_notices":[],"_links":{"self":[{"href":"https:\/\/www.arovite.com\/eu\/wp-json\/wp\/v2\/pages\/4364","targetHints":{"allow":["GET"]}}],"collection":[{"href":"https:\/\/www.arovite.com\/eu\/wp-json\/wp\/v2\/pages"}],"about":[{"href":"https:\/\/www.arovite.com\/eu\/wp-json\/wp\/v2\/types\/page"}],"author":[{"embeddable":true,"href":"https:\/\/www.arovite.com\/eu\/wp-json\/wp\/v2\/users\/1"}],"replies":[{"embeddable":true,"href":"https:\/\/www.arovite.com\/eu\/wp-json\/wp\/v2\/comments?post=4364"}],"version-history":[{"count":0,"href":"https:\/\/www.arovite.com\/eu\/wp-json\/wp\/v2\/pages\/4364\/revisions"}],"wp:attachment":[{"href":"https:\/\/www.arovite.com\/eu\/wp-json\/wp\/v2\/media?parent=4364"}],"curies":[{"name":"wp","href":"https:\/\/api.w.org\/{rel}","templated":true}]}}

SETIÉN MARTÍNEZ, Francisco J. (1993)

<div class="wpb-content-wrapper"><p>[vc_row][vc_column width=&#8221;1/1&#8243;][vc_column_text][vc_empty_space height=&#8221;20&#8243;]<br />
<strong>Referencia bibliográfica</strong><br />
SETIÉN MARTÍNEZ, Francisco J. (1993): <em>Terrorismo y prensa en la transición política española</em>. Tesis doctoral: Universidad Complutense de Madrid.</p>
<p><a class="button blue  medium " href="http://dialnet.unirioja.es/servlet/tesis?codigo=13892" target="_blank">Consultar PDF</a>[vc_empty_space height=&#8221;10&#8243;]<br />
<strong>Resumen</strong><br />
El terrorismo, fenómeno que ha alcanzado en las últimas décadas un considerable protagonismo político-social, ha despertado mi interés, por ser uno de los conflictos que en su forma actual más implicaciones y problemas supone para las modernas democracias occidentales. No podemos olvidar los dilemas que plantea el terrorismo en cuanto a su relación, siempre difícil, con los medios de comunicación. No cabe duda de que el terrorismo es uno de los problemas que más preocupan a la población actualmente; y en el caso concreto de España, en un período de cambio político, como el que se desarrolló tres la muerte de Franco, con les lógicas tensiones que todo cambio de esta envergadura acarree, hay que añadir también la presencia de la presión terrorista que alcanzó, especialmente entre finales de los años setenta y comienzos de los ochenta una gran virulencia; otorgando a este fenómeno un tono de mayor gravedad. Ya es de por sí el terrorismo un elemento que introduce gran inestabilidad en una sociedad; si e esto añadimos un contexto de cambio político, le dimensión que alcanza el problema es aún mayor.<br />
[vc_empty_space height=&#8221;10&#8243;]<br />
<strong>Autor</strong><br />
Francisco José Setién. <a title="Dialnet" href="http://dialnet.unirioja.es/servlet/autor?codigo=54588" target="_blank">Página del autor en Dialnet.</a><br />
[vc_empty_space height=&#8221;10&#8243;]<br />
<strong>Tipo de documento</strong><br />
Tesis doctoral<br />
[vc_empty_space height=&#8221;10&#8243;]<br />
<a title="Enlace alternativo" href="http://biblioteca.ucm.es/tesis/19911996/S/3/S3012201.pdf" target="_blank"><strong>Enlace alternativo.</strong></a><br />
[/vc_column_text][/vc_column][/vc_row]</p>
</div>

<p>[vc_row][vc_column width=&#8221;1/1&#8243;][vc_column_text][vc_empty_space height=&#8221;20&#8243;] Referencia bibliográfica SETIÉN MARTÍNEZ, Francisco J. (1993): Terrorismo y prensa en la transición política española. Tesis doctoral: Universidad Complutense de Madrid. Consultar PDF[vc_empty_space height=&#8221;10&#8243;] Resumen El terrorismo,&hellip;</p>
