{"id":4302,"date":"2015-11-30T10:51:11","date_gmt":"2015-11-30T10:51:11","guid":{"rendered":"http:\/\/www.arovite.com\/arregi-joseba-2004-2\/"},"modified":"2015-11-30T10:51:11","modified_gmt":"2015-11-30T10:51:11","slug":"arregi-joseba-2004","status":"publish","type":"page","link":"https:\/\/www.arovite.com\/eu\/arregi-joseba-2004\/","title":{"rendered":"ARREGI, Joseba (2004)"},"content":{"rendered":"<div class=\"wpb-content-wrapper\"><p>[vc_row][vc_column width=&#8221;1\/1&#8243;][vc_column_text][vc_empty_space height=&#8221;20&#8243;]<br \/>\n<strong>Referencia bibliogr\u00e1fica<\/strong><br \/>\nARREGI, Joseba (2004): \u00abMemoria, olvido, instituci\u00f3n\u00bb, <em>El Valor de la Palabra<\/em>, n\u00ba 4, pp. 25-38.<\/p>\n<p><a class=\"button blue  medium \" href=\"http:\/\/www.arovite.com\/documentos\/2004_Arregi.pdf\" target=\"_blank\">Consultar PDF<\/a>[vc_empty_space height=&#8221;10&#8243;]<br \/>\n<strong>Resumen<\/strong><br \/>\nTodos aquellos que de una forma u otra se han sentido interpelados por la existencia de las v\u00edctimas, de las <em>v\u00edctimas primarias<\/em>, que son los asesinados y los amenazados por la violencia terrorista, han subrayado de forma un\u00e1nime el <em>valor de la memoria<\/em> y la <em>obligaci\u00f3n de la memoria<\/em>. No de una memoria vengativa, no de una memoria obsesionada por cerrar la historia en el momento en el que sucede la tragedia del asesinato, sino una memoria con capacidad de liberaci\u00f3n, con capacidad creativa de unas estructuras sociales y de poder que permitan una historia m\u00e1s humana en el futuro, una historia que haga m\u00e1s dif\u00edcil la inhumanidad del terror.<br \/>\n[vc_empty_space height=&#8221;10&#8243;]<br \/>\n<strong>Autor<\/strong><br \/>\nJoseba Arregi. <a title=\"Dialnet\" href=\"http:\/\/dialnet.unirioja.es\/servlet\/autor?codigo=320318\" target=\"_blank\">P\u00e1gina del autor en Dialnet.<\/a><br \/>\n[vc_empty_space height=&#8221;10&#8243;]<br \/>\n<strong>Tipo de documento<\/strong><br \/>\nArt\u00edculo<br \/>\n[vc_empty_space height=&#8221;10&#8243;]<br \/>\n<a title=\"Enlace alternativo\" href=\"http:\/\/www.bideo.info\/buesa\/imagenes\/valordelapalabra4.pdf\" target=\"_blank\"><strong>Enlace alternativo.<\/strong><\/a><br \/>\n[vc_empty_space height=&#8221;10&#8243;][\/vc_column_text][\/vc_column][\/vc_row]<\/p>\n<\/div>","protected":false},"excerpt":{"rendered":"<p>[vc_row][vc_column width=&#8221;1\/1&#8243;][vc_column_text][vc_empty_space height=&#8221;20&#8243;] Referencia bibliogr\u00e1fica ARREGI, Joseba (2004): \u00abMemoria, olvido, instituci\u00f3n\u00bb, El Valor de la Palabra, n\u00ba 4, pp. 25-38. Consultar PDF[vc_empty_space height=&#8221;10&#8243;] Resumen Todos aquellos que de una forma&hellip;<\/p>\n","protected":false},"author":2,"featured_media":0,"parent":0,"menu_order":0,"comment_status":"open","ping_status":"open","template":"","meta":{"om_disable_all_campaigns":false,"_monsterinsights_skip_tracking":false,"_monsterinsights_sitenote_active":false,"_monsterinsights_sitenote_note":"","_monsterinsights_sitenote_category":0,"_uf_show_specific_survey":0,"_uf_disable_surveys":false,"_vp_format_video_url":"","_vp_image_focal_point":[],"_vp_custom_popup_image":0,"_vp_format_audio_url":"","_vp_custom_thumbnail":0,"_vp_custom_thumbnail_focal_point":[],"_vp_hover_thumbnail":0,"_vp_hover_thumbnail_focal_point":[],"footnotes":""},"class_list":["post-4302","page","type-page","status-publish","hentry"],"aioseo_notices":[],"_links":{"self":[{"href":"https:\/\/www.arovite.com\/eu\/wp-json\/wp\/v2\/pages\/4302","targetHints":{"allow":["GET"]}}],"collection":[{"href":"https:\/\/www.arovite.com\/eu\/wp-json\/wp\/v2\/pages"}],"about":[{"href":"https:\/\/www.arovite.com\/eu\/wp-json\/wp\/v2\/types\/page"}],"author":[{"embeddable":true,"href":"https:\/\/www.arovite.com\/eu\/wp-json\/wp\/v2\/users\/2"}],"replies":[{"embeddable":true,"href":"https:\/\/www.arovite.com\/eu\/wp-json\/wp\/v2\/comments?post=4302"}],"version-history":[{"count":0,"href":"https:\/\/www.arovite.com\/eu\/wp-json\/wp\/v2\/pages\/4302\/revisions"}],"wp:attachment":[{"href":"https:\/\/www.arovite.com\/eu\/wp-json\/wp\/v2\/media?parent=4302"}],"curies":[{"name":"wp","href":"https:\/\/api.w.org\/{rel}","templated":true}]}}

<div class="wpb-content-wrapper"><p>[vc_row][vc_column width=&#8221;1/1&#8243;][vc_column_text][vc_empty_space height=&#8221;20&#8243;]<br />
<strong>Referencia bibliográfica</strong><br />
ARREGI, Joseba (2004): «Memoria, olvido, institución», <em>El Valor de la Palabra</em>, nº 4, pp. 25-38.</p>
<p><a class="button blue  medium " href="http://www.arovite.com/documentos/2004_Arregi.pdf" target="_blank">Consultar PDF</a>[vc_empty_space height=&#8221;10&#8243;]<br />
<strong>Resumen</strong><br />
Todos aquellos que de una forma u otra se han sentido interpelados por la existencia de las víctimas, de las <em>víctimas primarias</em>, que son los asesinados y los amenazados por la violencia terrorista, han subrayado de forma unánime el <em>valor de la memoria</em> y la <em>obligación de la memoria</em>. No de una memoria vengativa, no de una memoria obsesionada por cerrar la historia en el momento en el que sucede la tragedia del asesinato, sino una memoria con capacidad de liberación, con capacidad creativa de unas estructuras sociales y de poder que permitan una historia más humana en el futuro, una historia que haga más difícil la inhumanidad del terror.<br />
[vc_empty_space height=&#8221;10&#8243;]<br />
<strong>Autor</strong><br />
Joseba Arregi. <a title="Dialnet" href="http://dialnet.unirioja.es/servlet/autor?codigo=320318" target="_blank">Página del autor en Dialnet.</a><br />
[vc_empty_space height=&#8221;10&#8243;]<br />
<strong>Tipo de documento</strong><br />
Artículo<br />
[vc_empty_space height=&#8221;10&#8243;]<br />
<a title="Enlace alternativo" href="http://www.bideo.info/buesa/imagenes/valordelapalabra4.pdf" target="_blank"><strong>Enlace alternativo.</strong></a><br />
[vc_empty_space height=&#8221;10&#8243;][/vc_column_text][/vc_column][/vc_row]</p>
</div>

<p>[vc_row][vc_column width=&#8221;1/1&#8243;][vc_column_text][vc_empty_space height=&#8221;20&#8243;] Referencia bibliográfica ARREGI, Joseba (2004): «Memoria, olvido, institución», El Valor de la Palabra, nº 4, pp. 25-38. Consultar PDF[vc_empty_space height=&#8221;10&#8243;] Resumen Todos aquellos que de una forma&hellip;</p>
