{"id":4266,"date":"2015-11-30T10:35:21","date_gmt":"2015-11-30T10:35:21","guid":{"rendered":"http:\/\/www.arovite.com\/panisello-susana-2014-2\/"},"modified":"2015-11-30T10:35:21","modified_gmt":"2015-11-30T10:35:21","slug":"panisello-susana-2014","status":"publish","type":"page","link":"https:\/\/www.arovite.com\/eu\/panisello-susana-2014\/","title":{"rendered":"PANISELLO, Susana (2014)"},"content":{"rendered":"<div class=\"wpb-content-wrapper\"><p>[vc_row][vc_column width=&#8221;1\/1&#8243;][vc_column_text][vc_empty_space height=&#8221;20&#8243;]<br \/>\n<strong>Referencia bibliogr\u00e1fica<\/strong><br \/>\nPANISELLO, Susana (2014): \u00abLa internacionalizaci\u00f3n de la pol\u00edtica antiterrorista\u00bb, en <em>VI Congreso de la Asociaci\u00f3n de Historiadores del Presente. La apertura internacional de Espa\u00f1a: entre el franquismo y la democracia, 1953-1986<\/em>. Valladolid y Madrid.<\/p>\n<p><a class=\"button blue  medium \" href=\"http:\/\/historiadelpresente.es\/sites\/default\/files\/congresos\/pdf\/43\/susanapanisellosabate.lainternacionalizaciondelapoliticaantiterrorista.pdf\" target=\"_blank\">Consultar PDF<\/a>[vc_empty_space height=&#8221;10&#8243;]<br \/>\n<strong>Resumen<\/strong><br \/>\nDespu\u00e9s de la Guerra civil, Espa\u00f1a se introdujo en una etapa dictatorial que dur\u00f3 cuarenta a\u00f1os. Durante este tiempo el pa\u00eds se sumi\u00f3 en un profundo cerraz\u00f3n con lo que las relaciones internacionales fueron m\u00ednimas. Hasta los pa\u00edses vecinos, Francia y Portugal, cerraron sus puertas a Espa\u00f1a. La falta de libertades provoc\u00f3 el surgimiento de movimientos revolucionarios y bandas armadas; la m\u00e1s conocida fue ETA. En sus inicios estuvo respaldada por pa\u00edses extranjeros, principalmente, por Francia que garantizaba asilo a sus miembros. Cuando Franco muri\u00f3 y se inici\u00f3 la transici\u00f3n democr\u00e1tica, Espa\u00f1a anhelaba abrirse hacia el exterior. Francia no dio ninguna facilidad, ni cuando desde Espa\u00f1a se le pidi\u00f3 que tratara a ETA como una organizaci\u00f3n terrorista. La apertura francesa tard\u00f3 unos cuantos a\u00f1os en producirse y para ello se tuvieron que salvar muchos prejuicios.<br \/>\n[vc_empty_space height=&#8221;10&#8243;]<br \/>\n<strong>Autor<\/strong><br \/>\nSusana Panisello. <a title=\"Dialnet\" href=\"http:\/\/dialnet.unirioja.es\/servlet\/autor?codigo=3462363\" target=\"_blank\">P\u00e1gina del autor en Dialnet.<\/a><br \/>\n[vc_empty_space height=&#8221;10&#8243;]<br \/>\n<strong>Tipo de documento<\/strong><br \/>\nComunicaci\u00f3n<br \/>\n[vc_empty_space height=&#8221;10&#8243;]<br \/>\n[\/vc_column_text][\/vc_column][\/vc_row]<\/p>\n<\/div>","protected":false},"excerpt":{"rendered":"<p>[vc_row][vc_column width=&#8221;1\/1&#8243;][vc_column_text][vc_empty_space height=&#8221;20&#8243;] Referencia bibliogr\u00e1fica PANISELLO, Susana (2014): \u00abLa internacionalizaci\u00f3n de la pol\u00edtica antiterrorista\u00bb, en VI Congreso de la Asociaci\u00f3n de Historiadores del Presente. La apertura internacional de Espa\u00f1a: entre&hellip;<\/p>\n","protected":false},"author":1,"featured_media":0,"parent":0,"menu_order":0,"comment_status":"open","ping_status":"open","template":"","meta":{"om_disable_all_campaigns":false,"_monsterinsights_skip_tracking":false,"_monsterinsights_sitenote_active":false,"_monsterinsights_sitenote_note":"","_monsterinsights_sitenote_category":0,"_uf_show_specific_survey":0,"_uf_disable_surveys":false,"_vp_format_video_url":"","_vp_image_focal_point":[],"_vp_custom_popup_image":0,"_vp_format_audio_url":"","_vp_custom_thumbnail":0,"_vp_custom_thumbnail_focal_point":[],"_vp_hover_thumbnail":0,"_vp_hover_thumbnail_focal_point":[],"footnotes":""},"class_list":["post-4266","page","type-page","status-publish","hentry"],"aioseo_notices":[],"_links":{"self":[{"href":"https:\/\/www.arovite.com\/eu\/wp-json\/wp\/v2\/pages\/4266","targetHints":{"allow":["GET"]}}],"collection":[{"href":"https:\/\/www.arovite.com\/eu\/wp-json\/wp\/v2\/pages"}],"about":[{"href":"https:\/\/www.arovite.com\/eu\/wp-json\/wp\/v2\/types\/page"}],"author":[{"embeddable":true,"href":"https:\/\/www.arovite.com\/eu\/wp-json\/wp\/v2\/users\/1"}],"replies":[{"embeddable":true,"href":"https:\/\/www.arovite.com\/eu\/wp-json\/wp\/v2\/comments?post=4266"}],"version-history":[{"count":0,"href":"https:\/\/www.arovite.com\/eu\/wp-json\/wp\/v2\/pages\/4266\/revisions"}],"wp:attachment":[{"href":"https:\/\/www.arovite.com\/eu\/wp-json\/wp\/v2\/media?parent=4266"}],"curies":[{"name":"wp","href":"https:\/\/api.w.org\/{rel}","templated":true}]}}

<div class="wpb-content-wrapper"><p>[vc_row][vc_column width=&#8221;1/1&#8243;][vc_column_text][vc_empty_space height=&#8221;20&#8243;]<br />
<strong>Referencia bibliográfica</strong><br />
PANISELLO, Susana (2014): «La internacionalización de la política antiterrorista», en <em>VI Congreso de la Asociación de Historiadores del Presente. La apertura internacional de España: entre el franquismo y la democracia, 1953-1986</em>. Valladolid y Madrid.</p>
<p><a class="button blue  medium " href="http://historiadelpresente.es/sites/default/files/congresos/pdf/43/susanapanisellosabate.lainternacionalizaciondelapoliticaantiterrorista.pdf" target="_blank">Consultar PDF</a>[vc_empty_space height=&#8221;10&#8243;]<br />
<strong>Resumen</strong><br />
Después de la Guerra civil, España se introdujo en una etapa dictatorial que duró cuarenta años. Durante este tiempo el país se sumió en un profundo cerrazón con lo que las relaciones internacionales fueron mínimas. Hasta los países vecinos, Francia y Portugal, cerraron sus puertas a España. La falta de libertades provocó el surgimiento de movimientos revolucionarios y bandas armadas; la más conocida fue ETA. En sus inicios estuvo respaldada por países extranjeros, principalmente, por Francia que garantizaba asilo a sus miembros. Cuando Franco murió y se inició la transición democrática, España anhelaba abrirse hacia el exterior. Francia no dio ninguna facilidad, ni cuando desde España se le pidió que tratara a ETA como una organización terrorista. La apertura francesa tardó unos cuantos años en producirse y para ello se tuvieron que salvar muchos prejuicios.<br />
[vc_empty_space height=&#8221;10&#8243;]<br />
<strong>Autor</strong><br />
Susana Panisello. <a title="Dialnet" href="http://dialnet.unirioja.es/servlet/autor?codigo=3462363" target="_blank">Página del autor en Dialnet.</a><br />
[vc_empty_space height=&#8221;10&#8243;]<br />
<strong>Tipo de documento</strong><br />
Comunicación<br />
[vc_empty_space height=&#8221;10&#8243;]<br />
[/vc_column_text][/vc_column][/vc_row]</p>
</div>

<p>[vc_row][vc_column width=&#8221;1/1&#8243;][vc_column_text][vc_empty_space height=&#8221;20&#8243;] Referencia bibliográfica PANISELLO, Susana (2014): «La internacionalización de la política antiterrorista», en VI Congreso de la Asociación de Historiadores del Presente. La apertura internacional de España: entre&hellip;</p>
