{"id":25291,"date":"2026-03-22T09:18:30","date_gmt":"2026-03-22T09:18:30","guid":{"rendered":"https:\/\/www.arovite.com\/veres-cortes-luis-2013\/"},"modified":"2026-03-22T09:18:30","modified_gmt":"2026-03-22T09:18:30","slug":"veres-cortes-luis-2013","status":"publish","type":"page","link":"https:\/\/www.arovite.com\/eu\/veres-cortes-luis-2013\/","title":{"rendered":"VERES CORT\u00c9S, Luis (2013)"},"content":{"rendered":"<div class=\"wpb-content-wrapper\"><p>[vc_row][vc_column width=&#8221;1\/1&#8243;][vc_column_text][vc_empty_space height=&#8221;20&#8243;]<br \/>\n<strong>Referencia bibliogr\u00e1fica<\/strong><\/p>\n<p>VERES CORT\u00c9S, Luis (2013): \u00abTerrorismo, cine y novela en la Espa\u00f1a del S. XXI\u00bb, <em>Eu-top\u00edas: revista de interculturalidad, comunicaci\u00f3n y estudios europeos<\/em>, n\u00ba6, pp. 51-67.<\/p>\n<p><a class=\"button blue  medium \" href=\"https:\/\/ojs.uv.es\/index.php\/eutopias\/article\/view\/18880\" target=\"_blank\">Consultar PDF<\/a>[vc_empty_space height=&#8221;10&#8243;]<br \/>\n<strong>Resumen<\/strong><br \/>\nEl terrorismo de ETA ha sido considerado en opini\u00f3n de las encuestas del Centro de Investigaciones Sociol\u00f3gicas uno de los problemas m\u00e1s graves de la sociedad espa\u00f1ola desde inicios de los a\u00f1os sesenta, con especial incidencia en la d\u00e9cada de los ochenta. Sin embargo, a pesar de la trascendencia del problema, el cine espa\u00f1ol no reflej\u00f3 en tantas pel\u00edculas como era de esperar la cuesti\u00f3n. Este art\u00edculo trata de reflexionar sobre la historia del cine espa\u00f1ol en relaci\u00f3n con el tema del terrorismo de ETA y las motivaciones que hicieron esquivar el tema del terrorismo en la sociedad espa\u00f1ola a la vez que pretende realizar un recorrido hist\u00f3rico y cr\u00edtico por los principales t\u00edtulos que trataron esta tem\u00e1tica.[vc_empty_space height=&#8221;10&#8243;]<br \/>\n<strong>Autor<\/strong><br \/>\nLuis Veres. <a title=\"Dialnet\" href=\"https:\/\/dialnet.unirioja.es\/servlet\/autor?codigo=225463\" target=\"_blank\">P\u00e1gina del autor en Dialnet.<\/a><br \/>\n[vc_empty_space height=&#8221;10&#8243;]<br \/>\n<strong>Tipo de documento<\/strong><br \/>\nArt\u00edculo<br \/>\n[vc_empty_space height=&#8221;10&#8243;]<br \/>\n[\/vc_column_text][\/vc_column][\/vc_row]<\/p>\n<\/div>","protected":false},"excerpt":{"rendered":"<p>[vc_row][vc_column width=&#8221;1\/1&#8243;][vc_column_text][vc_empty_space height=&#8221;20&#8243;] Referencia bibliogr\u00e1fica VERES CORT\u00c9S, Luis (2013): \u00abTerrorismo, cine y novela en la Espa\u00f1a del S. XXI\u00bb, Eu-top\u00edas: revista de interculturalidad, comunicaci\u00f3n y estudios europeos, n\u00ba6, pp. 51-67.&hellip;<\/p>\n","protected":false},"author":1,"featured_media":0,"parent":0,"menu_order":0,"comment_status":"closed","ping_status":"closed","template":"","meta":{"om_disable_all_campaigns":false,"_monsterinsights_skip_tracking":false,"_monsterinsights_sitenote_active":false,"_monsterinsights_sitenote_note":"","_monsterinsights_sitenote_category":0,"_uf_show_specific_survey":0,"_uf_disable_surveys":false,"_vp_format_video_url":"","_vp_image_focal_point":[],"_vp_custom_popup_image":0,"_vp_format_audio_url":"","_vp_custom_thumbnail":0,"_vp_custom_thumbnail_focal_point":[],"_vp_hover_thumbnail":0,"_vp_hover_thumbnail_focal_point":[],"footnotes":""},"class_list":["post-25291","page","type-page","status-publish","hentry"],"aioseo_notices":[],"_links":{"self":[{"href":"https:\/\/www.arovite.com\/eu\/wp-json\/wp\/v2\/pages\/25291","targetHints":{"allow":["GET"]}}],"collection":[{"href":"https:\/\/www.arovite.com\/eu\/wp-json\/wp\/v2\/pages"}],"about":[{"href":"https:\/\/www.arovite.com\/eu\/wp-json\/wp\/v2\/types\/page"}],"author":[{"embeddable":true,"href":"https:\/\/www.arovite.com\/eu\/wp-json\/wp\/v2\/users\/1"}],"replies":[{"embeddable":true,"href":"https:\/\/www.arovite.com\/eu\/wp-json\/wp\/v2\/comments?post=25291"}],"version-history":[{"count":0,"href":"https:\/\/www.arovite.com\/eu\/wp-json\/wp\/v2\/pages\/25291\/revisions"}],"wp:attachment":[{"href":"https:\/\/www.arovite.com\/eu\/wp-json\/wp\/v2\/media?parent=25291"}],"curies":[{"name":"wp","href":"https:\/\/api.w.org\/{rel}","templated":true}]}}

VERES CORTÉS, Luis (2013)

<div class="wpb-content-wrapper"><p>[vc_row][vc_column width=&#8221;1/1&#8243;][vc_column_text][vc_empty_space height=&#8221;20&#8243;]<br />
<strong>Referencia bibliográfica</strong></p>
<p>VERES CORTÉS, Luis (2013): «Terrorismo, cine y novela en la España del S. XXI», <em>Eu-topías: revista de interculturalidad, comunicación y estudios europeos</em>, nº6, pp. 51-67.</p>
<p><a class="button blue  medium " href="https://ojs.uv.es/index.php/eutopias/article/view/18880" target="_blank">Consultar PDF</a>[vc_empty_space height=&#8221;10&#8243;]<br />
<strong>Resumen</strong><br />
El terrorismo de ETA ha sido considerado en opinión de las encuestas del Centro de Investigaciones Sociológicas uno de los problemas más graves de la sociedad española desde inicios de los años sesenta, con especial incidencia en la década de los ochenta. Sin embargo, a pesar de la trascendencia del problema, el cine español no reflejó en tantas películas como era de esperar la cuestión. Este artículo trata de reflexionar sobre la historia del cine español en relación con el tema del terrorismo de ETA y las motivaciones que hicieron esquivar el tema del terrorismo en la sociedad española a la vez que pretende realizar un recorrido histórico y crítico por los principales títulos que trataron esta temática.[vc_empty_space height=&#8221;10&#8243;]<br />
<strong>Autor</strong><br />
Luis Veres. <a title="Dialnet" href="https://dialnet.unirioja.es/servlet/autor?codigo=225463" target="_blank">Página del autor en Dialnet.</a><br />
[vc_empty_space height=&#8221;10&#8243;]<br />
<strong>Tipo de documento</strong><br />
Artículo<br />
[vc_empty_space height=&#8221;10&#8243;]<br />
[/vc_column_text][/vc_column][/vc_row]</p>
</div>

<p>[vc_row][vc_column width=&#8221;1/1&#8243;][vc_column_text][vc_empty_space height=&#8221;20&#8243;] Referencia bibliográfica VERES CORTÉS, Luis (2013): «Terrorismo, cine y novela en la España del S. XXI», Eu-topías: revista de interculturalidad, comunicación y estudios europeos, nº6, pp. 51-67.&hellip;</p>
