{"id":25286,"date":"2026-03-22T09:14:18","date_gmt":"2026-03-22T09:14:18","guid":{"rendered":"https:\/\/www.arovite.com\/urquia-uriaguereca-inigo-2023\/"},"modified":"2026-03-22T09:14:18","modified_gmt":"2026-03-22T09:14:18","slug":"urquia-uriaguereca-inigo-2023","status":"publish","type":"page","link":"https:\/\/www.arovite.com\/eu\/urquia-uriaguereca-inigo-2023\/","title":{"rendered":"URQU\u00cdA URIAGUERECA, I\u00f1igo (2023)"},"content":{"rendered":"<div class=\"wpb-content-wrapper\"><p>[vc_row][vc_column width=&#8221;1\/1&#8243;][vc_column_text][vc_empty_space height=&#8221;20&#8243;]<br \/>\n<strong>Referencia bibliogr\u00e1fica<\/strong><\/p>\n<p>URQU\u00cdA URIAGUERECA, I\u00f1igo (2023): \u00abM\u00edmesis de vigencias sociales en <em>Patria<\/em>. La novela\u00bb, en ABELL\u00c1N-GARC\u00cdA BARRIO, \u00c1lvaro (coord.): <em>Mundos posibles po\u00e9ticos. El caso de <\/em>Patria<em>: el pueblo, la novela, la serie<\/em>. Madrid: Catarata, pp. 65-85.<\/p>\n<p><a class=\"button blue  medium \" href=\"https:\/\/ddfv.ufv.es\/rest\/api\/core\/bitstreams\/32088fcd-800d-4106-a3ad-5f21eac67f96\/content\" target=\"_blank\">Consultar PDF<\/a>[vc_empty_space height=&#8221;10&#8243;]<br \/>\n<strong>Resumen<\/strong><br \/>\n\u201cLa patria vasca es esa idealizaci\u00f3n del colectivo, del pueblo, que afecta a todos, sean o no patriotas, y ante el cual todos tienen que definirse, siendo adeptos, o disintiendo, o call\u00e1ndose. Me parec\u00eda que era un paraguas que afectaba a todos, no por igual, no todos se posicionaban de la misma manera\u201d (Urqu\u00eda, Encinas y Rubio, 2022). As\u00ed explica Fernando Aramburu el sentido que tiene el t\u00edtulo de su novela. La imagen del paraguas que cubre a todos los personajes parece una met\u00e1fora adecuada para referirnos al prop\u00f3sito de este cap\u00edtulo: estudiar c\u00f3mo en <em>Patria<\/em> (Aramburu, 2016) los personajes viven insertos en una sociedad cuyas caracter\u00edsticas impulsan, facilitan, entorpecen o impiden sus acciones y sus vidas. As\u00ed, lo social no se reduce a la suma de los individuos que forman una sociedad, sino que lo forma el entramado de usos, costumbres, estimaciones y pretensiones en el que estos despliegan sus vidas. [vc_empty_space height=&#8221;10&#8243;]<br \/>\n<strong>Autor<\/strong><br \/>\nI\u00f1igo Urqu\u00eda Uriaguereca. <a title=\"Dialnet\" href=\"https:\/\/dialnet.unirioja.es\/servlet\/autor?codigo=4989651\" target=\"_blank\">P\u00e1gina del autor en Dialnet.<\/a><br \/>\n[vc_empty_space height=&#8221;10&#8243;]<br \/>\n<strong>Tipo de documento<\/strong><br \/>\nCap\u00edtulo de libro<br \/>\n[vc_empty_space height=&#8221;10&#8243;]<br \/>\n[\/vc_column_text][\/vc_column][\/vc_row]<\/p>\n<\/div>","protected":false},"excerpt":{"rendered":"<p>[vc_row][vc_column width=&#8221;1\/1&#8243;][vc_column_text][vc_empty_space height=&#8221;20&#8243;] Referencia bibliogr\u00e1fica URQU\u00cdA URIAGUERECA, I\u00f1igo (2023): \u00abM\u00edmesis de vigencias sociales en Patria. La novela\u00bb, en ABELL\u00c1N-GARC\u00cdA BARRIO, \u00c1lvaro (coord.): Mundos posibles po\u00e9ticos. El caso de Patria: el&hellip;<\/p>\n","protected":false},"author":1,"featured_media":0,"parent":0,"menu_order":0,"comment_status":"closed","ping_status":"closed","template":"","meta":{"om_disable_all_campaigns":false,"_monsterinsights_skip_tracking":false,"_monsterinsights_sitenote_active":false,"_monsterinsights_sitenote_note":"","_monsterinsights_sitenote_category":0,"_uf_show_specific_survey":0,"_uf_disable_surveys":false,"_vp_format_video_url":"","_vp_image_focal_point":[],"_vp_custom_popup_image":0,"_vp_format_audio_url":"","_vp_custom_thumbnail":0,"_vp_custom_thumbnail_focal_point":[],"_vp_hover_thumbnail":0,"_vp_hover_thumbnail_focal_point":[],"footnotes":""},"class_list":["post-25286","page","type-page","status-publish","hentry"],"aioseo_notices":[],"_links":{"self":[{"href":"https:\/\/www.arovite.com\/eu\/wp-json\/wp\/v2\/pages\/25286","targetHints":{"allow":["GET"]}}],"collection":[{"href":"https:\/\/www.arovite.com\/eu\/wp-json\/wp\/v2\/pages"}],"about":[{"href":"https:\/\/www.arovite.com\/eu\/wp-json\/wp\/v2\/types\/page"}],"author":[{"embeddable":true,"href":"https:\/\/www.arovite.com\/eu\/wp-json\/wp\/v2\/users\/1"}],"replies":[{"embeddable":true,"href":"https:\/\/www.arovite.com\/eu\/wp-json\/wp\/v2\/comments?post=25286"}],"version-history":[{"count":0,"href":"https:\/\/www.arovite.com\/eu\/wp-json\/wp\/v2\/pages\/25286\/revisions"}],"wp:attachment":[{"href":"https:\/\/www.arovite.com\/eu\/wp-json\/wp\/v2\/media?parent=25286"}],"curies":[{"name":"wp","href":"https:\/\/api.w.org\/{rel}","templated":true}]}}

URQUÍA URIAGUERECA, Iñigo (2023)

<div class="wpb-content-wrapper"><p>[vc_row][vc_column width=&#8221;1/1&#8243;][vc_column_text][vc_empty_space height=&#8221;20&#8243;]<br />
<strong>Referencia bibliográfica</strong></p>
<p>URQUÍA URIAGUERECA, Iñigo (2023): «Mímesis de vigencias sociales en <em>Patria</em>. La novela», en ABELLÁN-GARCÍA BARRIO, Álvaro (coord.): <em>Mundos posibles poéticos. El caso de </em>Patria<em>: el pueblo, la novela, la serie</em>. Madrid: Catarata, pp. 65-85.</p>
<p><a class="button blue  medium " href="https://ddfv.ufv.es/rest/api/core/bitstreams/32088fcd-800d-4106-a3ad-5f21eac67f96/content" target="_blank">Consultar PDF</a>[vc_empty_space height=&#8221;10&#8243;]<br />
<strong>Resumen</strong><br />
“La patria vasca es esa idealización del colectivo, del pueblo, que afecta a todos, sean o no patriotas, y ante el cual todos tienen que definirse, siendo adeptos, o disintiendo, o callándose. Me parecía que era un paraguas que afectaba a todos, no por igual, no todos se posicionaban de la misma manera” (Urquía, Encinas y Rubio, 2022). Así explica Fernando Aramburu el sentido que tiene el título de su novela. La imagen del paraguas que cubre a todos los personajes parece una metáfora adecuada para referirnos al propósito de este capítulo: estudiar cómo en <em>Patria</em> (Aramburu, 2016) los personajes viven insertos en una sociedad cuyas características impulsan, facilitan, entorpecen o impiden sus acciones y sus vidas. Así, lo social no se reduce a la suma de los individuos que forman una sociedad, sino que lo forma el entramado de usos, costumbres, estimaciones y pretensiones en el que estos despliegan sus vidas. [vc_empty_space height=&#8221;10&#8243;]<br />
<strong>Autor</strong><br />
Iñigo Urquía Uriaguereca. <a title="Dialnet" href="https://dialnet.unirioja.es/servlet/autor?codigo=4989651" target="_blank">Página del autor en Dialnet.</a><br />
[vc_empty_space height=&#8221;10&#8243;]<br />
<strong>Tipo de documento</strong><br />
Capítulo de libro<br />
[vc_empty_space height=&#8221;10&#8243;]<br />
[/vc_column_text][/vc_column][/vc_row]</p>
</div>

<p>[vc_row][vc_column width=&#8221;1/1&#8243;][vc_column_text][vc_empty_space height=&#8221;20&#8243;] Referencia bibliográfica URQUÍA URIAGUERECA, Iñigo (2023): «Mímesis de vigencias sociales en Patria. La novela», en ABELLÁN-GARCÍA BARRIO, Álvaro (coord.): Mundos posibles poéticos. El caso de Patria: el&hellip;</p>
