{"id":25256,"date":"2026-03-22T08:13:56","date_gmt":"2026-03-22T08:13:56","guid":{"rendered":"https:\/\/www.arovite.com\/olaziregi-mari-jose-2017\/"},"modified":"2026-03-22T08:13:56","modified_gmt":"2026-03-22T08:13:56","slug":"olaziregi-mari-jose-2017","status":"publish","type":"page","link":"https:\/\/www.arovite.com\/eu\/olaziregi-mari-jose-2017\/","title":{"rendered":"OLAZIREGI, Mari Jose (2017)"},"content":{"rendered":"<div class=\"wpb-content-wrapper\"><p>[vc_row][vc_column width=&#8221;1\/1&#8243;][vc_column_text][vc_empty_space height=&#8221;20&#8243;]<br \/>\n<strong>Referencia bibliogr\u00e1fica<\/strong><\/p>\n<p>OLAZIREGI, Mari Jose (2017): \u00abLiteratura vasca y conflicto pol\u00edtico\u00bb, <em>Diablotexto digital<\/em>, n\u00ba 2, pp. 6-29.<\/p>\n<p><a class=\"button blue  medium \" href=\"https:\/\/ojs.uv.es\/index.php\/diablotexto\/article\/view\/10144\/10632\" target=\"_blank\">Consultar PDF<\/a>[vc_empty_space height=&#8221;10&#8243;]<br \/>\n<strong>Resumen<\/strong><br \/>\nEl art\u00edculo analiza la narrativizaci\u00f3n del conflicto vasco por los escritores vascos. Se parte del an\u00e1lisis del contexto socio-hist\u00f3rico en el que esta literatura ha sido creada, y las presiones a las que los creadores han respondido durante las \u00faltimas d\u00e9cadas. En un primera apartado, se reflexiona sobre el <em>memory boom<\/em> que tambi\u00e9n se est\u00e1 viviendo en el contexto vasco, para a continuaci\u00f3n esbozar la evoluci\u00f3n de la literatura vasca que trata el tema y los debates que ha generado dicho tratamiento. Un \u00faltimo apartado plantea una breve nota sobre la pol\u00edtica de g\u00e9nero que ha seguido el tratamiento literario del conflicto. [vc_empty_space height=&#8221;10&#8243;]<br \/>\n<strong>Abstract<\/strong><br \/>\nThe objective of this article is to reflect on the narrativisation of the Basque conflict by Basque writers. It begins with an overlook of the socio-historical context in which this literature has been created, and the pressures which writers have faced in recent decades. The article is organized in three clearly demarcated sections: the first one, contextualizes the memory boom that we are also experiencing in the Basque context, before then moving on to the outline of the evolution of the Basque literature that addresses the topic and the debates that such treatment has generated. The last section offers a very brief note on the gender politics which has followed the literary treatment of the conflict.<br \/>\n[vc_empty_space height=&#8221;10&#8243;]<br \/>\n<strong>Autor<\/strong><br \/>\nMar\u00eda Jos\u00e9 Olaziregi Alustiza. <a title=\"Dialnet\" href=\"https:\/\/dialnet.unirioja.es\/servlet\/autor?codigo=151088\" target=\"_blank\">P\u00e1gina del autor en Dialnet.<\/a><br \/>\n[vc_empty_space height=&#8221;10&#8243;]<br \/>\n<strong>Tipo de documento<\/strong><br \/>\nArt\u00edculo<br \/>\n[vc_empty_space height=&#8221;10&#8243;]<br \/>\n[\/vc_column_text][\/vc_column][\/vc_row]<\/p>\n<\/div>","protected":false},"excerpt":{"rendered":"<p>[vc_row][vc_column width=&#8221;1\/1&#8243;][vc_column_text][vc_empty_space height=&#8221;20&#8243;] Referencia bibliogr\u00e1fica OLAZIREGI, Mari Jose (2017): \u00abLiteratura vasca y conflicto pol\u00edtico\u00bb, Diablotexto digital, n\u00ba 2, pp. 6-29. Consultar PDF[vc_empty_space height=&#8221;10&#8243;] Resumen El art\u00edculo analiza la narrativizaci\u00f3n del&hellip;<\/p>\n","protected":false},"author":1,"featured_media":0,"parent":0,"menu_order":0,"comment_status":"closed","ping_status":"closed","template":"","meta":{"om_disable_all_campaigns":false,"_monsterinsights_skip_tracking":false,"_monsterinsights_sitenote_active":false,"_monsterinsights_sitenote_note":"","_monsterinsights_sitenote_category":0,"_uf_show_specific_survey":0,"_uf_disable_surveys":false,"_vp_format_video_url":"","_vp_image_focal_point":[],"_vp_custom_popup_image":0,"_vp_format_audio_url":"","_vp_custom_thumbnail":0,"_vp_custom_thumbnail_focal_point":[],"_vp_hover_thumbnail":0,"_vp_hover_thumbnail_focal_point":[],"footnotes":""},"class_list":["post-25256","page","type-page","status-publish","hentry"],"aioseo_notices":[],"_links":{"self":[{"href":"https:\/\/www.arovite.com\/eu\/wp-json\/wp\/v2\/pages\/25256","targetHints":{"allow":["GET"]}}],"collection":[{"href":"https:\/\/www.arovite.com\/eu\/wp-json\/wp\/v2\/pages"}],"about":[{"href":"https:\/\/www.arovite.com\/eu\/wp-json\/wp\/v2\/types\/page"}],"author":[{"embeddable":true,"href":"https:\/\/www.arovite.com\/eu\/wp-json\/wp\/v2\/users\/1"}],"replies":[{"embeddable":true,"href":"https:\/\/www.arovite.com\/eu\/wp-json\/wp\/v2\/comments?post=25256"}],"version-history":[{"count":0,"href":"https:\/\/www.arovite.com\/eu\/wp-json\/wp\/v2\/pages\/25256\/revisions"}],"wp:attachment":[{"href":"https:\/\/www.arovite.com\/eu\/wp-json\/wp\/v2\/media?parent=25256"}],"curies":[{"name":"wp","href":"https:\/\/api.w.org\/{rel}","templated":true}]}}

<div class="wpb-content-wrapper"><p>[vc_row][vc_column width=&#8221;1/1&#8243;][vc_column_text][vc_empty_space height=&#8221;20&#8243;]<br />
<strong>Referencia bibliográfica</strong></p>
<p>OLAZIREGI, Mari Jose (2017): «Literatura vasca y conflicto político», <em>Diablotexto digital</em>, nº 2, pp. 6-29.</p>
<p><a class="button blue  medium " href="https://ojs.uv.es/index.php/diablotexto/article/view/10144/10632" target="_blank">Consultar PDF</a>[vc_empty_space height=&#8221;10&#8243;]<br />
<strong>Resumen</strong><br />
El artículo analiza la narrativización del conflicto vasco por los escritores vascos. Se parte del análisis del contexto socio-histórico en el que esta literatura ha sido creada, y las presiones a las que los creadores han respondido durante las últimas décadas. En un primera apartado, se reflexiona sobre el <em>memory boom</em> que también se está viviendo en el contexto vasco, para a continuación esbozar la evolución de la literatura vasca que trata el tema y los debates que ha generado dicho tratamiento. Un último apartado plantea una breve nota sobre la política de género que ha seguido el tratamiento literario del conflicto. [vc_empty_space height=&#8221;10&#8243;]<br />
<strong>Abstract</strong><br />
The objective of this article is to reflect on the narrativisation of the Basque conflict by Basque writers. It begins with an overlook of the socio-historical context in which this literature has been created, and the pressures which writers have faced in recent decades. The article is organized in three clearly demarcated sections: the first one, contextualizes the memory boom that we are also experiencing in the Basque context, before then moving on to the outline of the evolution of the Basque literature that addresses the topic and the debates that such treatment has generated. The last section offers a very brief note on the gender politics which has followed the literary treatment of the conflict.<br />
[vc_empty_space height=&#8221;10&#8243;]<br />
<strong>Autor</strong><br />
María José Olaziregi Alustiza. <a title="Dialnet" href="https://dialnet.unirioja.es/servlet/autor?codigo=151088" target="_blank">Página del autor en Dialnet.</a><br />
[vc_empty_space height=&#8221;10&#8243;]<br />
<strong>Tipo de documento</strong><br />
Artículo<br />
[vc_empty_space height=&#8221;10&#8243;]<br />
[/vc_column_text][/vc_column][/vc_row]</p>
</div>

<p>[vc_row][vc_column width=&#8221;1/1&#8243;][vc_column_text][vc_empty_space height=&#8221;20&#8243;] Referencia bibliográfica OLAZIREGI, Mari Jose (2017): «Literatura vasca y conflicto político», Diablotexto digital, nº 2, pp. 6-29. Consultar PDF[vc_empty_space height=&#8221;10&#8243;] Resumen El artículo analiza la narrativización del&hellip;</p>
