{"id":25252,"date":"2026-03-22T08:08:51","date_gmt":"2026-03-22T08:08:51","guid":{"rendered":"https:\/\/www.arovite.com\/martinez-maria-victoria-2018\/"},"modified":"2026-03-22T08:08:51","modified_gmt":"2026-03-22T08:08:51","slug":"martinez-maria-victoria-2018","status":"publish","type":"page","link":"https:\/\/www.arovite.com\/eu\/martinez-maria-victoria-2018\/","title":{"rendered":"MART\u00cdNEZ, Mar\u00eda Victoria (2018)"},"content":{"rendered":"<div class=\"wpb-content-wrapper\"><p>[vc_row][vc_column width=&#8221;1\/1&#8243;][vc_column_text][vc_empty_space height=&#8221;20&#8243;]<br \/>\n<strong>Referencia bibliogr\u00e1fica<\/strong><\/p>\n<p>MART\u00cdNEZ, Mar\u00eda Victoria (2018): \u00abMemoria, Historia, Relato. Contar los a\u00f1os de ETA seg\u00fan <em>Patria<\/em>, de Fernando Aramburu\u00bb, <em>RECIAL: Revista del Centro de Investigaciones de la Facultad de Filosof\u00eda y Humanidades<\/em>, n\u00ba 13, pp. 1-19.<\/p>\n<p><a class=\"button blue  medium \" href=\"file:\/\/\/C:\/Users\/Propietario\/Downloads\/Dialnet-MemoriaHistoriaRelato-6540192.pdf\" target=\"_blank\">Consultar PDF<\/a>[vc_empty_space height=&#8221;10&#8243;]<br \/>\n<strong>Resumen<\/strong><br \/>\n<em>Patria<\/em> es una novela de 2016 del escritor Fernando Aramburu (San Sebasti\u00e1n, 1959), que narra la historia de dos familias vascas en un clima social de creciente animadversi\u00f3n. El relato abarca casi 30 a\u00f1os, desde mediados de los ochenta hasta tiempo despu\u00e9s del cese definitivo de la violencia de ETA, en 2011. El autor plantea aqu\u00ed su particular visi\u00f3n del conflicto en la sociedad vasca y su dif\u00edcil convivencia con el Estado espa\u00f1ol. <em>Patria<\/em> constituye, adem\u00e1s, su aporte a la \u201cbatalla hermen\u00e9utica (\u2026) para construir el relato de lo que ha ocurrido en los \u00faltimos cincuenta a\u00f1os en los territorios vascos.\u201d (Portela, 2016: 31-2) En efecto, el autor ha manifestado p\u00fablicamente el deseo de que su obra aporte desde la literatura a la desarticulaci\u00f3n de ETA; pues \u201ces urgente que los contempor\u00e1neos del terrorismo escriban relatos para que los verdugos no se conviertan en h\u00e9roes\u201d (Aramburu, 2017). La novela ha recibido diversos premios y reconocimientos oficiales, as\u00ed como tambi\u00e9n cr\u00edticas adversas desde otras perspectivas. Por nuestra parte, procuraremos reconocer los esquemas y elementos discursivos que articulan el posicionamiento personal del autor, para esclarecer su aporte al debate hermen\u00e9utico planteado en Euskadi en torno a la construcci\u00f3n de una memoria social de las d\u00e9cadas pasadas. [vc_empty_space height=&#8221;10&#8243;]<br \/>\n<strong>Autor<\/strong><br \/>\nMar\u00eda Victoria Mart\u00ednez. <a title=\"Dialnet\" href=\"https:\/\/dialnet.unirioja.es\/servlet\/autor?codigo=2565810\" target=\"_blank\">P\u00e1gina del autor en Dialnet.<\/a><br \/>\n[vc_empty_space height=&#8221;10&#8243;]<br \/>\n<strong>Tipo de documento<\/strong><br \/>\nArt\u00edculo<br \/>\n[vc_empty_space height=&#8221;10&#8243;]<br \/>\n[\/vc_column_text][\/vc_column][\/vc_row]<\/p>\n<\/div>","protected":false},"excerpt":{"rendered":"<p>[vc_row][vc_column width=&#8221;1\/1&#8243;][vc_column_text][vc_empty_space height=&#8221;20&#8243;] Referencia bibliogr\u00e1fica MART\u00cdNEZ, Mar\u00eda Victoria (2018): \u00abMemoria, Historia, Relato. Contar los a\u00f1os de ETA seg\u00fan Patria, de Fernando Aramburu\u00bb, RECIAL: Revista del Centro de Investigaciones de la&hellip;<\/p>\n","protected":false},"author":1,"featured_media":0,"parent":0,"menu_order":0,"comment_status":"closed","ping_status":"closed","template":"","meta":{"om_disable_all_campaigns":false,"_monsterinsights_skip_tracking":false,"_monsterinsights_sitenote_active":false,"_monsterinsights_sitenote_note":"","_monsterinsights_sitenote_category":0,"_uf_show_specific_survey":0,"_uf_disable_surveys":false,"_vp_format_video_url":"","_vp_image_focal_point":[],"_vp_custom_popup_image":0,"_vp_format_audio_url":"","_vp_custom_thumbnail":0,"_vp_custom_thumbnail_focal_point":[],"_vp_hover_thumbnail":0,"_vp_hover_thumbnail_focal_point":[],"footnotes":""},"class_list":["post-25252","page","type-page","status-publish","hentry"],"aioseo_notices":[],"_links":{"self":[{"href":"https:\/\/www.arovite.com\/eu\/wp-json\/wp\/v2\/pages\/25252","targetHints":{"allow":["GET"]}}],"collection":[{"href":"https:\/\/www.arovite.com\/eu\/wp-json\/wp\/v2\/pages"}],"about":[{"href":"https:\/\/www.arovite.com\/eu\/wp-json\/wp\/v2\/types\/page"}],"author":[{"embeddable":true,"href":"https:\/\/www.arovite.com\/eu\/wp-json\/wp\/v2\/users\/1"}],"replies":[{"embeddable":true,"href":"https:\/\/www.arovite.com\/eu\/wp-json\/wp\/v2\/comments?post=25252"}],"version-history":[{"count":0,"href":"https:\/\/www.arovite.com\/eu\/wp-json\/wp\/v2\/pages\/25252\/revisions"}],"wp:attachment":[{"href":"https:\/\/www.arovite.com\/eu\/wp-json\/wp\/v2\/media?parent=25252"}],"curies":[{"name":"wp","href":"https:\/\/api.w.org\/{rel}","templated":true}]}}

MARTÍNEZ, María Victoria (2018)

<div class="wpb-content-wrapper"><p>[vc_row][vc_column width=&#8221;1/1&#8243;][vc_column_text][vc_empty_space height=&#8221;20&#8243;]<br />
<strong>Referencia bibliográfica</strong></p>
<p>MARTÍNEZ, María Victoria (2018): «Memoria, Historia, Relato. Contar los años de ETA según <em>Patria</em>, de Fernando Aramburu», <em>RECIAL: Revista del Centro de Investigaciones de la Facultad de Filosofía y Humanidades</em>, nº 13, pp. 1-19.</p>
<p><a class="button blue  medium " href="file:///C:/Users/Propietario/Downloads/Dialnet-MemoriaHistoriaRelato-6540192.pdf" target="_blank">Consultar PDF</a>[vc_empty_space height=&#8221;10&#8243;]<br />
<strong>Resumen</strong><br />
<em>Patria</em> es una novela de 2016 del escritor Fernando Aramburu (San Sebastián, 1959), que narra la historia de dos familias vascas en un clima social de creciente animadversión. El relato abarca casi 30 años, desde mediados de los ochenta hasta tiempo después del cese definitivo de la violencia de ETA, en 2011. El autor plantea aquí su particular visión del conflicto en la sociedad vasca y su difícil convivencia con el Estado español. <em>Patria</em> constituye, además, su aporte a la “batalla hermenéutica (…) para construir el relato de lo que ha ocurrido en los últimos cincuenta años en los territorios vascos.” (Portela, 2016: 31-2) En efecto, el autor ha manifestado públicamente el deseo de que su obra aporte desde la literatura a la desarticulación de ETA; pues “es urgente que los contemporáneos del terrorismo escriban relatos para que los verdugos no se conviertan en héroes” (Aramburu, 2017). La novela ha recibido diversos premios y reconocimientos oficiales, así como también críticas adversas desde otras perspectivas. Por nuestra parte, procuraremos reconocer los esquemas y elementos discursivos que articulan el posicionamiento personal del autor, para esclarecer su aporte al debate hermenéutico planteado en Euskadi en torno a la construcción de una memoria social de las décadas pasadas. [vc_empty_space height=&#8221;10&#8243;]<br />
<strong>Autor</strong><br />
María Victoria Martínez. <a title="Dialnet" href="https://dialnet.unirioja.es/servlet/autor?codigo=2565810" target="_blank">Página del autor en Dialnet.</a><br />
[vc_empty_space height=&#8221;10&#8243;]<br />
<strong>Tipo de documento</strong><br />
Artículo<br />
[vc_empty_space height=&#8221;10&#8243;]<br />
[/vc_column_text][/vc_column][/vc_row]</p>
</div>

<p>[vc_row][vc_column width=&#8221;1/1&#8243;][vc_column_text][vc_empty_space height=&#8221;20&#8243;] Referencia bibliográfica MARTÍNEZ, María Victoria (2018): «Memoria, Historia, Relato. Contar los años de ETA según Patria, de Fernando Aramburu», RECIAL: Revista del Centro de Investigaciones de la&hellip;</p>
