{"id":25240,"date":"2026-03-22T07:54:56","date_gmt":"2026-03-22T07:54:56","guid":{"rendered":"https:\/\/www.arovite.com\/labiano-juangarcia-roncesvalles-hernandez-ruiz-victoria-y-urquia-uriaguereca-inigo-2022\/"},"modified":"2026-03-22T07:54:56","modified_gmt":"2026-03-22T07:54:56","slug":"labiano-juangarcia-roncesvalles-hernandez-ruiz-victoria-y-urquia-uriaguereca-inigo-2022","status":"publish","type":"page","link":"https:\/\/www.arovite.com\/eu\/labiano-juangarcia-roncesvalles-hernandez-ruiz-victoria-y-urquia-uriaguereca-inigo-2022\/","title":{"rendered":"LABIANO JUANGARC\u00cdA, Roncesvalles, HERN\u00c1NDEZ RUIZ, Victoria y URQU\u00cdA URIAGUERECA, I\u00f1igo (2022)"},"content":{"rendered":"<div class=\"wpb-content-wrapper\"><p>[vc_row][vc_column width=&#8221;1\/1&#8243;][vc_column_text][vc_empty_space height=&#8221;20&#8243;]<br \/>\n<strong>Referencia bibliogr\u00e1fica<\/strong><\/p>\n<p>LABIANO JUANGARC\u00cdA, Roncesvalles, HERN\u00c1NDEZ RUIZ, Victoria y URQU\u00cdA URIAGUERECA, I\u00f1igo (2022): \u00abM\u00e1s que una novela. Representaci\u00f3n y recepci\u00f3n del mundo en <em>Patria<\/em> de Fernando Aramburu\u00bb, <em>\u00c1mbitos. Revista de Estudios de ciencias sociales y humanidades<\/em>, n\u00ba 48, pp. 101-113.<\/p>\n<p><a class=\"button blue  medium \" href=\"https:\/\/helvia.uco.es\/xmlui\/bitstream\/handle\/10396\/25022\/ambitos_48_9.pdf?sequence=1&#038;isAllowed=y\" target=\"_blank\">Consultar PDF<\/a>[vc_empty_space height=&#8221;10&#8243;]<br \/>\n<strong>Resumen<\/strong><br \/>\nLa representaci\u00f3n de mundos literarios de ficci\u00f3n contribuye a la configuraci\u00f3n de la visi\u00f3n que tenemos de la realidad actual. Desde ese punto de partida, analizaremos seis tribunas de opini\u00f3n \u2013representativas del espectro ideol\u00f3gico y medi\u00e1tico espa\u00f1ol y regional vasco\u2013 en busca de indicios que muestren en qu\u00e9 medida la recepci\u00f3n de <em>Patria<\/em> (Aramburu 2016) \u2013directa e indirecta\u2013 ayuda a comprender lo ocurrido en las \u00faltimas d\u00e9cadas en el Pa\u00eds Vasco y puede reactivar un sistema de vigencias en desuso o desconocido. Partiendo de nociones procedentes de la pragm\u00e1tica ficcional y la cr\u00edtica, a trav\u00e9s del an\u00e1lisis del discurso de los textos estudiaremos si la obra se considera m\u00e1s que una novela, un relato que supone una referencia complementaria para aquellos que no vivieron o que han olvidado este periodo de la historia reciente. [vc_empty_space height=&#8221;10&#8243;]<br \/>\n<strong>Abstract<\/strong><br \/>\nThe representation of fictional literary worlds contributes to the configuration of the vision we have of current reality. From this starting point, we will analyse six opinion forums \u2013representative of the Spanish and regional Basque ideological and media spectrum\u2013 in search of clues that show how the reception of <em>Patria<\/em> (Aramburu 2016) \u2013directly and indirectly\u2013 helps to understand what has happened in recent decades in the Basque Country and can reactivate a disused or unknown system of validity. Drawing on notions from fictional pragmatics and criticism, through the discourse analysis of the texts we will study whether the work is considered more than a novel, a story that provides a complementary reference for those who did not live through or have forgotten this period of recent history.<br \/>\n[vc_empty_space height=&#8221;10&#8243;]<br \/>\n<strong>Autor<\/strong><br \/>\nVictoria Hern\u00e1ndez Ruiz. <a title=\"Dialnet\" href=\"https:\/\/dialnet.unirioja.es\/servlet\/autor?codigo=4907146\" target=\"_blank\">P\u00e1gina del autor en Dialnet.<\/a><br \/>\nRoncesvalles Labiano Juangarc\u00eda. <a title=\"Dialnet\" href=\"https:\/\/dialnet.unirioja.es\/servlet\/autor?codigo=4285982\" target=\"_blank\">P\u00e1gina del autor en Dialnet.<\/a><br \/>\nI\u00f1igo Urqu\u00eda Uriaguereca. <a title=\"Dialnet\" href=\"https:\/\/dialnet.unirioja.es\/servlet\/autor?codigo=4989651\" target=\"_blank\">P\u00e1gina del autor en Dialnet.<\/a><br \/>\n[vc_empty_space height=&#8221;10&#8243;]<br \/>\n<strong>Tipo de documento<\/strong><br \/>\nArt\u00edculo<br \/>\n[vc_empty_space height=&#8221;10&#8243;]<br \/>\n[\/vc_column_text][\/vc_column][\/vc_row]<\/p>\n<\/div>","protected":false},"excerpt":{"rendered":"<p>[vc_row][vc_column width=&#8221;1\/1&#8243;][vc_column_text][vc_empty_space height=&#8221;20&#8243;] Referencia bibliogr\u00e1fica LABIANO JUANGARC\u00cdA, Roncesvalles, HERN\u00c1NDEZ RUIZ, Victoria y URQU\u00cdA URIAGUERECA, I\u00f1igo (2022): \u00abM\u00e1s que una novela. Representaci\u00f3n y recepci\u00f3n del mundo en Patria de Fernando Aramburu\u00bb,&hellip;<\/p>\n","protected":false},"author":1,"featured_media":0,"parent":0,"menu_order":0,"comment_status":"closed","ping_status":"closed","template":"","meta":{"om_disable_all_campaigns":false,"_monsterinsights_skip_tracking":false,"_monsterinsights_sitenote_active":false,"_monsterinsights_sitenote_note":"","_monsterinsights_sitenote_category":0,"_uf_show_specific_survey":0,"_uf_disable_surveys":false,"_vp_format_video_url":"","_vp_image_focal_point":[],"_vp_custom_popup_image":0,"_vp_format_audio_url":"","_vp_custom_thumbnail":0,"_vp_custom_thumbnail_focal_point":[],"_vp_hover_thumbnail":0,"_vp_hover_thumbnail_focal_point":[],"footnotes":""},"class_list":["post-25240","page","type-page","status-publish","hentry"],"aioseo_notices":[],"_links":{"self":[{"href":"https:\/\/www.arovite.com\/eu\/wp-json\/wp\/v2\/pages\/25240","targetHints":{"allow":["GET"]}}],"collection":[{"href":"https:\/\/www.arovite.com\/eu\/wp-json\/wp\/v2\/pages"}],"about":[{"href":"https:\/\/www.arovite.com\/eu\/wp-json\/wp\/v2\/types\/page"}],"author":[{"embeddable":true,"href":"https:\/\/www.arovite.com\/eu\/wp-json\/wp\/v2\/users\/1"}],"replies":[{"embeddable":true,"href":"https:\/\/www.arovite.com\/eu\/wp-json\/wp\/v2\/comments?post=25240"}],"version-history":[{"count":0,"href":"https:\/\/www.arovite.com\/eu\/wp-json\/wp\/v2\/pages\/25240\/revisions"}],"wp:attachment":[{"href":"https:\/\/www.arovite.com\/eu\/wp-json\/wp\/v2\/media?parent=25240"}],"curies":[{"name":"wp","href":"https:\/\/api.w.org\/{rel}","templated":true}]}}

LABIANO JUANGARCÍA, Roncesvalles, HERNÁNDEZ RUIZ, Victoria y URQUÍA URIAGUERECA, Iñigo (2022)

<div class="wpb-content-wrapper"><p>[vc_row][vc_column width=&#8221;1/1&#8243;][vc_column_text][vc_empty_space height=&#8221;20&#8243;]<br />
<strong>Referencia bibliográfica</strong></p>
<p>LABIANO JUANGARCÍA, Roncesvalles, HERNÁNDEZ RUIZ, Victoria y URQUÍA URIAGUERECA, Iñigo (2022): «Más que una novela. Representación y recepción del mundo en <em>Patria</em> de Fernando Aramburu», <em>Ámbitos. Revista de Estudios de ciencias sociales y humanidades</em>, nº 48, pp. 101-113.</p>
<p><a class="button blue  medium " href="https://helvia.uco.es/xmlui/bitstream/handle/10396/25022/ambitos_48_9.pdf?sequence=1&#038;isAllowed=y" target="_blank">Consultar PDF</a>[vc_empty_space height=&#8221;10&#8243;]<br />
<strong>Resumen</strong><br />
La representación de mundos literarios de ficción contribuye a la configuración de la visión que tenemos de la realidad actual. Desde ese punto de partida, analizaremos seis tribunas de opinión –representativas del espectro ideológico y mediático español y regional vasco– en busca de indicios que muestren en qué medida la recepción de <em>Patria</em> (Aramburu 2016) –directa e indirecta– ayuda a comprender lo ocurrido en las últimas décadas en el País Vasco y puede reactivar un sistema de vigencias en desuso o desconocido. Partiendo de nociones procedentes de la pragmática ficcional y la crítica, a través del análisis del discurso de los textos estudiaremos si la obra se considera más que una novela, un relato que supone una referencia complementaria para aquellos que no vivieron o que han olvidado este periodo de la historia reciente. [vc_empty_space height=&#8221;10&#8243;]<br />
<strong>Abstract</strong><br />
The representation of fictional literary worlds contributes to the configuration of the vision we have of current reality. From this starting point, we will analyse six opinion forums –representative of the Spanish and regional Basque ideological and media spectrum– in search of clues that show how the reception of <em>Patria</em> (Aramburu 2016) –directly and indirectly– helps to understand what has happened in recent decades in the Basque Country and can reactivate a disused or unknown system of validity. Drawing on notions from fictional pragmatics and criticism, through the discourse analysis of the texts we will study whether the work is considered more than a novel, a story that provides a complementary reference for those who did not live through or have forgotten this period of recent history.<br />
[vc_empty_space height=&#8221;10&#8243;]<br />
<strong>Autor</strong><br />
Victoria Hernández Ruiz. <a title="Dialnet" href="https://dialnet.unirioja.es/servlet/autor?codigo=4907146" target="_blank">Página del autor en Dialnet.</a><br />
Roncesvalles Labiano Juangarcía. <a title="Dialnet" href="https://dialnet.unirioja.es/servlet/autor?codigo=4285982" target="_blank">Página del autor en Dialnet.</a><br />
Iñigo Urquía Uriaguereca. <a title="Dialnet" href="https://dialnet.unirioja.es/servlet/autor?codigo=4989651" target="_blank">Página del autor en Dialnet.</a><br />
[vc_empty_space height=&#8221;10&#8243;]<br />
<strong>Tipo de documento</strong><br />
Artículo<br />
[vc_empty_space height=&#8221;10&#8243;]<br />
[/vc_column_text][/vc_column][/vc_row]</p>
</div>

<p>[vc_row][vc_column width=&#8221;1/1&#8243;][vc_column_text][vc_empty_space height=&#8221;20&#8243;] Referencia bibliográfica LABIANO JUANGARCÍA, Roncesvalles, HERNÁNDEZ RUIZ, Victoria y URQUÍA URIAGUERECA, Iñigo (2022): «Más que una novela. Representación y recepción del mundo en Patria de Fernando Aramburu»,&hellip;</p>
