{"id":24814,"date":"2026-01-18T10:08:25","date_gmt":"2026-01-18T10:08:25","guid":{"rendered":"https:\/\/www.arovite.com\/aranguren-juaristi-olatz-apaolaza-llorente-dorleta-echeberria-arquero-berta-y-vicent-naiara-2020\/"},"modified":"2026-01-18T10:08:25","modified_gmt":"2026-01-18T10:08:25","slug":"aranguren-juaristi-olatz-apaolaza-llorente-dorleta-echeberria-arquero-berta-y-vicent-naiara-2020","status":"publish","type":"page","link":"https:\/\/www.arovite.com\/eu\/aranguren-juaristi-olatz-apaolaza-llorente-dorleta-echeberria-arquero-berta-y-vicent-naiara-2020\/","title":{"rendered":"ARANGUREN-JUARISTI, Olatz, APAOLAZA-LLORENTE, Dorleta, ECHEBERRIA ARQUERO, Berta y VICENT, Naiara (2020)"},"content":{"rendered":"<div class=\"wpb-content-wrapper\"><p>[vc_row][vc_column width=&#8221;1\/1&#8243;][vc_column_text][vc_empty_space height=&#8221;20&#8243;]<br \/>\n<strong>Referencia bibliogr\u00e1fica<\/strong><br \/>\nARANGUREN-JUARISTI, Olatz, APAOLAZA-LLORENTE, Dorleta, ECHEBERRIA ARQUERO, Berta y VICENT, Naiara (2020): \u00abTestimonios de v\u00edctimas en el m\u00f3dulo educativo Adi-adian. Una mirada desde la did\u00e1ctica de las ciencias sociales y la educaci\u00f3n patrimonial\u00bb, <em>Revista de Investigaci\u00f3n e Innovaci\u00f3n Educativa<\/em>, n\u00ba 101, pp. 15-24. <\/p>\n<p><a class=\"button blue  medium \" href=\"https:\/\/dialnet.unirioja.es\/servlet\/articulo?codigo=7574960&#038;orden=0&#038;info=link\" target=\"_blank\" rel=\"noopener\">Consultar PDF<\/a>[vc_empty_space height=&#8221;10&#8243;]<br \/>\n<strong>Resumen<\/strong><br \/>\nEste trabajo presenta un estudio preliminar llevado a cabo durante la implementaci\u00f3n del m\u00f3dulo educativo Adi-adian en los grados de Educaci\u00f3n Infantil y Primaria. En \u00e9l se acerca al alumnado la historia reciente del Pa\u00eds Vasco a trav\u00e9s de testimonios de v\u00edctimas. A trav\u00e9s de una ficha de registro, se ha obtenido informaci\u00f3n de manos del profesorado participante. \u00c9sta ha corroborado el alto impacto ejercido por los testimonios, a trav\u00e9s de los cuales el alumnado ha conocido y se ha interesado por el tema, impulsando una reflexi\u00f3n cr\u00edtica. Tambi\u00e9n se han reconocido las posibilidades que ofrece para trabajar temas controvertidos en la formaci\u00f3n inicial del profesorado y, aunque no se ha abordado de manera expl\u00edcita, la educaci\u00f3n emocional. [vc_empty_space height=&#8221;10&#8243;]<br \/>\n<strong>Abstract<\/strong><br \/>\nThis work presents a preliminary study carried out during the implementation of Adi-adian educational module in Early Childhood and Primary Education university degrees. In this module, the recent history of the Basque Country is brought closer to students through the testimony of victims. Through a registration form, data has been obtained from the participating teachers. This information has confirmed the high impact exerted by the testimonies, through which the students have known and increase their interest on the subject, encouraging a critical reflection. Besides, the possibilities it offers to work with controversial issues in initial teachers\u2019 education and, although not explicitly addressed, emotional education has also been recognized. [vc_empty_space height=&#8221;10&#8243;]<br \/>\n<strong>Autor<\/strong><br \/>\nOlatz Aranguren-Juaristi. <a title=\"Dialnet\" href=\"https:\/\/dialnet.unirioja.es\/servlet\/autor?codigo=5088413\" target=\"_blank\" rel=\"noopener\">P\u00e1gina del autor en Dialnet.<\/a><br \/>\nDorleta Apaolaza-Llorente. <a title=\"Dialnet\" href=\"https:\/\/dialnet.unirioja.es\/servlet\/autor?codigo=3677388\" target=\"_blank\" rel=\"noopener\">P\u00e1gina del autor en Dialnet.<\/a><br \/>\nBerta Echeberria Arquero. <a title=\"Dialnet\" href=\"https:\/\/dialnet.unirioja.es\/servlet\/autor?codigo=5014124\" target=\"_blank\" rel=\"noopener\">P\u00e1gina del autor en Dialnet.<\/a><br \/>\nNaiara Vicent. <a title=\"Dialnet\" href=\"https:\/\/dialnet.unirioja.es\/servlet\/autor?codigo=2994551\" target=\"_blank\" rel=\"noopener\">P\u00e1gina del autor en Dialnet.<\/a><br \/>\n[vc_empty_space height=&#8221;10&#8243;]<br \/>\n<strong>Tipo de documento<\/strong><br \/>\nArt\u00edculo<br \/>\n[vc_empty_space height=&#8221;10&#8243;]<br \/>\n[\/vc_column_text][\/vc_column][\/vc_row]<\/p>\n<\/div>","protected":false},"excerpt":{"rendered":"<p>[vc_row][vc_column width=&#8221;1\/1&#8243;][vc_column_text][vc_empty_space height=&#8221;20&#8243;] Referencia bibliogr\u00e1fica ARANGUREN-JUARISTI, Olatz, APAOLAZA-LLORENTE, Dorleta, ECHEBERRIA ARQUERO, Berta y VICENT, Naiara (2020): \u00abTestimonios de v\u00edctimas en el m\u00f3dulo educativo Adi-adian. Una mirada desde la did\u00e1ctica de&hellip;<\/p>\n","protected":false},"author":1,"featured_media":0,"parent":0,"menu_order":0,"comment_status":"closed","ping_status":"closed","template":"","meta":{"om_disable_all_campaigns":false,"_monsterinsights_skip_tracking":false,"_monsterinsights_sitenote_active":false,"_monsterinsights_sitenote_note":"","_monsterinsights_sitenote_category":0,"_uf_show_specific_survey":0,"_uf_disable_surveys":false,"_vp_format_video_url":"","_vp_image_focal_point":[],"_vp_custom_popup_image":0,"_vp_format_audio_url":"","_vp_custom_thumbnail":0,"_vp_custom_thumbnail_focal_point":[],"_vp_hover_thumbnail":0,"_vp_hover_thumbnail_focal_point":[],"footnotes":""},"class_list":["post-24814","page","type-page","status-publish","hentry"],"aioseo_notices":[],"_links":{"self":[{"href":"https:\/\/www.arovite.com\/eu\/wp-json\/wp\/v2\/pages\/24814","targetHints":{"allow":["GET"]}}],"collection":[{"href":"https:\/\/www.arovite.com\/eu\/wp-json\/wp\/v2\/pages"}],"about":[{"href":"https:\/\/www.arovite.com\/eu\/wp-json\/wp\/v2\/types\/page"}],"author":[{"embeddable":true,"href":"https:\/\/www.arovite.com\/eu\/wp-json\/wp\/v2\/users\/1"}],"replies":[{"embeddable":true,"href":"https:\/\/www.arovite.com\/eu\/wp-json\/wp\/v2\/comments?post=24814"}],"version-history":[{"count":0,"href":"https:\/\/www.arovite.com\/eu\/wp-json\/wp\/v2\/pages\/24814\/revisions"}],"wp:attachment":[{"href":"https:\/\/www.arovite.com\/eu\/wp-json\/wp\/v2\/media?parent=24814"}],"curies":[{"name":"wp","href":"https:\/\/api.w.org\/{rel}","templated":true}]}}

<div class="wpb-content-wrapper"><p>[vc_row][vc_column width=&#8221;1/1&#8243;][vc_column_text][vc_empty_space height=&#8221;20&#8243;]<br />
<strong>Referencia bibliográfica</strong><br />
ARANGUREN-JUARISTI, Olatz, APAOLAZA-LLORENTE, Dorleta, ECHEBERRIA ARQUERO, Berta y VICENT, Naiara (2020): «Testimonios de víctimas en el módulo educativo Adi-adian. Una mirada desde la didáctica de las ciencias sociales y la educación patrimonial», <em>Revista de Investigación e Innovación Educativa</em>, nº 101, pp. 15-24. </p>
<p><a class="button blue  medium " href="https://dialnet.unirioja.es/servlet/articulo?codigo=7574960&#038;orden=0&#038;info=link" target="_blank" rel="noopener">Consultar PDF</a>[vc_empty_space height=&#8221;10&#8243;]<br />
<strong>Resumen</strong><br />
Este trabajo presenta un estudio preliminar llevado a cabo durante la implementación del módulo educativo Adi-adian en los grados de Educación Infantil y Primaria. En él se acerca al alumnado la historia reciente del País Vasco a través de testimonios de víctimas. A través de una ficha de registro, se ha obtenido información de manos del profesorado participante. Ésta ha corroborado el alto impacto ejercido por los testimonios, a través de los cuales el alumnado ha conocido y se ha interesado por el tema, impulsando una reflexión crítica. También se han reconocido las posibilidades que ofrece para trabajar temas controvertidos en la formación inicial del profesorado y, aunque no se ha abordado de manera explícita, la educación emocional. [vc_empty_space height=&#8221;10&#8243;]<br />
<strong>Abstract</strong><br />
This work presents a preliminary study carried out during the implementation of Adi-adian educational module in Early Childhood and Primary Education university degrees. In this module, the recent history of the Basque Country is brought closer to students through the testimony of victims. Through a registration form, data has been obtained from the participating teachers. This information has confirmed the high impact exerted by the testimonies, through which the students have known and increase their interest on the subject, encouraging a critical reflection. Besides, the possibilities it offers to work with controversial issues in initial teachers’ education and, although not explicitly addressed, emotional education has also been recognized. [vc_empty_space height=&#8221;10&#8243;]<br />
<strong>Autor</strong><br />
Olatz Aranguren-Juaristi. <a title="Dialnet" href="https://dialnet.unirioja.es/servlet/autor?codigo=5088413" target="_blank" rel="noopener">Página del autor en Dialnet.</a><br />
Dorleta Apaolaza-Llorente. <a title="Dialnet" href="https://dialnet.unirioja.es/servlet/autor?codigo=3677388" target="_blank" rel="noopener">Página del autor en Dialnet.</a><br />
Berta Echeberria Arquero. <a title="Dialnet" href="https://dialnet.unirioja.es/servlet/autor?codigo=5014124" target="_blank" rel="noopener">Página del autor en Dialnet.</a><br />
Naiara Vicent. <a title="Dialnet" href="https://dialnet.unirioja.es/servlet/autor?codigo=2994551" target="_blank" rel="noopener">Página del autor en Dialnet.</a><br />
[vc_empty_space height=&#8221;10&#8243;]<br />
<strong>Tipo de documento</strong><br />
Artículo<br />
[vc_empty_space height=&#8221;10&#8243;]<br />
[/vc_column_text][/vc_column][/vc_row]</p>
</div>

<p>[vc_row][vc_column width=&#8221;1/1&#8243;][vc_column_text][vc_empty_space height=&#8221;20&#8243;] Referencia bibliográfica ARANGUREN-JUARISTI, Olatz, APAOLAZA-LLORENTE, Dorleta, ECHEBERRIA ARQUERO, Berta y VICENT, Naiara (2020): «Testimonios de víctimas en el módulo educativo Adi-adian. Una mirada desde la didáctica de&hellip;</p>
