{"id":24421,"date":"2025-06-23T16:39:47","date_gmt":"2025-06-23T16:39:47","guid":{"rendered":"https:\/\/www.arovite.com\/lopez-romo-raul-2023-2\/"},"modified":"2025-06-23T16:39:47","modified_gmt":"2025-06-23T16:39:47","slug":"lopez-romo-raul-2023-2","status":"publish","type":"page","link":"https:\/\/www.arovite.com\/eu\/lopez-romo-raul-2023-2\/","title":{"rendered":"L\u00d3PEZ ROMO, RA\u00daL (2023)"},"content":{"rendered":"<div class=\"wpb-content-wrapper\"><p>[vc_row][vc_column width=&#8221;1\/1&#8243;][vc_column_text][vc_empty_space height=&#8221;20&#8243;]<br \/>\n <strong>Referencia bibliogr\u00e1fica<\/strong><br \/>\nL\u00d3PEZ ROMO, RA\u00daL (2023): \u00abC\u00f3mo ense\u00f1ar sobre ETA y el terrorismo en secundaria\u00bb, <em>The Conversation<\/em>, 14 de mayo de 2023.<\/p>\n<p><a class=\"button blue  medium \" href=\"https:\/\/theconversation.com\/como-ensenar-sobre-eta-y-el-terrorismo-en-secundaria-204424\" target=\"_blank\" rel=\"noopener\">Consultar PDF<\/a>[vc_empty_space height=&#8221;10&#8243;]<br \/>\n<strong>Resumen<\/strong><br \/>\nEducar sobre terrorismo tiene una gran relevancia: tanto por el peso hist\u00f3rico que el fen\u00f3meno ha tenido en Espa\u00f1a como por las posibilidades que ofrece de cara a fomentar valores de respeto, pluralismo y empat\u00eda con los que han sufrido injustamente. [vc_empty_space height=&#8221;10&#8243;]<br \/>\n<strong>Autor<\/strong><br \/>\nRa\u00fal L\u00f3pez Romo. <a title=\"Dialnet\" href=\"https:\/\/dialnet.unirioja.es\/servlet\/autor?codigo=2165020\" target=\"_blank\" rel=\"noopener\">P\u00e1gina del autor en Dialnet.<\/a><br \/>\n[vc_empty_space height=&#8221;10&#8243;]<br \/>\n<strong>Tipo de documento<\/strong><br \/>\nArt\u00edculo<br \/>\n[vc_empty_space height=&#8221;10&#8243;]<br \/>\n[\/vc_column_text][\/vc_column][\/vc_row]<\/p>\n<\/div>","protected":false},"excerpt":{"rendered":"<p>[vc_row][vc_column width=&#8221;1\/1&#8243;][vc_column_text][vc_empty_space height=&#8221;20&#8243;] Referencia bibliogr\u00e1fica L\u00d3PEZ ROMO, RA\u00daL (2023): \u00abC\u00f3mo ense\u00f1ar sobre ETA y el terrorismo en secundaria\u00bb, The Conversation, 14 de mayo de 2023. Consultar PDF[vc_empty_space height=&#8221;10&#8243;] Resumen Educar&hellip;<\/p>\n","protected":false},"author":1,"featured_media":0,"parent":0,"menu_order":0,"comment_status":"closed","ping_status":"closed","template":"","meta":{"om_disable_all_campaigns":false,"_monsterinsights_skip_tracking":false,"_monsterinsights_sitenote_active":false,"_monsterinsights_sitenote_note":"","_monsterinsights_sitenote_category":0,"_uf_show_specific_survey":0,"_uf_disable_surveys":false,"_vp_format_video_url":"","_vp_image_focal_point":[],"_vp_custom_popup_image":0,"_vp_format_audio_url":"","_vp_custom_thumbnail":0,"_vp_custom_thumbnail_focal_point":[],"_vp_hover_thumbnail":0,"_vp_hover_thumbnail_focal_point":[],"footnotes":""},"class_list":["post-24421","page","type-page","status-publish","hentry"],"aioseo_notices":[],"_links":{"self":[{"href":"https:\/\/www.arovite.com\/eu\/wp-json\/wp\/v2\/pages\/24421","targetHints":{"allow":["GET"]}}],"collection":[{"href":"https:\/\/www.arovite.com\/eu\/wp-json\/wp\/v2\/pages"}],"about":[{"href":"https:\/\/www.arovite.com\/eu\/wp-json\/wp\/v2\/types\/page"}],"author":[{"embeddable":true,"href":"https:\/\/www.arovite.com\/eu\/wp-json\/wp\/v2\/users\/1"}],"replies":[{"embeddable":true,"href":"https:\/\/www.arovite.com\/eu\/wp-json\/wp\/v2\/comments?post=24421"}],"version-history":[{"count":0,"href":"https:\/\/www.arovite.com\/eu\/wp-json\/wp\/v2\/pages\/24421\/revisions"}],"wp:attachment":[{"href":"https:\/\/www.arovite.com\/eu\/wp-json\/wp\/v2\/media?parent=24421"}],"curies":[{"name":"wp","href":"https:\/\/api.w.org\/{rel}","templated":true}]}}

LÓPEZ ROMO, RAÚL (2023)

<div class="wpb-content-wrapper"><p>[vc_row][vc_column width=&#8221;1/1&#8243;][vc_column_text][vc_empty_space height=&#8221;20&#8243;]<br />
 <strong>Referencia bibliográfica</strong><br />
LÓPEZ ROMO, RAÚL (2023): «Cómo enseñar sobre ETA y el terrorismo en secundaria», <em>The Conversation</em>, 14 de mayo de 2023.</p>
<p><a class="button blue  medium " href="https://theconversation.com/como-ensenar-sobre-eta-y-el-terrorismo-en-secundaria-204424" target="_blank" rel="noopener">Consultar PDF</a>[vc_empty_space height=&#8221;10&#8243;]<br />
<strong>Resumen</strong><br />
Educar sobre terrorismo tiene una gran relevancia: tanto por el peso histórico que el fenómeno ha tenido en España como por las posibilidades que ofrece de cara a fomentar valores de respeto, pluralismo y empatía con los que han sufrido injustamente. [vc_empty_space height=&#8221;10&#8243;]<br />
<strong>Autor</strong><br />
Raúl López Romo. <a title="Dialnet" href="https://dialnet.unirioja.es/servlet/autor?codigo=2165020" target="_blank" rel="noopener">Página del autor en Dialnet.</a><br />
[vc_empty_space height=&#8221;10&#8243;]<br />
<strong>Tipo de documento</strong><br />
Artículo<br />
[vc_empty_space height=&#8221;10&#8243;]<br />
[/vc_column_text][/vc_column][/vc_row]</p>
</div>

<p>[vc_row][vc_column width=&#8221;1/1&#8243;][vc_column_text][vc_empty_space height=&#8221;20&#8243;] Referencia bibliográfica LÓPEZ ROMO, RAÚL (2023): «Cómo enseñar sobre ETA y el terrorismo en secundaria», The Conversation, 14 de mayo de 2023. Consultar PDF[vc_empty_space height=&#8221;10&#8243;] Resumen Educar&hellip;</p>
