{"id":18467,"date":"2023-10-24T07:06:03","date_gmt":"2023-10-24T07:06:03","guid":{"rendered":"https:\/\/www.arovite.com\/sanz-jesus-y-garcia-vera-maria-paz-2022\/"},"modified":"2023-10-24T07:06:03","modified_gmt":"2023-10-24T07:06:03","slug":"sanz-jesus-y-garcia-vera-maria-paz-2022","status":"publish","type":"page","link":"https:\/\/www.arovite.com\/eu\/sanz-jesus-y-garcia-vera-maria-paz-2022\/","title":{"rendered":"SANZ, Jes\u00fas y GARC\u00cdA-VERA, Mar\u00eda Paz (2022)"},"content":{"rendered":"<div class=\"wpb-content-wrapper\"><p>[vc_row][vc_column width=&#8221;1\/1&#8243;][vc_column_text][vc_empty_space height=&#8221;20&#8243;]<br \/>\n<strong>Referencia bibliogr\u00e1fica<\/strong><br \/>\nSANZ, Jes\u00fas y GARC\u00cdA-VERA, Mar\u00eda Paz (2022): \u00abEl s\u00edndrome del norte. Un intento espa\u00f1ol de entender las consecuencias psicopatol\u00f3gicas del terrorismo, la violencia de persecuci\u00f3n terrorista y la victimizaci\u00f3n secundaria de las v\u00edctimas del terrorismo (I)\u00bb, <em>Psicopatolog\u00eda Cl\u00ednica Legal y Forense<\/em>, vol. 22, n\u00ba 1, pp. 153-184.<\/p>\n<p><a class=\"button blue  medium \" href=\"https:\/\/dialnet.unirioja.es\/descarga\/articulo\/8962547.pdf\" target=\"_blank\" rel=\"noopener\">Consultar PDF<\/a>[vc_empty_space height=&#8221;10&#8243;]<br \/>\n<strong>Resumen<\/strong><br \/>\nEste trabajo analiza el s\u00edndrome del norte, un constructo psicopatol\u00f3gico utilizado para describir y entender las alteraciones psicol\u00f3gicas que presentaban algunos guardias civiles y polic\u00edas destinados en el Pa\u00eds Vasco o Navarra durante los a\u00f1os de actividad terrorista de la organizaci\u00f3n terrorista ETA. Para entender las caracter\u00edsticas y factores relacionados con el s\u00edndrome del norte, en este primer trabajo, tras describir su desarrollo e historia, se revisan sistem\u00e1ticamente las sentencias judiciales espa\u00f1olas que, a partir de informes psicol\u00f3gicos, psiqui\u00e1tricos o m\u00e9dicos forenses, han discutido o utilizado el constructo. Los resultados de la revisi\u00f3n permiten concluir que este constructo no se refiere a un trastorno psicol\u00f3gico concreto, sino a un conjunto de trastornos psicol\u00f3gicos, principalmente y por este orden, trastornos depresivos, trastorno de estr\u00e9s postraum\u00e1tico, trastornos de ansiedad y trastornos de la personalidad. El constructo implica suponer que la situaci\u00f3n gravemente estresante o incluso traum\u00e1tica que vivieron los guardias civiles y polic\u00edas destinados en el Pa\u00eds Vasco y Navarra es la causa necesaria y principal, aunque no \u00fanica ni suficiente, de los trastornos psicol\u00f3gicos que padecieron algunos de ellos. Esta implicaci\u00f3n ha sido reconocida por un tercio de las sentencias revisadas, pero no por la mayor\u00eda. [vc_empty_space height=&#8221;10&#8243;]<br \/>\n<strong>Abstract<\/strong><br \/>\nThis work analyzes the Northern syndrome, a psychopathological construct used to describe and understand the psychological alterations presented by some civil guards and police officers stationed in the Basque Country or Navarra during the years of terrorist activity of the terrorist organization ETA. In order to understand the characteristics and factors related to the Northern syndrome, in this first work, after describing its development and history, we systematically review the Spanish judicial sentences that, based on psychological, psychiatric or forensic medical reports, have discussed or used the construct. The results of the review allow us to conclude that this construct does not refer to a specific psychological disorder, but to a group of psychological disorders, mainly and in this order, depressive disorders, posttraumatic stress disorder, anxiety disorders, and personality disorders. The construct implies assuming that the severely stressful or even traumatic situation experienced by the civil guards and police stationed in the Basque Country and Navarra is the necessary and main cause, although not the only or sufficient cause, of the psychological disorders that some of them suffered. This implication has been recognized by a third of the sentences reviewed, but not by the majority. [vc_empty_space height=&#8221;10&#8243;]<br \/>\n<strong>Autor<\/strong><br \/>\nJes\u00fas Sanz. <a title=\"Dialnet\" href=\"https:\/\/dialnet.unirioja.es\/servlet\/autor?codigo=275937\" target=\"_blank\" rel=\"noopener\">P\u00e1gina del autor en Dialnet.<\/a><br \/>\nMar\u00eda Paz Garc\u00eda-Vera. <a title=\"Dialnet\" href=\"https:\/\/dialnet.unirioja.es\/servlet\/autor?codigo=181316\" target=\"_blank\" rel=\"noopener\">P\u00e1gina del autor en Dialnet.<\/a><br \/>\n[vc_empty_space height=&#8221;10&#8243;]<br \/>\n<strong>Tipo de documento<\/strong><br \/>\nArt\u00edculo<br \/>\n[vc_empty_space height=&#8221;10&#8243;]<br \/>\n[\/vc_column_text][\/vc_column][\/vc_row]<\/p>\n<\/div>","protected":false},"excerpt":{"rendered":"<p>[vc_row][vc_column width=&#8221;1\/1&#8243;][vc_column_text][vc_empty_space height=&#8221;20&#8243;] Referencia bibliogr\u00e1fica SANZ, Jes\u00fas y GARC\u00cdA-VERA, Mar\u00eda Paz (2022): \u00abEl s\u00edndrome del norte. Un intento espa\u00f1ol de entender las consecuencias psicopatol\u00f3gicas del terrorismo, la violencia de persecuci\u00f3n&hellip;<\/p>\n","protected":false},"author":1,"featured_media":0,"parent":0,"menu_order":0,"comment_status":"closed","ping_status":"closed","template":"","meta":{"om_disable_all_campaigns":false,"_monsterinsights_skip_tracking":false,"_monsterinsights_sitenote_active":false,"_monsterinsights_sitenote_note":"","_monsterinsights_sitenote_category":0,"_uf_show_specific_survey":0,"_uf_disable_surveys":false,"_vp_format_video_url":"","_vp_image_focal_point":[],"_vp_custom_popup_image":0,"_vp_format_audio_url":"","_vp_custom_thumbnail":0,"_vp_custom_thumbnail_focal_point":[],"_vp_hover_thumbnail":0,"_vp_hover_thumbnail_focal_point":[],"footnotes":""},"class_list":["post-18467","page","type-page","status-publish","hentry"],"aioseo_notices":[],"_links":{"self":[{"href":"https:\/\/www.arovite.com\/eu\/wp-json\/wp\/v2\/pages\/18467","targetHints":{"allow":["GET"]}}],"collection":[{"href":"https:\/\/www.arovite.com\/eu\/wp-json\/wp\/v2\/pages"}],"about":[{"href":"https:\/\/www.arovite.com\/eu\/wp-json\/wp\/v2\/types\/page"}],"author":[{"embeddable":true,"href":"https:\/\/www.arovite.com\/eu\/wp-json\/wp\/v2\/users\/1"}],"replies":[{"embeddable":true,"href":"https:\/\/www.arovite.com\/eu\/wp-json\/wp\/v2\/comments?post=18467"}],"version-history":[{"count":0,"href":"https:\/\/www.arovite.com\/eu\/wp-json\/wp\/v2\/pages\/18467\/revisions"}],"wp:attachment":[{"href":"https:\/\/www.arovite.com\/eu\/wp-json\/wp\/v2\/media?parent=18467"}],"curies":[{"name":"wp","href":"https:\/\/api.w.org\/{rel}","templated":true}]}}

SANZ, Jesús y GARCÍA-VERA, María Paz (2022)

<div class="wpb-content-wrapper"><p>[vc_row][vc_column width=&#8221;1/1&#8243;][vc_column_text][vc_empty_space height=&#8221;20&#8243;]<br />
<strong>Referencia bibliográfica</strong><br />
SANZ, Jesús y GARCÍA-VERA, María Paz (2022): «El síndrome del norte. Un intento español de entender las consecuencias psicopatológicas del terrorismo, la violencia de persecución terrorista y la victimización secundaria de las víctimas del terrorismo (I)», <em>Psicopatología Clínica Legal y Forense</em>, vol. 22, nº 1, pp. 153-184.</p>
<p><a class="button blue  medium " href="https://dialnet.unirioja.es/descarga/articulo/8962547.pdf" target="_blank" rel="noopener">Consultar PDF</a>[vc_empty_space height=&#8221;10&#8243;]<br />
<strong>Resumen</strong><br />
Este trabajo analiza el síndrome del norte, un constructo psicopatológico utilizado para describir y entender las alteraciones psicológicas que presentaban algunos guardias civiles y policías destinados en el País Vasco o Navarra durante los años de actividad terrorista de la organización terrorista ETA. Para entender las características y factores relacionados con el síndrome del norte, en este primer trabajo, tras describir su desarrollo e historia, se revisan sistemáticamente las sentencias judiciales españolas que, a partir de informes psicológicos, psiquiátricos o médicos forenses, han discutido o utilizado el constructo. Los resultados de la revisión permiten concluir que este constructo no se refiere a un trastorno psicológico concreto, sino a un conjunto de trastornos psicológicos, principalmente y por este orden, trastornos depresivos, trastorno de estrés postraumático, trastornos de ansiedad y trastornos de la personalidad. El constructo implica suponer que la situación gravemente estresante o incluso traumática que vivieron los guardias civiles y policías destinados en el País Vasco y Navarra es la causa necesaria y principal, aunque no única ni suficiente, de los trastornos psicológicos que padecieron algunos de ellos. Esta implicación ha sido reconocida por un tercio de las sentencias revisadas, pero no por la mayoría. [vc_empty_space height=&#8221;10&#8243;]<br />
<strong>Abstract</strong><br />
This work analyzes the Northern syndrome, a psychopathological construct used to describe and understand the psychological alterations presented by some civil guards and police officers stationed in the Basque Country or Navarra during the years of terrorist activity of the terrorist organization ETA. In order to understand the characteristics and factors related to the Northern syndrome, in this first work, after describing its development and history, we systematically review the Spanish judicial sentences that, based on psychological, psychiatric or forensic medical reports, have discussed or used the construct. The results of the review allow us to conclude that this construct does not refer to a specific psychological disorder, but to a group of psychological disorders, mainly and in this order, depressive disorders, posttraumatic stress disorder, anxiety disorders, and personality disorders. The construct implies assuming that the severely stressful or even traumatic situation experienced by the civil guards and police stationed in the Basque Country and Navarra is the necessary and main cause, although not the only or sufficient cause, of the psychological disorders that some of them suffered. This implication has been recognized by a third of the sentences reviewed, but not by the majority. [vc_empty_space height=&#8221;10&#8243;]<br />
<strong>Autor</strong><br />
Jesús Sanz. <a title="Dialnet" href="https://dialnet.unirioja.es/servlet/autor?codigo=275937" target="_blank" rel="noopener">Página del autor en Dialnet.</a><br />
María Paz García-Vera. <a title="Dialnet" href="https://dialnet.unirioja.es/servlet/autor?codigo=181316" target="_blank" rel="noopener">Página del autor en Dialnet.</a><br />
[vc_empty_space height=&#8221;10&#8243;]<br />
<strong>Tipo de documento</strong><br />
Artículo<br />
[vc_empty_space height=&#8221;10&#8243;]<br />
[/vc_column_text][/vc_column][/vc_row]</p>
</div>

<p>[vc_row][vc_column width=&#8221;1/1&#8243;][vc_column_text][vc_empty_space height=&#8221;20&#8243;] Referencia bibliográfica SANZ, Jesús y GARCÍA-VERA, María Paz (2022): «El síndrome del norte. Un intento español de entender las consecuencias psicopatológicas del terrorismo, la violencia de persecución&hellip;</p>
