{"id":17530,"date":"2023-02-20T12:07:37","date_gmt":"2023-02-20T12:07:37","guid":{"rendered":"https:\/\/www.arovite.com\/?page_id=17530"},"modified":"2023-02-20T12:07:38","modified_gmt":"2023-02-20T12:07:38","slug":"veres-cortes-luis-2021","status":"publish","type":"page","link":"https:\/\/www.arovite.com\/eu\/veres-cortes-luis-2021\/","title":{"rendered":"VERES CORT\u00c9S, Luis (2021)"},"content":{"rendered":"<div class=\"wpb-content-wrapper\"><p>[vc_row][vc_column width=&#8221;1\/1&#8243;][vc_column_text][vc_empty_space height=&#8221;20&#8243;]<br \/>\n<strong>Referencia bibliogr\u00e1fica<\/strong><br \/>\nVERES CORT\u00c9S, Luis (2021): \u00abEl terrorismo de ETA y el espacio de la perpetraci\u00f3n: el caso de la Casa Cuartel de Vic\u00bb, <em>Perspectivas de la comunicaci\u00f3n<\/em>, vol. 14, n\u00ba 2, pp. 7-30.<\/p>\n<p><a class=\"button blue  medium \" href=\"http:\/\/www.perspectivasdelacomunicacion.cl\/ojs\/index.php\/perspectivas\/article\/view\/2412\/2095\" target=\"_blank\" rel=\"noopener\">Consultar PDF<\/a>[vc_empty_space height=&#8221;10&#8243;]<br \/>\n<strong>Resumen<\/strong><br \/>\nEste art\u00edculo trata de reflexionar sobre el espacio de la perpetraci\u00f3n como elemento comunicativo fundamental en la significaci\u00f3n de un atentado terrorista. Para ello, se le considera como elemento fundamental de la significaci\u00f3n del texto, centr\u00e1ndose en el caso del atentado de la casa cuartel de la ciudad de Vic perpetrado por ETA el 29 de mayo de 1991. [vc_empty_space height=&#8221;10&#8243;]<br \/>\n<strong>Abstract<\/strong><br \/>\nThis article tries to reflect on the space of the perpetration as a fundamental communicative element in the significance of a terrorist attack. For this, it is considered a fundamental element of the meaning of the text, focusing on the case of the attack on the barracks in the city of Vic, perpetrated by ETA on May 29, 1991. [vc_empty_space height=&#8221;10&#8243;]<br \/>\n<strong>Autor<\/strong><br \/>\nLuis Veres Cort\u00e9s. <a title=\"Dialnet\" href=\"https:\/\/dialnet.unirioja.es\/servlet\/autor?codigo=225463\" target=\"_blank\" rel=\"noopener\">P\u00e1gina del autor en Dialnet.<\/a><br \/>\n[vc_empty_space height=&#8221;10&#8243;]<br \/>\n<strong>Tipo de documento<\/strong><br \/>\nArt\u00edculo<br \/>\n[vc_empty_space height=&#8221;10&#8243;]<br \/>\n[\/vc_column_text][\/vc_column][\/vc_row]<\/p>\n<\/div>","protected":false},"excerpt":{"rendered":"<p>[vc_row][vc_column width=&#8221;1\/1&#8243;][vc_column_text][vc_empty_space height=&#8221;20&#8243;] Referencia bibliogr\u00e1fica VERES CORT\u00c9S, Luis (2021): \u00abEl terrorismo de ETA y el espacio de la perpetraci\u00f3n: el caso de la Casa Cuartel de Vic\u00bb, Perspectivas de la&hellip;<\/p>\n","protected":false},"author":1,"featured_media":0,"parent":0,"menu_order":0,"comment_status":"closed","ping_status":"closed","template":"","meta":{"om_disable_all_campaigns":false,"_monsterinsights_skip_tracking":false,"_monsterinsights_sitenote_active":false,"_monsterinsights_sitenote_note":"","_monsterinsights_sitenote_category":0,"_uf_show_specific_survey":0,"_uf_disable_surveys":false,"_vp_format_video_url":"","_vp_image_focal_point":[],"_vp_custom_popup_image":0,"_vp_format_audio_url":"","_vp_custom_thumbnail":0,"_vp_custom_thumbnail_focal_point":[],"_vp_hover_thumbnail":0,"_vp_hover_thumbnail_focal_point":[],"footnotes":""},"class_list":["post-17530","page","type-page","status-publish","hentry"],"aioseo_notices":[],"_links":{"self":[{"href":"https:\/\/www.arovite.com\/eu\/wp-json\/wp\/v2\/pages\/17530","targetHints":{"allow":["GET"]}}],"collection":[{"href":"https:\/\/www.arovite.com\/eu\/wp-json\/wp\/v2\/pages"}],"about":[{"href":"https:\/\/www.arovite.com\/eu\/wp-json\/wp\/v2\/types\/page"}],"author":[{"embeddable":true,"href":"https:\/\/www.arovite.com\/eu\/wp-json\/wp\/v2\/users\/1"}],"replies":[{"embeddable":true,"href":"https:\/\/www.arovite.com\/eu\/wp-json\/wp\/v2\/comments?post=17530"}],"version-history":[{"count":1,"href":"https:\/\/www.arovite.com\/eu\/wp-json\/wp\/v2\/pages\/17530\/revisions"}],"predecessor-version":[{"id":17532,"href":"https:\/\/www.arovite.com\/eu\/wp-json\/wp\/v2\/pages\/17530\/revisions\/17532"}],"wp:attachment":[{"href":"https:\/\/www.arovite.com\/eu\/wp-json\/wp\/v2\/media?parent=17530"}],"curies":[{"name":"wp","href":"https:\/\/api.w.org\/{rel}","templated":true}]}}

VERES CORTÉS, Luis (2021)

<div class="wpb-content-wrapper"><p>[vc_row][vc_column width=&#8221;1/1&#8243;][vc_column_text][vc_empty_space height=&#8221;20&#8243;]<br />
<strong>Referencia bibliográfica</strong><br />
VERES CORTÉS, Luis (2021): «El terrorismo de ETA y el espacio de la perpetración: el caso de la Casa Cuartel de Vic», <em>Perspectivas de la comunicación</em>, vol. 14, nº 2, pp. 7-30.</p>
<p><a class="button blue  medium " href="http://www.perspectivasdelacomunicacion.cl/ojs/index.php/perspectivas/article/view/2412/2095" target="_blank" rel="noopener">Consultar PDF</a>[vc_empty_space height=&#8221;10&#8243;]<br />
<strong>Resumen</strong><br />
Este artículo trata de reflexionar sobre el espacio de la perpetración como elemento comunicativo fundamental en la significación de un atentado terrorista. Para ello, se le considera como elemento fundamental de la significación del texto, centrándose en el caso del atentado de la casa cuartel de la ciudad de Vic perpetrado por ETA el 29 de mayo de 1991. [vc_empty_space height=&#8221;10&#8243;]<br />
<strong>Abstract</strong><br />
This article tries to reflect on the space of the perpetration as a fundamental communicative element in the significance of a terrorist attack. For this, it is considered a fundamental element of the meaning of the text, focusing on the case of the attack on the barracks in the city of Vic, perpetrated by ETA on May 29, 1991. [vc_empty_space height=&#8221;10&#8243;]<br />
<strong>Autor</strong><br />
Luis Veres Cortés. <a title="Dialnet" href="https://dialnet.unirioja.es/servlet/autor?codigo=225463" target="_blank" rel="noopener">Página del autor en Dialnet.</a><br />
[vc_empty_space height=&#8221;10&#8243;]<br />
<strong>Tipo de documento</strong><br />
Artículo<br />
[vc_empty_space height=&#8221;10&#8243;]<br />
[/vc_column_text][/vc_column][/vc_row]</p>
</div>

<p>[vc_row][vc_column width=&#8221;1/1&#8243;][vc_column_text][vc_empty_space height=&#8221;20&#8243;] Referencia bibliográfica VERES CORTÉS, Luis (2021): «El terrorismo de ETA y el espacio de la perpetración: el caso de la Casa Cuartel de Vic», Perspectivas de la&hellip;</p>
