{"id":17372,"date":"2023-02-20T09:32:24","date_gmt":"2023-02-20T09:32:24","guid":{"rendered":"https:\/\/www.arovite.com\/?page_id=17372"},"modified":"2023-02-22T12:04:18","modified_gmt":"2023-02-22T12:04:18","slug":"rivera-antonio-2019","status":"publish","type":"page","link":"https:\/\/www.arovite.com\/eu\/rivera-antonio-2019\/","title":{"rendered":"RIVERA, Antonio (2019)"},"content":{"rendered":"<div class=\"wpb-content-wrapper\"><p>[vc_row][vc_column width=&#8221;1\/1&#8243;][vc_column_text][vc_empty_space height=&#8221;20&#8243;]<br \/>\n<strong>Referencia bibliogr\u00e1fica<\/strong><br \/>\nRIVERA, Antonio (2019): \u00abPensamiento ilusorio. La construcci\u00f3n hist\u00f3rica del Nosotros vasco\u00bb, en RIVERA, Antonio (coord.): <em>Nunca hubo dos bandos. Violencia pol\u00edtica en el Pa\u00eds Vasco 1975-2011<\/em>. Granada: Comares, pp. 9-41. <\/p>\n<p><a class=\"button blue  medium \" href=\"http:\/\/www.arovite.com\/documentos\/2019_Rivera.pdf\" target=\"_blank\" rel=\"noopener\">Consultar PDF<\/a>[vc_empty_space height=&#8221;10&#8243;]<br \/>\n<strong>Resumen<\/strong><br \/>\nLa idea de los dos bandos en guerra result\u00f3 crucial en la forma en que se legitim\u00f3 el acoso terrorista. Parte de una concepci\u00f3n comunitarista, negaci\u00f3n del pluralismo. \u00bfCu\u00e1l fue la g\u00e9nesis de las nociones identitarias de un pueblo vasco hist\u00f3ricamente enfrentado a espa\u00f1a y Francia? \u00abLa construcci\u00f3n hist\u00f3rica del Nosotros vasco\u00bb queda estudiada de forma solvente por Antonio Rivera, desde el fuerismo decimon\u00f3nico hasta la actualidad pasando por las distintas versiones nacionalistas. La victimizaci\u00f3n colectiva, que interpreta la historia como una constante agresi\u00f3n a los vascos, adquiri\u00f3 un peso propio durante el franquismo. Sobrevivi\u00f3 entonces una \u00abcomunidad de silencio\u00bb, nacionalista, que dotaba al Nosotros de una imagen de superioridad moral. Servir\u00eda para proyectar la idea de un conflicto imaginario al que se acogi\u00f3 la violencia terrorista. Fue tambi\u00e9n una coartada. [vc_empty_space height=&#8221;10&#8243;]<br \/>\n<strong>Autor<\/strong><br \/>\nAntonio Rivera Blanco. <a title=\"Dialnet\" href=\"https:\/\/dialnet.unirioja.es\/servlet\/autor?codigo=181403\" target=\"_blank\" rel=\"noopener\">P\u00e1gina del autor en Dialnet.<\/a><br \/>\n [vc_empty_space height=&#8221;10&#8243;]<br \/>\n<strong>Tipo de documento<\/strong><br \/>\nCap\u00edtulo de libro<br \/>\n[vc_empty_space height=&#8221;10&#8243;]<br \/>\n[\/vc_column_text][\/vc_column][\/vc_row]<\/p>\n<\/div>","protected":false},"excerpt":{"rendered":"<p>[vc_row][vc_column width=&#8221;1\/1&#8243;][vc_column_text][vc_empty_space height=&#8221;20&#8243;] Referencia bibliogr\u00e1fica RIVERA, Antonio (2019): \u00abPensamiento ilusorio. La construcci\u00f3n hist\u00f3rica del Nosotros vasco\u00bb, en RIVERA, Antonio (coord.): Nunca hubo dos bandos. Violencia pol\u00edtica en el Pa\u00eds Vasco&hellip;<\/p>\n","protected":false},"author":1,"featured_media":0,"parent":0,"menu_order":0,"comment_status":"closed","ping_status":"closed","template":"","meta":{"om_disable_all_campaigns":false,"_monsterinsights_skip_tracking":false,"_monsterinsights_sitenote_active":false,"_monsterinsights_sitenote_note":"","_monsterinsights_sitenote_category":0,"_uf_show_specific_survey":0,"_uf_disable_surveys":false,"_vp_format_video_url":"","_vp_image_focal_point":[],"_vp_custom_popup_image":0,"_vp_format_audio_url":"","_vp_custom_thumbnail":0,"_vp_custom_thumbnail_focal_point":[],"_vp_hover_thumbnail":0,"_vp_hover_thumbnail_focal_point":[],"footnotes":""},"class_list":["post-17372","page","type-page","status-publish","hentry"],"aioseo_notices":[],"_links":{"self":[{"href":"https:\/\/www.arovite.com\/eu\/wp-json\/wp\/v2\/pages\/17372","targetHints":{"allow":["GET"]}}],"collection":[{"href":"https:\/\/www.arovite.com\/eu\/wp-json\/wp\/v2\/pages"}],"about":[{"href":"https:\/\/www.arovite.com\/eu\/wp-json\/wp\/v2\/types\/page"}],"author":[{"embeddable":true,"href":"https:\/\/www.arovite.com\/eu\/wp-json\/wp\/v2\/users\/1"}],"replies":[{"embeddable":true,"href":"https:\/\/www.arovite.com\/eu\/wp-json\/wp\/v2\/comments?post=17372"}],"version-history":[{"count":4,"href":"https:\/\/www.arovite.com\/eu\/wp-json\/wp\/v2\/pages\/17372\/revisions"}],"predecessor-version":[{"id":17588,"href":"https:\/\/www.arovite.com\/eu\/wp-json\/wp\/v2\/pages\/17372\/revisions\/17588"}],"wp:attachment":[{"href":"https:\/\/www.arovite.com\/eu\/wp-json\/wp\/v2\/media?parent=17372"}],"curies":[{"name":"wp","href":"https:\/\/api.w.org\/{rel}","templated":true}]}}

<div class="wpb-content-wrapper"><p>[vc_row][vc_column width=&#8221;1/1&#8243;][vc_column_text][vc_empty_space height=&#8221;20&#8243;]<br />
<strong>Referencia bibliográfica</strong><br />
RIVERA, Antonio (2019): «Pensamiento ilusorio. La construcción histórica del Nosotros vasco», en RIVERA, Antonio (coord.): <em>Nunca hubo dos bandos. Violencia política en el País Vasco 1975-2011</em>. Granada: Comares, pp. 9-41. </p>
<p><a class="button blue  medium " href="http://www.arovite.com/documentos/2019_Rivera.pdf" target="_blank" rel="noopener">Consultar PDF</a>[vc_empty_space height=&#8221;10&#8243;]<br />
<strong>Resumen</strong><br />
La idea de los dos bandos en guerra resultó crucial en la forma en que se legitimó el acoso terrorista. Parte de una concepción comunitarista, negación del pluralismo. ¿Cuál fue la génesis de las nociones identitarias de un pueblo vasco históricamente enfrentado a españa y Francia? «La construcción histórica del Nosotros vasco» queda estudiada de forma solvente por Antonio Rivera, desde el fuerismo decimonónico hasta la actualidad pasando por las distintas versiones nacionalistas. La victimización colectiva, que interpreta la historia como una constante agresión a los vascos, adquirió un peso propio durante el franquismo. Sobrevivió entonces una «comunidad de silencio», nacionalista, que dotaba al Nosotros de una imagen de superioridad moral. Serviría para proyectar la idea de un conflicto imaginario al que se acogió la violencia terrorista. Fue también una coartada. [vc_empty_space height=&#8221;10&#8243;]<br />
<strong>Autor</strong><br />
Antonio Rivera Blanco. <a title="Dialnet" href="https://dialnet.unirioja.es/servlet/autor?codigo=181403" target="_blank" rel="noopener">Página del autor en Dialnet.</a><br />
 [vc_empty_space height=&#8221;10&#8243;]<br />
<strong>Tipo de documento</strong><br />
Capítulo de libro<br />
[vc_empty_space height=&#8221;10&#8243;]<br />
[/vc_column_text][/vc_column][/vc_row]</p>
</div>

<p>[vc_row][vc_column width=&#8221;1/1&#8243;][vc_column_text][vc_empty_space height=&#8221;20&#8243;] Referencia bibliográfica RIVERA, Antonio (2019): «Pensamiento ilusorio. La construcción histórica del Nosotros vasco», en RIVERA, Antonio (coord.): Nunca hubo dos bandos. Violencia política en el País Vasco&hellip;</p>
