{"id":17083,"date":"2023-02-17T12:04:22","date_gmt":"2023-02-17T12:04:22","guid":{"rendered":"https:\/\/www.arovite.com\/?page_id=17083"},"modified":"2023-06-07T10:28:12","modified_gmt":"2023-06-07T10:28:12","slug":"bermudez-angela-saez-de-la-fuente-izaskun-y-bilbao-galo-2020","status":"publish","type":"page","link":"https:\/\/www.arovite.com\/eu\/bermudez-angela-saez-de-la-fuente-izaskun-y-bilbao-galo-2020\/","title":{"rendered":"BERM\u00daDEZ, \u00c1ngela, S\u00c1EZ DE LA FUENTE, Izaskun y BILBAO, Galo (2020)"},"content":{"rendered":"<div class=\"wpb-content-wrapper\"><p>[vc_row][vc_column width=&#8221;1\/1&#8243;][vc_column_text][vc_empty_space height=&#8221;20&#8243;]<br \/>\n<strong>Referencia bibliogr\u00e1fica<\/strong><br \/>\nBERM\u00daDEZ, \u00c1ngela, S\u00c1EZ DE LA FUENTE, Izaskun y BILBAO, Galo (2020): <em>Contribuciones de la educaci\u00f3n hist\u00f3rica a la deslegitimaci\u00f3n de la violencia de motivaci\u00f3n pol\u00edtica<\/em>. Cuadernos sobre Memoria, Educaci\u00f3n Hist\u00f3rica y Construcci\u00f3n de Paz, n\u00ba 1. Bilbao: Universidad de Deusto.<\/p>\n<p><a class=\"button blue medium \" href=\"http:\/\/www.arovite.com\/documentos\/2020_Berm\u00fadez_S\u00e1ez_de_la_Fuente_ y_Bilbao.pdf\" target=\"_blank\" rel=\"noopener\">Consultar PDF<\/a><br \/>\n[vc_empty_space height=&#8221;10&#8243;]<br \/>\n<strong>Resumen<\/strong><br \/>\nEl Centro de \u00c9tica Aplicada de la Universidad de Deusto (CEA) y el Consejo de la Juventud de Euskadi (EGK) iniciaron en el curso 2019- 2020 una Comunidad de Aprendizaje con distintos actores relevantes (j\u00f3venes, profesorado de historia, ciencias sociales y humanidades, educadores\/as informales, cient\u00edficos\/as sociales, v\u00edctimas a t\u00edtulo individual y organizaciones de v\u00edctimas, y representantes de distintas organizaciones sociales vinculadas con estas cuestiones). El objetivo primordial de esta comunidad es desencadenar el di\u00e1logo abierto y la exploraci\u00f3n cr\u00edtica y reflexiva sobre la memoria y la historia del conflicto vasco y la violencia para plantear diversas propuestas sobre c\u00f3mo ense\u00f1ar el pasado violento vivido en el Pa\u00eds Vasco a las nuevas generaciones. En este cuadernillo ofrecemos nuestra reflexi\u00f3n te\u00f3rica, fundamentadora, de marcado car\u00e1cter pedag\u00f3gico. Se basa en unas convicciones claramente evidenciadas: en primer lugar, la apuesta \u00e9tica por la asunci\u00f3n de la perspectiva de las v\u00edctimas como eje vertebrador de toda educaci\u00f3n para la paz; segundo, el car\u00e1cter intr\u00ednsecamente \u00e9tico que ha de tener la disciplina hist\u00f3rica, y, por lo tanto, la importancia de incorporar tambi\u00e9n en ella la centralidad de las v\u00edctimas; finalmente, el reconocimiento de que la correcta articulaci\u00f3n entre memoria e historia es un lugar adecuado para poner en juego el logro del objetivo deslegitimador de la violencia. Todo ello nos lleva a plantear una orientaci\u00f3n concreta de la ense\u00f1anza de la historia que identificamos como construcci\u00f3n de la conciencia hist\u00f3rica cr\u00edtica del alumnado. [vc_empty_space height=&#8221;10&#8243;]<br \/>\n<strong>Autor<\/strong><br \/>\n\u00c1ngela Berm\u00fadez. <a title=\"Dialnet\" href=\"https:\/\/dialnet.unirioja.es\/servlet\/autor?codigo=4086534\" target=\"_blank\" rel=\"noopener\">P\u00e1gina del autor en Dialnet.<\/a><br \/>\nIzaskun S\u00e1ez de la Fuente. <a title=\"Dialnet\" href=\"https:\/\/dialnet.unirioja.es\/servlet\/autor?codigo=291316\" target=\"_blank\" rel=\"noopener\">P\u00e1gina del autor en Dialnet.<\/a><br \/>\nGalo Bilbao. <a title=\"Dialnet\" href=\"https:\/\/dialnet.unirioja.es\/servlet\/autor?codigo=554076\" target=\"_blank\" rel=\"noopener\">P\u00e1gina del autor en Dialnet.<\/a> [vc_empty_space height=&#8221;10&#8243;]<br \/>\n<strong>Tipo de documento<\/strong><br \/>\nCuaderno<br \/>\n[vc_empty_space height=&#8221;10&#8243;]<br \/>\n[\/vc_column_text][\/vc_column][\/vc_row]<\/p>\n<\/div>","protected":false},"excerpt":{"rendered":"<p>[vc_row][vc_column width=&#8221;1\/1&#8243;][vc_column_text][vc_empty_space height=&#8221;20&#8243;] Referencia bibliogr\u00e1fica BERM\u00daDEZ, \u00c1ngela, S\u00c1EZ DE LA FUENTE, Izaskun y BILBAO, Galo (2020): Contribuciones de la educaci\u00f3n hist\u00f3rica a la deslegitimaci\u00f3n de la violencia de motivaci\u00f3n pol\u00edtica.&hellip;<\/p>\n","protected":false},"author":1,"featured_media":0,"parent":0,"menu_order":0,"comment_status":"closed","ping_status":"closed","template":"","meta":{"om_disable_all_campaigns":false,"_monsterinsights_skip_tracking":false,"_monsterinsights_sitenote_active":false,"_monsterinsights_sitenote_note":"","_monsterinsights_sitenote_category":0,"_uf_show_specific_survey":0,"_uf_disable_surveys":false,"_vp_format_video_url":"","_vp_image_focal_point":[],"_vp_custom_popup_image":0,"_vp_format_audio_url":"","_vp_custom_thumbnail":0,"_vp_custom_thumbnail_focal_point":[],"_vp_hover_thumbnail":0,"_vp_hover_thumbnail_focal_point":[],"footnotes":""},"class_list":["post-17083","page","type-page","status-publish","hentry"],"aioseo_notices":[],"_links":{"self":[{"href":"https:\/\/www.arovite.com\/eu\/wp-json\/wp\/v2\/pages\/17083","targetHints":{"allow":["GET"]}}],"collection":[{"href":"https:\/\/www.arovite.com\/eu\/wp-json\/wp\/v2\/pages"}],"about":[{"href":"https:\/\/www.arovite.com\/eu\/wp-json\/wp\/v2\/types\/page"}],"author":[{"embeddable":true,"href":"https:\/\/www.arovite.com\/eu\/wp-json\/wp\/v2\/users\/1"}],"replies":[{"embeddable":true,"href":"https:\/\/www.arovite.com\/eu\/wp-json\/wp\/v2\/comments?post=17083"}],"version-history":[{"count":3,"href":"https:\/\/www.arovite.com\/eu\/wp-json\/wp\/v2\/pages\/17083\/revisions"}],"predecessor-version":[{"id":17795,"href":"https:\/\/www.arovite.com\/eu\/wp-json\/wp\/v2\/pages\/17083\/revisions\/17795"}],"wp:attachment":[{"href":"https:\/\/www.arovite.com\/eu\/wp-json\/wp\/v2\/media?parent=17083"}],"curies":[{"name":"wp","href":"https:\/\/api.w.org\/{rel}","templated":true}]}}

BERMÚDEZ, Ángela, SÁEZ DE LA FUENTE, Izaskun y BILBAO, Galo (2020)

<div class="wpb-content-wrapper"><p>[vc_row][vc_column width=&#8221;1/1&#8243;][vc_column_text][vc_empty_space height=&#8221;20&#8243;]<br />
<strong>Referencia bibliográfica</strong><br />
BERMÚDEZ, Ángela, SÁEZ DE LA FUENTE, Izaskun y BILBAO, Galo (2020): <em>Contribuciones de la educación histórica a la deslegitimación de la violencia de motivación política</em>. Cuadernos sobre Memoria, Educación Histórica y Construcción de Paz, nº 1. Bilbao: Universidad de Deusto.</p>
<p><a class="button blue medium " href="http://www.arovite.com/documentos/2020_Bermúdez_Sáez_de_la_Fuente_ y_Bilbao.pdf" target="_blank" rel="noopener">Consultar PDF</a><br />
[vc_empty_space height=&#8221;10&#8243;]<br />
<strong>Resumen</strong><br />
El Centro de Ética Aplicada de la Universidad de Deusto (CEA) y el Consejo de la Juventud de Euskadi (EGK) iniciaron en el curso 2019- 2020 una Comunidad de Aprendizaje con distintos actores relevantes (jóvenes, profesorado de historia, ciencias sociales y humanidades, educadores/as informales, científicos/as sociales, víctimas a título individual y organizaciones de víctimas, y representantes de distintas organizaciones sociales vinculadas con estas cuestiones). El objetivo primordial de esta comunidad es desencadenar el diálogo abierto y la exploración crítica y reflexiva sobre la memoria y la historia del conflicto vasco y la violencia para plantear diversas propuestas sobre cómo enseñar el pasado violento vivido en el País Vasco a las nuevas generaciones. En este cuadernillo ofrecemos nuestra reflexión teórica, fundamentadora, de marcado carácter pedagógico. Se basa en unas convicciones claramente evidenciadas: en primer lugar, la apuesta ética por la asunción de la perspectiva de las víctimas como eje vertebrador de toda educación para la paz; segundo, el carácter intrínsecamente ético que ha de tener la disciplina histórica, y, por lo tanto, la importancia de incorporar también en ella la centralidad de las víctimas; finalmente, el reconocimiento de que la correcta articulación entre memoria e historia es un lugar adecuado para poner en juego el logro del objetivo deslegitimador de la violencia. Todo ello nos lleva a plantear una orientación concreta de la enseñanza de la historia que identificamos como construcción de la conciencia histórica crítica del alumnado. [vc_empty_space height=&#8221;10&#8243;]<br />
<strong>Autor</strong><br />
Ángela Bermúdez. <a title="Dialnet" href="https://dialnet.unirioja.es/servlet/autor?codigo=4086534" target="_blank" rel="noopener">Página del autor en Dialnet.</a><br />
Izaskun Sáez de la Fuente. <a title="Dialnet" href="https://dialnet.unirioja.es/servlet/autor?codigo=291316" target="_blank" rel="noopener">Página del autor en Dialnet.</a><br />
Galo Bilbao. <a title="Dialnet" href="https://dialnet.unirioja.es/servlet/autor?codigo=554076" target="_blank" rel="noopener">Página del autor en Dialnet.</a> [vc_empty_space height=&#8221;10&#8243;]<br />
<strong>Tipo de documento</strong><br />
Cuaderno<br />
[vc_empty_space height=&#8221;10&#8243;]<br />
[/vc_column_text][/vc_column][/vc_row]</p>
</div>

<p>[vc_row][vc_column width=&#8221;1/1&#8243;][vc_column_text][vc_empty_space height=&#8221;20&#8243;] Referencia bibliográfica BERMÚDEZ, Ángela, SÁEZ DE LA FUENTE, Izaskun y BILBAO, Galo (2020): Contribuciones de la educación histórica a la deslegitimación de la violencia de motivación política.&hellip;</p>
