{"id":17050,"date":"2023-02-15T19:10:21","date_gmt":"2023-02-15T19:10:21","guid":{"rendered":"https:\/\/www.arovite.com\/?page_id=17050"},"modified":"2023-02-17T12:17:14","modified_gmt":"2023-02-17T12:17:14","slug":"aparicio-rodriguez-victor-y-bueno-aguado-mario-2022","status":"publish","type":"page","link":"https:\/\/www.arovite.com\/eu\/aparicio-rodriguez-victor-y-bueno-aguado-mario-2022\/","title":{"rendered":"APARICIO RODR\u00cdGUEZ, V\u00edctor y BUENO AGUADO, Mario (2022)"},"content":{"rendered":"<div class=\"wpb-content-wrapper\"><p>[vc_row][vc_column width=&#8221;1\/1&#8243;][vc_column_text][vc_empty_space height=&#8221;20&#8243;]<br \/>\n <strong>Referencia bibliogr\u00e1fica<\/strong><br \/>\nAPARICIO RODR\u00cdGUEZ, V\u00edctor y BUENO AGUADO, Mario (2022): \u00abMemoria[s] de una transici\u00f3n violenta. An\u00e1lisis de iniciativas digitales de v\u00edctimas de la extrema derecha y la violencia policial\u00bb, <em>Hispania Nova: Revista de historia contempor\u00e1nea<\/em>, n\u00ba 20, pp. 518-554.<\/p>\n<p><a class=\"button blue medium \" href=\"https:\/\/e-revistas.uc3m.es\/index.php\/HISPNOV\/article\/view\/6469\/5206\" target=\"_blank\" rel=\"noopener\">Consultar PDF<\/a>[vc_empty_space height=&#8221;10&#8243;]<br \/>\n<strong>Resumen<\/strong><br \/>\nTras la ruptura del \u201crelato hegem\u00f3nico\u201d de la Transici\u00f3n y el aumento de la sensibilizaci\u00f3n hacia las v\u00edctimas de naturaleza pol\u00edtica, diferentes colectivos de la sociedad se han preocupado de recuperar la memoria de las v\u00edctimas causadas por la extrema derecha o la violencia policial durante el proceso de tr\u00e1nsito a la democracia. En el desarrollo de su labor, el uso de recursos digitales se ha convertido en una herramienta fundamental para estos sectores. Estos espacios virtuales aparecen, por un lado, como un recurso imprescindible para impulsar la denuncia de la impunidad que envuelven estos hechos y las reivindicaciones de verdad, justicia y reparaci\u00f3n defendidas por estos colectivos y, por otro lado, como fuente primaria para su estudio por parte de la historiograf\u00eda. En el presente art\u00edculo se analizar\u00e1n los usos y funcionalidades de distintas iniciativas memorialistas relacionadas con los casos del 3 de marzo en Vitoria, de los abogados de Atocha, del asesinato de Garc\u00eda Caparr\u00f3s, el caso de los Sanfermines de 1978 y el caso de Yolanda Gonz\u00e1lez. [vc_empty_space height=&#8221;10&#8243;]<br \/>\n<strong>Abstract<\/strong><br \/>\nFollowing the rupture of the &#8220;hegemonic narrative&#8221; of the Transition and the increase in awareness of victims of a political nature, different groups in society have been concerned with recovering the memory of the victims caused by the extreme right or police violence during the process of transition to democracy. In the development of their work, the use of digital resources has become a fundamental tool for these sectors. These virtual spaces appear, on the one hand, as an essential resource to promote the denunciation of the impunity surrounding these events and the demands for truth, justice and reparation defended by these groups and, on the other hand, as a primary source for their study by historiography. This article will analyse the uses and functionalities of different memorial initiatives related to the cases of the 3rd March in Vitoria, the Atocha lawyers, the murder of Garc\u00eda Caparr\u00f3s, the case of the Sanfermines in 1978 and the case of Yolanda Gonz\u00e1lez. [vc_empty_space height=&#8221;10&#8243;]<br \/>\n<strong>Autor<\/strong><br \/>\nV\u00edctor Aparicio Rodr\u00edguez. <a title=\"Dialnet\" href=\"https:\/\/dialnet.unirioja.es\/servlet\/autor?codigo=4280682\" target=\"_blank\" rel=\"noopener\">P\u00e1gina del autor en Dialnet.<\/a><br \/>\nMario Bueno Aguado. <a title=\"Dialnet\" href=\"https:\/\/dialnet.unirioja.es\/servlet\/autor?codigo=4113800\" target=\"_blank\" rel=\"noopener\">P\u00e1gina del autor en Dialnet.<\/a><br \/>\n[vc_empty_space height=&#8221;10&#8243;]<br \/>\n<strong>Tipo de documento<\/strong><br \/>\nArt\u00edculo<br \/>\n[vc_empty_space height=&#8221;10&#8243;]<br \/>\n[\/vc_column_text][\/vc_column][\/vc_row]<\/p>\n<\/div>","protected":false},"excerpt":{"rendered":"<p>[vc_row][vc_column width=&#8221;1\/1&#8243;][vc_column_text][vc_empty_space height=&#8221;20&#8243;] Referencia bibliogr\u00e1fica APARICIO RODR\u00cdGUEZ, V\u00edctor y BUENO AGUADO, Mario (2022): \u00abMemoria[s] de una transici\u00f3n violenta. An\u00e1lisis de iniciativas digitales de v\u00edctimas de la extrema derecha y la&hellip;<\/p>\n","protected":false},"author":1,"featured_media":0,"parent":0,"menu_order":0,"comment_status":"closed","ping_status":"closed","template":"","meta":{"om_disable_all_campaigns":false,"_monsterinsights_skip_tracking":false,"_monsterinsights_sitenote_active":false,"_monsterinsights_sitenote_note":"","_monsterinsights_sitenote_category":0,"_uf_show_specific_survey":0,"_uf_disable_surveys":false,"_vp_format_video_url":"","_vp_image_focal_point":[],"_vp_custom_popup_image":0,"_vp_format_audio_url":"","_vp_custom_thumbnail":0,"_vp_custom_thumbnail_focal_point":[],"_vp_hover_thumbnail":0,"_vp_hover_thumbnail_focal_point":[],"footnotes":""},"class_list":["post-17050","page","type-page","status-publish","hentry"],"aioseo_notices":[],"_links":{"self":[{"href":"https:\/\/www.arovite.com\/eu\/wp-json\/wp\/v2\/pages\/17050","targetHints":{"allow":["GET"]}}],"collection":[{"href":"https:\/\/www.arovite.com\/eu\/wp-json\/wp\/v2\/pages"}],"about":[{"href":"https:\/\/www.arovite.com\/eu\/wp-json\/wp\/v2\/types\/page"}],"author":[{"embeddable":true,"href":"https:\/\/www.arovite.com\/eu\/wp-json\/wp\/v2\/users\/1"}],"replies":[{"embeddable":true,"href":"https:\/\/www.arovite.com\/eu\/wp-json\/wp\/v2\/comments?post=17050"}],"version-history":[{"count":3,"href":"https:\/\/www.arovite.com\/eu\/wp-json\/wp\/v2\/pages\/17050\/revisions"}],"predecessor-version":[{"id":17094,"href":"https:\/\/www.arovite.com\/eu\/wp-json\/wp\/v2\/pages\/17050\/revisions\/17094"}],"wp:attachment":[{"href":"https:\/\/www.arovite.com\/eu\/wp-json\/wp\/v2\/media?parent=17050"}],"curies":[{"name":"wp","href":"https:\/\/api.w.org\/{rel}","templated":true}]}}

APARICIO RODRÍGUEZ, Víctor y BUENO AGUADO, Mario (2022)

<div class="wpb-content-wrapper"><p>[vc_row][vc_column width=&#8221;1/1&#8243;][vc_column_text][vc_empty_space height=&#8221;20&#8243;]<br />
 <strong>Referencia bibliográfica</strong><br />
APARICIO RODRÍGUEZ, Víctor y BUENO AGUADO, Mario (2022): «Memoria[s] de una transición violenta. Análisis de iniciativas digitales de víctimas de la extrema derecha y la violencia policial», <em>Hispania Nova: Revista de historia contemporánea</em>, nº 20, pp. 518-554.</p>
<p><a class="button blue medium " href="https://e-revistas.uc3m.es/index.php/HISPNOV/article/view/6469/5206" target="_blank" rel="noopener">Consultar PDF</a>[vc_empty_space height=&#8221;10&#8243;]<br />
<strong>Resumen</strong><br />
Tras la ruptura del “relato hegemónico” de la Transición y el aumento de la sensibilización hacia las víctimas de naturaleza política, diferentes colectivos de la sociedad se han preocupado de recuperar la memoria de las víctimas causadas por la extrema derecha o la violencia policial durante el proceso de tránsito a la democracia. En el desarrollo de su labor, el uso de recursos digitales se ha convertido en una herramienta fundamental para estos sectores. Estos espacios virtuales aparecen, por un lado, como un recurso imprescindible para impulsar la denuncia de la impunidad que envuelven estos hechos y las reivindicaciones de verdad, justicia y reparación defendidas por estos colectivos y, por otro lado, como fuente primaria para su estudio por parte de la historiografía. En el presente artículo se analizarán los usos y funcionalidades de distintas iniciativas memorialistas relacionadas con los casos del 3 de marzo en Vitoria, de los abogados de Atocha, del asesinato de García Caparrós, el caso de los Sanfermines de 1978 y el caso de Yolanda González. [vc_empty_space height=&#8221;10&#8243;]<br />
<strong>Abstract</strong><br />
Following the rupture of the &#8220;hegemonic narrative&#8221; of the Transition and the increase in awareness of victims of a political nature, different groups in society have been concerned with recovering the memory of the victims caused by the extreme right or police violence during the process of transition to democracy. In the development of their work, the use of digital resources has become a fundamental tool for these sectors. These virtual spaces appear, on the one hand, as an essential resource to promote the denunciation of the impunity surrounding these events and the demands for truth, justice and reparation defended by these groups and, on the other hand, as a primary source for their study by historiography. This article will analyse the uses and functionalities of different memorial initiatives related to the cases of the 3rd March in Vitoria, the Atocha lawyers, the murder of García Caparrós, the case of the Sanfermines in 1978 and the case of Yolanda González. [vc_empty_space height=&#8221;10&#8243;]<br />
<strong>Autor</strong><br />
Víctor Aparicio Rodríguez. <a title="Dialnet" href="https://dialnet.unirioja.es/servlet/autor?codigo=4280682" target="_blank" rel="noopener">Página del autor en Dialnet.</a><br />
Mario Bueno Aguado. <a title="Dialnet" href="https://dialnet.unirioja.es/servlet/autor?codigo=4113800" target="_blank" rel="noopener">Página del autor en Dialnet.</a><br />
[vc_empty_space height=&#8221;10&#8243;]<br />
<strong>Tipo de documento</strong><br />
Artículo<br />
[vc_empty_space height=&#8221;10&#8243;]<br />
[/vc_column_text][/vc_column][/vc_row]</p>
</div>

<p>[vc_row][vc_column width=&#8221;1/1&#8243;][vc_column_text][vc_empty_space height=&#8221;20&#8243;] Referencia bibliográfica APARICIO RODRÍGUEZ, Víctor y BUENO AGUADO, Mario (2022): «Memoria[s] de una transición violenta. Análisis de iniciativas digitales de víctimas de la extrema derecha y la&hellip;</p>
