{"id":12663,"date":"2021-01-22T08:26:04","date_gmt":"2021-01-22T08:26:04","guid":{"rendered":"https:\/\/www.arovite.com\/fundacion-centro-para-la-memoria-de-las-victimas-del-terrorismo-2020-2\/"},"modified":"2021-01-22T08:26:33","modified_gmt":"2021-01-22T08:26:33","slug":"fundacion-centro-para-la-memoria-de-las-victimas-del-terrorismo-2020-2","status":"publish","type":"page","link":"https:\/\/www.arovite.com\/eu\/fundacion-centro-para-la-memoria-de-las-victimas-del-terrorismo-2020-2\/","title":{"rendered":"FUNDACI\u00d3N CENTRO PARA LA MEMORIA DE LAS V\u00cdCTIMAS DEL TERRORISMO (2020)"},"content":{"rendered":"<div class=\"wpb-content-wrapper\"><p>[vc_row][vc_column width=&#8221;1\/1&#8243;][vc_column_text][vc_empty_space height=&#8221;20&#8243;]<br \/>\n<strong>Referencia bibliogr\u00e1fica<\/strong><br \/>\nFUNDACI\u00d3N CENTRO PARA LA MEMORIA DE LAS V\u00cdCTIMAS DEL TERRORISMO (2020): \u00abEl terrorismo en Espa\u00f1a\u00bb, <em>Proyecto educativo Memoria y prevenci\u00f3n del terrorismo<\/em>, n\u00ba 2. <\/p>\n<p><a class=\"button blue medium \" href=\"http:\/\/www.memorialvt.com\/wp-content\/uploads\/2020\/07\/UD2-Terrorismo_en_Espan%CC%83a_-PROFESORES.pdf\" target=\"_blank\" rel=\"noopener\">Consultar PDF<\/a>[vc_empty_space height=&#8221;10&#8243;]<br \/>\n<strong>Resumen<\/strong><br \/>\nEsta unidad did\u00e1ctica se presenta como un instrumento completo que ponemos a disposici\u00f3n del docente para que pueda trabajarla directamente en el aula. Tendr\u00e1 en su mano todo el contenido, as\u00ed como la aplicaci\u00f3n did\u00e1ctica, tal y como se elaborar\u00eda para ser introducida en un libro de texto. Primeramente, se incluye el trabajo que debe realizarse en cada una de las sesiones para las que ha sido proyectada. Al final se encuentra la propuesta did\u00e1ctica completa para poder incluir dentro de la programaci\u00f3n de la materia.<br \/>\n[vc_empty_space height=&#8221;10&#8243;]<br \/>\n<strong>Tipo de documento<\/strong><br \/>\nUnidad did\u00e1ctica<br \/>\n[vc_empty_space height=&#8221;10&#8243;]<br \/>\n[\/vc_column_text][\/vc_column][\/vc_row]<\/p>\n<\/div>","protected":false},"excerpt":{"rendered":"<p>[vc_row][vc_column width=&#8221;1\/1&#8243;][vc_column_text][vc_empty_space height=&#8221;20&#8243;] Referencia bibliogr\u00e1fica FUNDACI\u00d3N CENTRO PARA LA MEMORIA DE LAS V\u00cdCTIMAS DEL TERRORISMO (2020): \u00abEl terrorismo en Espa\u00f1a\u00bb, Proyecto educativo Memoria y prevenci\u00f3n del terrorismo, n\u00ba 2. Consultar&hellip;<\/p>\n","protected":false},"author":1,"featured_media":0,"parent":0,"menu_order":0,"comment_status":"closed","ping_status":"closed","template":"","meta":{"om_disable_all_campaigns":false,"_monsterinsights_skip_tracking":false,"_monsterinsights_sitenote_active":false,"_monsterinsights_sitenote_note":"","_monsterinsights_sitenote_category":0,"_uf_show_specific_survey":0,"_uf_disable_surveys":false,"_vp_format_video_url":"","_vp_image_focal_point":[],"_vp_custom_popup_image":0,"_vp_format_audio_url":"","_vp_custom_thumbnail":0,"_vp_custom_thumbnail_focal_point":[],"_vp_hover_thumbnail":0,"_vp_hover_thumbnail_focal_point":[],"footnotes":""},"class_list":["post-12663","page","type-page","status-publish","hentry"],"aioseo_notices":[],"_links":{"self":[{"href":"https:\/\/www.arovite.com\/eu\/wp-json\/wp\/v2\/pages\/12663","targetHints":{"allow":["GET"]}}],"collection":[{"href":"https:\/\/www.arovite.com\/eu\/wp-json\/wp\/v2\/pages"}],"about":[{"href":"https:\/\/www.arovite.com\/eu\/wp-json\/wp\/v2\/types\/page"}],"author":[{"embeddable":true,"href":"https:\/\/www.arovite.com\/eu\/wp-json\/wp\/v2\/users\/1"}],"replies":[{"embeddable":true,"href":"https:\/\/www.arovite.com\/eu\/wp-json\/wp\/v2\/comments?post=12663"}],"version-history":[{"count":1,"href":"https:\/\/www.arovite.com\/eu\/wp-json\/wp\/v2\/pages\/12663\/revisions"}],"predecessor-version":[{"id":12665,"href":"https:\/\/www.arovite.com\/eu\/wp-json\/wp\/v2\/pages\/12663\/revisions\/12665"}],"wp:attachment":[{"href":"https:\/\/www.arovite.com\/eu\/wp-json\/wp\/v2\/media?parent=12663"}],"curies":[{"name":"wp","href":"https:\/\/api.w.org\/{rel}","templated":true}]}}

FUNDACIÓN CENTRO PARA LA MEMORIA DE LAS VÍCTIMAS DEL TERRORISMO (2020)

<div class="wpb-content-wrapper"><p>[vc_row][vc_column width=&#8221;1/1&#8243;][vc_column_text][vc_empty_space height=&#8221;20&#8243;]<br />
<strong>Referencia bibliográfica</strong><br />
FUNDACIÓN CENTRO PARA LA MEMORIA DE LAS VÍCTIMAS DEL TERRORISMO (2020): «El terrorismo en España», <em>Proyecto educativo Memoria y prevención del terrorismo</em>, nº 2. </p>
<p><a class="button blue medium " href="http://www.memorialvt.com/wp-content/uploads/2020/07/UD2-Terrorismo_en_Espan%CC%83a_-PROFESORES.pdf" target="_blank" rel="noopener">Consultar PDF</a>[vc_empty_space height=&#8221;10&#8243;]<br />
<strong>Resumen</strong><br />
Esta unidad didáctica se presenta como un instrumento completo que ponemos a disposición del docente para que pueda trabajarla directamente en el aula. Tendrá en su mano todo el contenido, así como la aplicación didáctica, tal y como se elaboraría para ser introducida en un libro de texto. Primeramente, se incluye el trabajo que debe realizarse en cada una de las sesiones para las que ha sido proyectada. Al final se encuentra la propuesta didáctica completa para poder incluir dentro de la programación de la materia.<br />
[vc_empty_space height=&#8221;10&#8243;]<br />
<strong>Tipo de documento</strong><br />
Unidad didáctica<br />
[vc_empty_space height=&#8221;10&#8243;]<br />
[/vc_column_text][/vc_column][/vc_row]</p>
</div>

<p>[vc_row][vc_column width=&#8221;1/1&#8243;][vc_column_text][vc_empty_space height=&#8221;20&#8243;] Referencia bibliográfica FUNDACIÓN CENTRO PARA LA MEMORIA DE LAS VÍCTIMAS DEL TERRORISMO (2020): «El terrorismo en España», Proyecto educativo Memoria y prevención del terrorismo, nº 2. Consultar&hellip;</p>
