{"id":12593,"date":"2021-01-08T09:02:47","date_gmt":"2021-01-08T09:02:47","guid":{"rendered":"https:\/\/www.arovite.com\/cirulli-adriano-2012\/"},"modified":"2021-01-08T09:02:55","modified_gmt":"2021-01-08T09:02:55","slug":"cirulli-adriano-2012","status":"publish","type":"page","link":"https:\/\/www.arovite.com\/eu\/cirulli-adriano-2012\/","title":{"rendered":"CIRULLI, Adriano (2012)"},"content":{"rendered":"<div class=\"wpb-content-wrapper\"><p>[vc_row][vc_column width=&#8221;1\/1&#8243;][vc_column_text][vc_empty_space height=&#8221;20&#8243;]<br \/>\n<strong>Referencia bibliogr\u00e1fica<\/strong><br \/>\nCIRULLI, Adriano (2012): <em>L\u2019ascia e il serpente. L\u2019ETA e il nacionalismo vasco dopo la lotta armata<\/em>. Roma: Datanews.<\/p>\n<p><a class=\"button blue medium \" href=\"https:\/\/www.academia.edu\/1440196\/Lascia_e_il_serpente_LETA_e_il_nazionalismo_basco_dopo_la_lotta_armata?auto=download&#038;email_work_card=download-paper\" target=\"_blank\" rel=\"noopener\">Consultar PDF<\/a>[vc_empty_space height=&#8221;10&#8243;]<br \/>\n<strong>Sommario<\/strong><br \/>\nDopo l&#8217;avvio del processo di pace in Irlanda del Nord nei primi anni &#8217;90, quello basco ha rappresentato l&#8217;ultimo caso di conflitto armato etnonazionalista ancora attivo nel cuore dell&#8217;Europa occidentale. Questa situazione \u00e8 cambiata radicalmente in seguito alla storica decisione dell&#8217;organizzazione Euskadi Ta Askatasuna (ETA), resa pubblica il 20 ottobre 2011, di abbandonare definitivamente l&#8217;ormai decennale attivit\u00e0 armata. La fine della strategia annata di ETA non rappresenta comunque la fine dell&#8217;annoso conflitto che contrappone il nazionalismo basco allo stato spagnolo e, seppur con diversa intensit\u00e0, a quello francese. Si \u00e8 piuttosto aperta una nuova fase, densa di incognite, e resa ancora pi\u00f9 complessa dalla crisi economica, politica e sociale che sta interessando la Spagna negli ultimi anni. Questo volume, in forma agile e accessibile, ricostruisce e sintetizza il contesto storico, culturale, sociale e politico in cui ha preso forma il nazionalismo basco, le diverse fasi storiche dell&#8217;evoluzione del movimento, i principali eventi che hanno portato alla storica decisione dell&#8217;ETA, e gli aspetti pi\u00f9 importanti che caratterizzano il nuovo scenario che si \u00e8 aperto con la fine della lotta armata.<br \/>\n[vc_empty_space height=&#8221;10&#8243;]<br \/>\n<strong>Autor<\/strong><br \/>\nAdriano Cirulli. <a title=\"Dialnet\" href=\"https:\/\/dialnet.unirioja.es\/servlet\/autor?codigo=3516122\" target=\"_blank\" rel=\"noopener\">P\u00e1gina del autor en Dialnet.<\/a><br \/>\n[vc_empty_space height=&#8221;10&#8243;]<br \/>\n<strong>Tipo de documento<\/strong><br \/>\nLibro<br \/>\n[vc_empty_space height=&#8221;10&#8243;]<br \/>\n[\/vc_column_text][\/vc_column][\/vc_row]<\/p>\n<\/div>","protected":false},"excerpt":{"rendered":"<p>[vc_row][vc_column width=&#8221;1\/1&#8243;][vc_column_text][vc_empty_space height=&#8221;20&#8243;] Referencia bibliogr\u00e1fica CIRULLI, Adriano (2012): L\u2019ascia e il serpente. L\u2019ETA e il nacionalismo vasco dopo la lotta armata. Roma: Datanews. Consultar PDF[vc_empty_space height=&#8221;10&#8243;] Sommario Dopo l&#8217;avvio del&hellip;<\/p>\n","protected":false},"author":1,"featured_media":0,"parent":0,"menu_order":0,"comment_status":"closed","ping_status":"closed","template":"","meta":{"om_disable_all_campaigns":false,"_monsterinsights_skip_tracking":false,"_monsterinsights_sitenote_active":false,"_monsterinsights_sitenote_note":"","_monsterinsights_sitenote_category":0,"_uf_show_specific_survey":0,"_uf_disable_surveys":false,"_vp_format_video_url":"","_vp_image_focal_point":[],"_vp_custom_popup_image":0,"_vp_format_audio_url":"","_vp_custom_thumbnail":0,"_vp_custom_thumbnail_focal_point":[],"_vp_hover_thumbnail":0,"_vp_hover_thumbnail_focal_point":[],"footnotes":""},"class_list":["post-12593","page","type-page","status-publish","hentry"],"aioseo_notices":[],"_links":{"self":[{"href":"https:\/\/www.arovite.com\/eu\/wp-json\/wp\/v2\/pages\/12593","targetHints":{"allow":["GET"]}}],"collection":[{"href":"https:\/\/www.arovite.com\/eu\/wp-json\/wp\/v2\/pages"}],"about":[{"href":"https:\/\/www.arovite.com\/eu\/wp-json\/wp\/v2\/types\/page"}],"author":[{"embeddable":true,"href":"https:\/\/www.arovite.com\/eu\/wp-json\/wp\/v2\/users\/1"}],"replies":[{"embeddable":true,"href":"https:\/\/www.arovite.com\/eu\/wp-json\/wp\/v2\/comments?post=12593"}],"version-history":[{"count":1,"href":"https:\/\/www.arovite.com\/eu\/wp-json\/wp\/v2\/pages\/12593\/revisions"}],"predecessor-version":[{"id":12595,"href":"https:\/\/www.arovite.com\/eu\/wp-json\/wp\/v2\/pages\/12593\/revisions\/12595"}],"wp:attachment":[{"href":"https:\/\/www.arovite.com\/eu\/wp-json\/wp\/v2\/media?parent=12593"}],"curies":[{"name":"wp","href":"https:\/\/api.w.org\/{rel}","templated":true}]}}

<div class="wpb-content-wrapper"><p>[vc_row][vc_column width=&#8221;1/1&#8243;][vc_column_text][vc_empty_space height=&#8221;20&#8243;]<br />
<strong>Referencia bibliográfica</strong><br />
CIRULLI, Adriano (2012): <em>L’ascia e il serpente. L’ETA e il nacionalismo vasco dopo la lotta armata</em>. Roma: Datanews.</p>
<p><a class="button blue medium " href="https://www.academia.edu/1440196/Lascia_e_il_serpente_LETA_e_il_nazionalismo_basco_dopo_la_lotta_armata?auto=download&#038;email_work_card=download-paper" target="_blank" rel="noopener">Consultar PDF</a>[vc_empty_space height=&#8221;10&#8243;]<br />
<strong>Sommario</strong><br />
Dopo l&#8217;avvio del processo di pace in Irlanda del Nord nei primi anni &#8217;90, quello basco ha rappresentato l&#8217;ultimo caso di conflitto armato etnonazionalista ancora attivo nel cuore dell&#8217;Europa occidentale. Questa situazione è cambiata radicalmente in seguito alla storica decisione dell&#8217;organizzazione Euskadi Ta Askatasuna (ETA), resa pubblica il 20 ottobre 2011, di abbandonare definitivamente l&#8217;ormai decennale attività armata. La fine della strategia annata di ETA non rappresenta comunque la fine dell&#8217;annoso conflitto che contrappone il nazionalismo basco allo stato spagnolo e, seppur con diversa intensità, a quello francese. Si è piuttosto aperta una nuova fase, densa di incognite, e resa ancora più complessa dalla crisi economica, politica e sociale che sta interessando la Spagna negli ultimi anni. Questo volume, in forma agile e accessibile, ricostruisce e sintetizza il contesto storico, culturale, sociale e politico in cui ha preso forma il nazionalismo basco, le diverse fasi storiche dell&#8217;evoluzione del movimento, i principali eventi che hanno portato alla storica decisione dell&#8217;ETA, e gli aspetti più importanti che caratterizzano il nuovo scenario che si è aperto con la fine della lotta armata.<br />
[vc_empty_space height=&#8221;10&#8243;]<br />
<strong>Autor</strong><br />
Adriano Cirulli. <a title="Dialnet" href="https://dialnet.unirioja.es/servlet/autor?codigo=3516122" target="_blank" rel="noopener">Página del autor en Dialnet.</a><br />
[vc_empty_space height=&#8221;10&#8243;]<br />
<strong>Tipo de documento</strong><br />
Libro<br />
[vc_empty_space height=&#8221;10&#8243;]<br />
[/vc_column_text][/vc_column][/vc_row]</p>
</div>

<p>[vc_row][vc_column width=&#8221;1/1&#8243;][vc_column_text][vc_empty_space height=&#8221;20&#8243;] Referencia bibliográfica CIRULLI, Adriano (2012): L’ascia e il serpente. L’ETA e il nacionalismo vasco dopo la lotta armata. Roma: Datanews. Consultar PDF[vc_empty_space height=&#8221;10&#8243;] Sommario Dopo l&#8217;avvio del&hellip;</p>
