{"id":16978,"date":"2023-02-15T08:22:07","date_gmt":"2023-02-15T08:22:07","guid":{"rendered":"https:\/\/www.arovite.com\/?post_type=portfolio&#038;p=16978"},"modified":"2024-12-17T20:06:19","modified_gmt":"2024-12-17T20:06:19","slug":"las-buenas-sombras-los-escoltas-frente-al-terrorismo","status":"publish","type":"portfolio","link":"https:\/\/www.arovite.com\/es\/portfolio\/testimonios-online\/las-buenas-sombras-los-escoltas-frente-al-terrorismo\/","title":{"rendered":"Las buenas sombras, los escoltas frente al terrorismo"},"content":{"rendered":"<p><strong>T\u00edtulo<\/strong><br \/>\nLas buenas sombras, los escoltas frente al terrorismo<\/p>\n<p><strong>A\u00f1o<\/strong><br \/>\n2022<\/p>\n<p><strong>Director<\/strong><br \/>\nFelipe Hern\u00e1ndez Cava<\/p>\n<p><strong>Sinopsis<\/strong><br \/>\nEste documental relata la vida de los escoltas asesinados por ETA a lo largo de varias d\u00e9cadas. Un homenaje a este colectivo que defendi\u00f3 a cientos de ciudadanos de los terroristas pagando un alto precio. Hombres y mujeres miembros de los Cuerpos y Fuerzas de Seguridad del Estado, militares y profesionales de seguridad privada que salvaron muchas vidas y no han sido suficientemente reconocidos. Esta obra la abrimos a la sociedad para conocimiento y sensibilizaci\u00f3n en la historia de las v\u00edctimas del terrorismo. Cuenta con los testimonios de Lorena D\u00edez, Josefa Guti\u00e9rrez, Ra\u00fal Fern\u00e1ndez, Juan Manuel Hueso y Gabriel Giner.<\/p>\n<p><strong>Canal<\/strong><br \/>\n<a href=\"https:\/\/www.youtube.com\/channel\/UCilox4qzBwqAt0fuP8ii-5Q\" target=\"_blank\" rel=\"noopener noreferrer\">Fundaci\u00f3n Miguel \u00c1ngel Blanco<\/a><\/p>\n<h5 class=\"button blue medium \"><a href=\"https:\/\/www.youtube.com\/watch?v=UjM58Dpi_tQ\" target=\"_blank\" rel=\"noopener noreferrer\"><span style=\"color: #000000;\"><span style=\"color: #ffffff;\">Ver online<\/span><\/span><\/a><\/h5>\n","protected":false},"excerpt":{"rendered":"<p>T\u00edtulo Las buenas sombras, los escoltas frente al terrorismo A\u00f1o 2022 Director Felipe Hern\u00e1ndez Cava Sinopsis Este documental relata la vida de los escoltas asesinados por ETA a lo largo&hellip;<\/p>\n","protected":false},"author":1,"featured_media":17937,"menu_order":0,"comment_status":"closed","ping_status":"closed","template":"","format":"standard","meta":{"om_disable_all_campaigns":false,"_monsterinsights_skip_tracking":false,"_monsterinsights_sitenote_active":false,"_monsterinsights_sitenote_note":"","_monsterinsights_sitenote_category":0,"_uf_show_specific_survey":0,"_uf_disable_surveys":false,"_vp_format_video_url":"","_vp_image_focal_point":[],"_vp_custom_popup_image":0,"_vp_format_audio_url":"","_vp_custom_thumbnail":0,"_vp_custom_thumbnail_focal_point":[],"_vp_hover_thumbnail":0,"_vp_hover_thumbnail_focal_point":[],"footnotes":""},"portfolio_category":[267],"portfolio_tag":[],"class_list":["post-16978","portfolio","type-portfolio","status-publish","format-standard","has-post-thumbnail","hentry","portfolio_category-testimonios-online"],"aioseo_notices":[],"_links":{"self":[{"href":"https:\/\/www.arovite.com\/es\/wp-json\/wp\/v2\/portfolio\/16978","targetHints":{"allow":["GET"]}}],"collection":[{"href":"https:\/\/www.arovite.com\/es\/wp-json\/wp\/v2\/portfolio"}],"about":[{"href":"https:\/\/www.arovite.com\/es\/wp-json\/wp\/v2\/types\/portfolio"}],"author":[{"embeddable":true,"href":"https:\/\/www.arovite.com\/es\/wp-json\/wp\/v2\/users\/1"}],"replies":[{"embeddable":true,"href":"https:\/\/www.arovite.com\/es\/wp-json\/wp\/v2\/comments?post=16978"}],"version-history":[{"count":2,"href":"https:\/\/www.arovite.com\/es\/wp-json\/wp\/v2\/portfolio\/16978\/revisions"}],"predecessor-version":[{"id":22269,"href":"https:\/\/www.arovite.com\/es\/wp-json\/wp\/v2\/portfolio\/16978\/revisions\/22269"}],"wp:featuredmedia":[{"embeddable":true,"href":"https:\/\/www.arovite.com\/es\/wp-json\/wp\/v2\/media\/17937"}],"wp:attachment":[{"href":"https:\/\/www.arovite.com\/es\/wp-json\/wp\/v2\/media?parent=16978"}],"wp:term":[{"taxonomy":"portfolio_category","embeddable":true,"href":"https:\/\/www.arovite.com\/es\/wp-json\/wp\/v2\/portfolio_category?post=16978"},{"taxonomy":"portfolio_tag","embeddable":true,"href":"https:\/\/www.arovite.com\/es\/wp-json\/wp\/v2\/portfolio_tag?post=16978"}],"curies":[{"name":"wp","href":"https:\/\/api.w.org\/{rel}","templated":true}]}}

<p><strong>Título</strong><br />
Las buenas sombras, los escoltas frente al terrorismo</p>
<p><strong>Año</strong><br />
2022</p>
<p><strong>Director</strong><br />
Felipe Hernández Cava</p>
<p><strong>Sinopsis</strong><br />
Este documental relata la vida de los escoltas asesinados por ETA a lo largo de varias décadas. Un homenaje a este colectivo que defendió a cientos de ciudadanos de los terroristas pagando un alto precio. Hombres y mujeres miembros de los Cuerpos y Fuerzas de Seguridad del Estado, militares y profesionales de seguridad privada que salvaron muchas vidas y no han sido suficientemente reconocidos. Esta obra la abrimos a la sociedad para conocimiento y sensibilización en la historia de las víctimas del terrorismo. Cuenta con los testimonios de Lorena Díez, Josefa Gutiérrez, Raúl Fernández, Juan Manuel Hueso y Gabriel Giner.</p>
<p><strong>Canal</strong><br />
<a href="https://www.youtube.com/channel/UCilox4qzBwqAt0fuP8ii-5Q" target="_blank" rel="noopener noreferrer">Fundación Miguel Ángel Blanco</a></p>
<h5 class="button blue medium "><a href="https://www.youtube.com/watch?v=UjM58Dpi_tQ" target="_blank" rel="noopener noreferrer"><span style="color: #000000;"><span style="color: #ffffff;">Ver online</span></span></a></h5>

<p>Título Las buenas sombras, los escoltas frente al terrorismo Año 2022 Director Felipe Hernández Cava Sinopsis Este documental relata la vida de los escoltas asesinados por ETA a lo largo&hellip;</p>
