{"id":1257,"date":"2014-02-25T11:39:36","date_gmt":"2014-02-25T11:39:36","guid":{"rendered":"http:\/\/arovite.com\/temporal\/?post_type=portfolio&#038;p=1257"},"modified":"2024-06-17T19:06:23","modified_gmt":"2024-06-17T19:06:23","slug":"los-vascos-y-la-politica-el-proceso-politico-vasco-elecciones-partidos-opinion-publica-y-legitimacion-en-el-pais-vasco-1977-1992","status":"publish","type":"portfolio","link":"https:\/\/www.arovite.com\/es\/portfolio\/trasfondo-del-terrorismo\/los-vascos-y-la-politica-el-proceso-politico-vasco-elecciones-partidos-opinion-publica-y-legitimacion-en-el-pais-vasco-1977-1992\/","title":{"rendered":"Los vascos y la pol\u00edtica. El proceso pol\u00edtico vasco: elecciones, partidos, opini\u00f3n p\u00fablica y legitimaci\u00f3n en el Pa\u00eds Vasco, 1977-1992"},"content":{"rendered":"<p><strong>T\u00edtulo<\/strong><br \/>\nLos vascos y la pol\u00edtica. El proceso pol\u00edtico vasco: elecciones, partidos, opini\u00f3n p\u00fablica y legitimaci\u00f3n en el Pa\u00eds Vasco, 1977-1992<\/p>\n<p><strong>Autor<\/strong><br \/>\nLLERA, Francisco Jos\u00e9<\/p>\n<p><strong>A\u00f1o<\/strong><br \/>\n1994<\/p>\n<p><strong>Editorial<\/strong><br \/>\nUPV-EHU<\/p>\n<p><strong>Lugar<\/strong><br \/>\nBilbao<\/p>\n","protected":false},"excerpt":{"rendered":"<p>LLERA, Francisco Jos\u00e9<\/p>\n","protected":false},"author":1,"featured_media":18946,"menu_order":0,"comment_status":"closed","ping_status":"closed","template":"","format":"standard","meta":{"om_disable_all_campaigns":false,"_monsterinsights_skip_tracking":false,"_monsterinsights_sitenote_active":false,"_monsterinsights_sitenote_note":"","_monsterinsights_sitenote_category":0,"_uf_show_specific_survey":0,"_uf_disable_surveys":false,"_vp_format_video_url":"","_vp_image_focal_point":[],"_vp_custom_popup_image":0,"_vp_format_audio_url":"","_vp_custom_thumbnail":0,"_vp_custom_thumbnail_focal_point":[],"_vp_hover_thumbnail":0,"_vp_hover_thumbnail_focal_point":[],"footnotes":""},"portfolio_category":[250,251],"portfolio_tag":[],"class_list":["post-1257","portfolio","type-portfolio","status-publish","format-standard","has-post-thumbnail","hentry","portfolio_category-sugerencias-de-lectura","portfolio_category-trasfondo-del-terrorismo"],"aioseo_notices":[],"_links":{"self":[{"href":"https:\/\/www.arovite.com\/es\/wp-json\/wp\/v2\/portfolio\/1257","targetHints":{"allow":["GET"]}}],"collection":[{"href":"https:\/\/www.arovite.com\/es\/wp-json\/wp\/v2\/portfolio"}],"about":[{"href":"https:\/\/www.arovite.com\/es\/wp-json\/wp\/v2\/types\/portfolio"}],"author":[{"embeddable":true,"href":"https:\/\/www.arovite.com\/es\/wp-json\/wp\/v2\/users\/1"}],"replies":[{"embeddable":true,"href":"https:\/\/www.arovite.com\/es\/wp-json\/wp\/v2\/comments?post=1257"}],"version-history":[{"count":1,"href":"https:\/\/www.arovite.com\/es\/wp-json\/wp\/v2\/portfolio\/1257\/revisions"}],"predecessor-version":[{"id":18945,"href":"https:\/\/www.arovite.com\/es\/wp-json\/wp\/v2\/portfolio\/1257\/revisions\/18945"}],"wp:featuredmedia":[{"embeddable":true,"href":"https:\/\/www.arovite.com\/es\/wp-json\/wp\/v2\/media\/18946"}],"wp:attachment":[{"href":"https:\/\/www.arovite.com\/es\/wp-json\/wp\/v2\/media?parent=1257"}],"wp:term":[{"taxonomy":"portfolio_category","embeddable":true,"href":"https:\/\/www.arovite.com\/es\/wp-json\/wp\/v2\/portfolio_category?post=1257"},{"taxonomy":"portfolio_tag","embeddable":true,"href":"https:\/\/www.arovite.com\/es\/wp-json\/wp\/v2\/portfolio_tag?post=1257"}],"curies":[{"name":"wp","href":"https:\/\/api.w.org\/{rel}","templated":true}]}}

Los vascos y la política. El proceso político vasco: elecciones, partidos, opinión pública y legitimación en el País Vasco, 1977-1992

<p><strong>Título</strong><br />
Los vascos y la política. El proceso político vasco: elecciones, partidos, opinión pública y legitimación en el País Vasco, 1977-1992</p>
<p><strong>Autor</strong><br />
LLERA, Francisco José</p>
<p><strong>Año</strong><br />
1994</p>
<p><strong>Editorial</strong><br />
UPV-EHU</p>
<p><strong>Lugar</strong><br />
Bilbao</p>

<p>LLERA, Francisco José</p>
