{"id":9231,"date":"2019-01-14T17:23:33","date_gmt":"2019-01-14T17:23:33","guid":{"rendered":"http:\/\/www.arovite.com\/?page_id=9231\/"},"modified":"2019-01-14T17:23:33","modified_gmt":"2019-01-14T17:23:33","slug":"gimenez-garcia-joaquin-2012","status":"publish","type":"page","link":"https:\/\/www.arovite.com\/es\/gimenez-garcia-joaquin-2012\/","title":{"rendered":"GIM\u00c9NEZ GARC\u00cdA, Joaqu\u00edn (2012)"},"content":{"rendered":"<div class=\"wpb-content-wrapper\"><p>[vc_row][vc_column width=&#8221;1\/1&#8243;][vc_column_text][vc_empty_space height=&#8221;20&#8243;]<br \/>\n<strong>Referencia bibliogr\u00e1fica<\/strong><br \/>\nGIM\u00c9NEZ GARC\u00cdA, Joaqu\u00edn (2012): \u00abReflexiones para una convivencia ante el final de ETA\u00bb, <em>Hermes. Revista de Pensamiento e Historia<\/em>, n\u00ba 42, pp. 4-12.<\/p>\n<p><a class=\"button blue medium \"href=\"https:\/\/dialnet.unirioja.es\/descarga\/articulo\/4053463.pdf\" target=\"_blank\">Consultar PDF<\/a>[vc_empty_space height=&#8221;10&#8243;]<br \/>\n<strong>Resumen<\/strong><br \/>\nReflexiones sobre el proceso de revertevraci\u00f3n de Euskadi tras el fin de ETA: cerrar heridas, recuperar la convivencia y con ella la reconciliaci\u00f3n entre dos comunidades, la que aplaud\u00eda a los victimarios y la que sufr\u00eda los efectos de aqu\u00e9llos.<br \/>\n[vc_empty_space height=&#8221;10&#8243;]<br \/>\n<strong>Autor<\/strong><br \/>\nJoaqu\u00edn Gim\u00e9nez Garc\u00eda. <a title=\"Dialnet\" href=\"https:\/\/dialnet.unirioja.es\/servlet\/autor?codigo=169703\" target=\"_blank\">P\u00e1gina del autor en Dialnet.<\/a><br \/>\n[vc_empty_space height=&#8221;10&#8243;]<br \/>\n<strong>Tipo de documento<\/strong><br \/>\nArt\u00edculo<br \/>\n[vc_empty_space height=&#8221;10&#8243;]<br \/>\n[\/vc_column_text][\/vc_column][\/vc_row]<\/p>\n<\/div>","protected":false},"excerpt":{"rendered":"<p>[vc_row][vc_column width=&#8221;1\/1&#8243;][vc_column_text][vc_empty_space height=&#8221;20&#8243;] Referencia bibliogr\u00e1fica GIM\u00c9NEZ GARC\u00cdA, Joaqu\u00edn (2012): \u00abReflexiones para una convivencia ante el final de ETA\u00bb, Hermes. Revista de Pensamiento e Historia, n\u00ba 42, pp. 4-12. Consultar PDF[vc_empty_space&hellip;<\/p>\n","protected":false},"author":1,"featured_media":0,"parent":0,"menu_order":0,"comment_status":"closed","ping_status":"closed","template":"","meta":{"om_disable_all_campaigns":false,"_monsterinsights_skip_tracking":false,"_monsterinsights_sitenote_active":false,"_monsterinsights_sitenote_note":"","_monsterinsights_sitenote_category":0,"_uf_show_specific_survey":0,"_uf_disable_surveys":false,"_vp_format_video_url":"","_vp_image_focal_point":[],"_vp_custom_popup_image":0,"_vp_format_audio_url":"","_vp_custom_thumbnail":0,"_vp_custom_thumbnail_focal_point":[],"_vp_hover_thumbnail":0,"_vp_hover_thumbnail_focal_point":[],"footnotes":""},"class_list":["post-9231","page","type-page","status-publish","hentry"],"aioseo_notices":[],"_links":{"self":[{"href":"https:\/\/www.arovite.com\/es\/wp-json\/wp\/v2\/pages\/9231","targetHints":{"allow":["GET"]}}],"collection":[{"href":"https:\/\/www.arovite.com\/es\/wp-json\/wp\/v2\/pages"}],"about":[{"href":"https:\/\/www.arovite.com\/es\/wp-json\/wp\/v2\/types\/page"}],"author":[{"embeddable":true,"href":"https:\/\/www.arovite.com\/es\/wp-json\/wp\/v2\/users\/1"}],"replies":[{"embeddable":true,"href":"https:\/\/www.arovite.com\/es\/wp-json\/wp\/v2\/comments?post=9231"}],"version-history":[{"count":2,"href":"https:\/\/www.arovite.com\/es\/wp-json\/wp\/v2\/pages\/9231\/revisions"}],"predecessor-version":[{"id":9235,"href":"https:\/\/www.arovite.com\/es\/wp-json\/wp\/v2\/pages\/9231\/revisions\/9235"}],"wp:attachment":[{"href":"https:\/\/www.arovite.com\/es\/wp-json\/wp\/v2\/media?parent=9231"}],"curies":[{"name":"wp","href":"https:\/\/api.w.org\/{rel}","templated":true}]}}

GIMÉNEZ GARCÍA, Joaquín (2012)

<div class="wpb-content-wrapper"><p>[vc_row][vc_column width=&#8221;1/1&#8243;][vc_column_text][vc_empty_space height=&#8221;20&#8243;]<br />
<strong>Referencia bibliográfica</strong><br />
GIMÉNEZ GARCÍA, Joaquín (2012): «Reflexiones para una convivencia ante el final de ETA», <em>Hermes. Revista de Pensamiento e Historia</em>, nº 42, pp. 4-12.</p>
<p><a class="button blue medium "href="https://dialnet.unirioja.es/descarga/articulo/4053463.pdf" target="_blank">Consultar PDF</a>[vc_empty_space height=&#8221;10&#8243;]<br />
<strong>Resumen</strong><br />
Reflexiones sobre el proceso de revertevración de Euskadi tras el fin de ETA: cerrar heridas, recuperar la convivencia y con ella la reconciliación entre dos comunidades, la que aplaudía a los victimarios y la que sufría los efectos de aquéllos.<br />
[vc_empty_space height=&#8221;10&#8243;]<br />
<strong>Autor</strong><br />
Joaquín Giménez García. <a title="Dialnet" href="https://dialnet.unirioja.es/servlet/autor?codigo=169703" target="_blank">Página del autor en Dialnet.</a><br />
[vc_empty_space height=&#8221;10&#8243;]<br />
<strong>Tipo de documento</strong><br />
Artículo<br />
[vc_empty_space height=&#8221;10&#8243;]<br />
[/vc_column_text][/vc_column][/vc_row]</p>
</div>

<p>[vc_row][vc_column width=&#8221;1/1&#8243;][vc_column_text][vc_empty_space height=&#8221;20&#8243;] Referencia bibliográfica GIMÉNEZ GARCÍA, Joaquín (2012): «Reflexiones para una convivencia ante el final de ETA», Hermes. Revista de Pensamiento e Historia, nº 42, pp. 4-12. Consultar PDF[vc_empty_space&hellip;</p>
