{"id":6662,"date":"2016-09-09T16:51:37","date_gmt":"2016-09-09T16:51:37","guid":{"rendered":"http:\/\/www.arovite.com\/?page_id=6662"},"modified":"2016-09-09T17:33:34","modified_gmt":"2016-09-09T17:33:34","slug":"fundacion-centro-para-la-memoria-de-las-victimas-del-terrorismo-2016","status":"publish","type":"page","link":"https:\/\/www.arovite.com\/es\/fundacion-centro-para-la-memoria-de-las-victimas-del-terrorismo-2016\/","title":{"rendered":"FUNDACI\u00d3N CENTRO PARA LA MEMORIA DE LAS V\u00cdCTIMAS DEL TERRORISMO (2016)"},"content":{"rendered":"<div class=\"wpb-content-wrapper\"><p>[vc_row][vc_column width=&#8221;1\/1&#8243;][vc_column_text][vc_empty_space height=&#8221;20&#8243;]<br \/>\n<strong>Referencia bibliogr\u00e1fica<\/strong><br \/>\nFUNDACI\u00d3N CENTRO PARA LA MEMORIA DE LAS V\u00cdCTIMAS DEL TERRORISMO (2016): \u00abBalance del terrorismo en Espa\u00f1a, 2015\u00bb, <em>Cuadernos del Centro Memorial de las V\u00edctimas del Terrorismo<\/em>, n\u00ba 1.<\/p>\n<p><a class=\"button blue medium \"href=\"http:\/\/www.arovite.com\/documentos\/2016_Memorial_Victimas_Terrorismo.pdf\" target=\"_blank\">Consultar PDF<\/a>[vc_empty_space height=&#8221;10&#8243;]<br \/>\n<strong>Resumen<\/strong><br \/>\nEste primer n\u00famero de Cuadernos del Centro Memorial de las V\u00edctimas del Terrorismo, presenta de manera pormenorizada las acciones que han llevados a cabo los distintos grupos terroristas en nuestro pa\u00eds o aquellos actos terroristas que han afectado a nuestros nacionales fuera de nuestras fronteras, pero sobre todo,  y este es el hecho diferencial respecto a otras publicaciones, el documento se centra en las v\u00edctimas y las repercusiones que han tenido estos hechos en ellas. Su objetivo concuerda con el propio objetivo del Centro Memorial de las V\u00edctimas del Terrorismo: construir y preservar la memoria colectiva de las v\u00edctimas, difundir los valores que encarnaban y encarnan y, con ello, contribuir a la lucha contra el terrorismo elaborando una poderosa narrativa sustentada en el rigor hist\u00f3rico y la verdad democr\u00e1tica.<br \/>\n[vc_empty_space height=&#8221;10&#8243;]<br \/>\n<strong>Tipo de documento<\/strong><br \/>\nInforme<br \/>\n[vc_empty_space height=&#8221;10&#8243;]<br \/>\n[\/vc_column_text][\/vc_column][\/vc_row]<\/p>\n<\/div>","protected":false},"excerpt":{"rendered":"<p>[vc_row][vc_column width=&#8221;1\/1&#8243;][vc_column_text][vc_empty_space height=&#8221;20&#8243;] Referencia bibliogr\u00e1fica FUNDACI\u00d3N CENTRO PARA LA MEMORIA DE LAS V\u00cdCTIMAS DEL TERRORISMO (2016): \u00abBalance del terrorismo en Espa\u00f1a, 2015\u00bb, Cuadernos del Centro Memorial de las V\u00edctimas del&hellip;<\/p>\n","protected":false},"author":1,"featured_media":0,"parent":0,"menu_order":0,"comment_status":"open","ping_status":"open","template":"","meta":{"om_disable_all_campaigns":false,"_monsterinsights_skip_tracking":false,"_monsterinsights_sitenote_active":false,"_monsterinsights_sitenote_note":"","_monsterinsights_sitenote_category":0,"_uf_show_specific_survey":0,"_uf_disable_surveys":false,"_vp_format_video_url":"","_vp_image_focal_point":[],"_vp_custom_popup_image":0,"_vp_format_audio_url":"","_vp_custom_thumbnail":0,"_vp_custom_thumbnail_focal_point":[],"_vp_hover_thumbnail":0,"_vp_hover_thumbnail_focal_point":[],"footnotes":""},"class_list":["post-6662","page","type-page","status-publish","hentry"],"aioseo_notices":[],"_links":{"self":[{"href":"https:\/\/www.arovite.com\/es\/wp-json\/wp\/v2\/pages\/6662","targetHints":{"allow":["GET"]}}],"collection":[{"href":"https:\/\/www.arovite.com\/es\/wp-json\/wp\/v2\/pages"}],"about":[{"href":"https:\/\/www.arovite.com\/es\/wp-json\/wp\/v2\/types\/page"}],"author":[{"embeddable":true,"href":"https:\/\/www.arovite.com\/es\/wp-json\/wp\/v2\/users\/1"}],"replies":[{"embeddable":true,"href":"https:\/\/www.arovite.com\/es\/wp-json\/wp\/v2\/comments?post=6662"}],"version-history":[{"count":5,"href":"https:\/\/www.arovite.com\/es\/wp-json\/wp\/v2\/pages\/6662\/revisions"}],"predecessor-version":[{"id":6668,"href":"https:\/\/www.arovite.com\/es\/wp-json\/wp\/v2\/pages\/6662\/revisions\/6668"}],"wp:attachment":[{"href":"https:\/\/www.arovite.com\/es\/wp-json\/wp\/v2\/media?parent=6662"}],"curies":[{"name":"wp","href":"https:\/\/api.w.org\/{rel}","templated":true}]}}

FUNDACIÓN CENTRO PARA LA MEMORIA DE LAS VÍCTIMAS DEL TERRORISMO (2016)

<div class="wpb-content-wrapper"><p>[vc_row][vc_column width=&#8221;1/1&#8243;][vc_column_text][vc_empty_space height=&#8221;20&#8243;]<br />
<strong>Referencia bibliográfica</strong><br />
FUNDACIÓN CENTRO PARA LA MEMORIA DE LAS VÍCTIMAS DEL TERRORISMO (2016): «Balance del terrorismo en España, 2015», <em>Cuadernos del Centro Memorial de las Víctimas del Terrorismo</em>, nº 1.</p>
<p><a class="button blue medium "href="http://www.arovite.com/documentos/2016_Memorial_Victimas_Terrorismo.pdf" target="_blank">Consultar PDF</a>[vc_empty_space height=&#8221;10&#8243;]<br />
<strong>Resumen</strong><br />
Este primer número de Cuadernos del Centro Memorial de las Víctimas del Terrorismo, presenta de manera pormenorizada las acciones que han llevados a cabo los distintos grupos terroristas en nuestro país o aquellos actos terroristas que han afectado a nuestros nacionales fuera de nuestras fronteras, pero sobre todo,  y este es el hecho diferencial respecto a otras publicaciones, el documento se centra en las víctimas y las repercusiones que han tenido estos hechos en ellas. Su objetivo concuerda con el propio objetivo del Centro Memorial de las Víctimas del Terrorismo: construir y preservar la memoria colectiva de las víctimas, difundir los valores que encarnaban y encarnan y, con ello, contribuir a la lucha contra el terrorismo elaborando una poderosa narrativa sustentada en el rigor histórico y la verdad democrática.<br />
[vc_empty_space height=&#8221;10&#8243;]<br />
<strong>Tipo de documento</strong><br />
Informe<br />
[vc_empty_space height=&#8221;10&#8243;]<br />
[/vc_column_text][/vc_column][/vc_row]</p>
</div>

<p>[vc_row][vc_column width=&#8221;1/1&#8243;][vc_column_text][vc_empty_space height=&#8221;20&#8243;] Referencia bibliográfica FUNDACIÓN CENTRO PARA LA MEMORIA DE LAS VÍCTIMAS DEL TERRORISMO (2016): «Balance del terrorismo en España, 2015», Cuadernos del Centro Memorial de las Víctimas del&hellip;</p>
