{"id":5604,"date":"2016-01-11T20:53:34","date_gmt":"2016-01-11T20:53:34","guid":{"rendered":"http:\/\/www.arovite.com\/?page_id=5604"},"modified":"2016-01-11T20:53:34","modified_gmt":"2016-01-11T20:53:34","slug":"hernandez-nieto-macario-2013","status":"publish","type":"page","link":"https:\/\/www.arovite.com\/es\/hernandez-nieto-macario-2013\/","title":{"rendered":"HERN\u00c1NDEZ NIETO, Macario (2013)"},"content":{"rendered":"<div class=\"wpb-content-wrapper\"><p>[vc_row][vc_column width=&#8221;1\/1&#8243;][vc_column_text][vc_empty_space height=&#8221;20&#8243;]<br \/>\n<strong>Referencia bibliogr\u00e1fica<\/strong><br \/>\nHERN\u00c1NDEZ NIETO, Macario (2013): \u00abIdeolog\u00eda y estrategia de ETA: la acci\u00f3n violenta en los inicios de la organizaci\u00f3n\u00bb, <em>Aportes<\/em>, n\u00ba 82, pp. 65-80.<\/p>\n<p><a class=\"button blue  medium \" href=\"http:\/\/revistaaportes.com\/index.php\/aportes\/article\/view\/45\/35\" target=\"_blank\">Consultar PDF<\/a>[vc_empty_space height=&#8221;10&#8243;]<br \/>\n<strong>Resumen<\/strong><br \/>\nMuchas veces se ha afirmado que durante el r\u00e9gimen de Franco ETA no fue propiamente una organizaci\u00f3n terrorista por estar incluida entre las fuerzas pol\u00edticas que de un modo o de otro luchaban contra la dictadura del general. Su actividad violenta se justificaba al ser considerada como la respuesta a la opresi\u00f3n, tambi\u00e9n violenta, que el dictador ejerc\u00eda sobre los pueblos de Espa\u00f1a y en particular sobre el pueblo vasco. Pero en este art\u00edculo observamos que ETA, desde sus inicios, opta por la violencia como estrategia para la consecuci\u00f3n de un objetivo pol\u00edtico: la independencia de Euskadi, lo cual la define como una organizaci\u00f3n terrorista desde los primeros a\u00f1os de su existencia.<br \/>\n[vc_empty_space height=&#8221;10&#8243;]<br \/>\n<strong>Abstract<\/strong><br \/>\nIt has often been stated that during Franco\u2019s r\u00e9gime ETA was not strictly a terrorist organization on account of its inclusion amongst the political forces which, in one way or another, were fighting against the General\u2019s dictatorship. Its violent actions were justified as they were considered a response to the likewise violent oppression that the dictator exerted over the Spanish people, especially in the Basque Country. However, as we see in this article, from its very beginnings ETA chose violence as the strategy to achieve its political aim: the independence of Euskadi, thus establishing it as a terrorist organization from the first years of its existence.<br \/>\n[vc_empty_space height=&#8221;10&#8243;]<br \/>\n<strong>Autor<\/strong><br \/>\nMacario Hern\u00e1ndez Nieto. <a title=\"Dialnet\" href=\"http:\/\/dialnet.unirioja.es\/servlet\/autor?codigo=1954896\" target=\"_blank\">P\u00e1gina del autor en Dialnet.<\/a><br \/>\n[vc_empty_space height=&#8221;10&#8243;]<br \/>\n<strong>Tipo de documento<\/strong><br \/>\nArt\u00edculo<br \/>\n[vc_empty_space height=&#8221;10&#8243;][\/vc_column_text][\/vc_column][\/vc_row]<\/p>\n<\/div>","protected":false},"excerpt":{"rendered":"<p>[vc_row][vc_column width=&#8221;1\/1&#8243;][vc_column_text][vc_empty_space height=&#8221;20&#8243;] Referencia bibliogr\u00e1fica HERN\u00c1NDEZ NIETO, Macario (2013): \u00abIdeolog\u00eda y estrategia de ETA: la acci\u00f3n violenta en los inicios de la organizaci\u00f3n\u00bb, Aportes, n\u00ba 82, pp. 65-80. Consultar PDF[vc_empty_space&hellip;<\/p>\n","protected":false},"author":2,"featured_media":0,"parent":0,"menu_order":0,"comment_status":"open","ping_status":"open","template":"","meta":{"om_disable_all_campaigns":false,"_monsterinsights_skip_tracking":false,"_monsterinsights_sitenote_active":false,"_monsterinsights_sitenote_note":"","_monsterinsights_sitenote_category":0,"_uf_show_specific_survey":0,"_uf_disable_surveys":false,"_vp_format_video_url":"","_vp_image_focal_point":[],"_vp_custom_popup_image":0,"_vp_format_audio_url":"","_vp_custom_thumbnail":0,"_vp_custom_thumbnail_focal_point":[],"_vp_hover_thumbnail":0,"_vp_hover_thumbnail_focal_point":[],"footnotes":""},"class_list":["post-5604","page","type-page","status-publish","hentry"],"aioseo_notices":[],"_links":{"self":[{"href":"https:\/\/www.arovite.com\/es\/wp-json\/wp\/v2\/pages\/5604","targetHints":{"allow":["GET"]}}],"collection":[{"href":"https:\/\/www.arovite.com\/es\/wp-json\/wp\/v2\/pages"}],"about":[{"href":"https:\/\/www.arovite.com\/es\/wp-json\/wp\/v2\/types\/page"}],"author":[{"embeddable":true,"href":"https:\/\/www.arovite.com\/es\/wp-json\/wp\/v2\/users\/2"}],"replies":[{"embeddable":true,"href":"https:\/\/www.arovite.com\/es\/wp-json\/wp\/v2\/comments?post=5604"}],"version-history":[{"count":1,"href":"https:\/\/www.arovite.com\/es\/wp-json\/wp\/v2\/pages\/5604\/revisions"}],"predecessor-version":[{"id":5612,"href":"https:\/\/www.arovite.com\/es\/wp-json\/wp\/v2\/pages\/5604\/revisions\/5612"}],"wp:attachment":[{"href":"https:\/\/www.arovite.com\/es\/wp-json\/wp\/v2\/media?parent=5604"}],"curies":[{"name":"wp","href":"https:\/\/api.w.org\/{rel}","templated":true}]}}

HERNÁNDEZ NIETO, Macario (2013)

<div class="wpb-content-wrapper"><p>[vc_row][vc_column width=&#8221;1/1&#8243;][vc_column_text][vc_empty_space height=&#8221;20&#8243;]<br />
<strong>Referencia bibliográfica</strong><br />
HERNÁNDEZ NIETO, Macario (2013): «Ideología y estrategia de ETA: la acción violenta en los inicios de la organización», <em>Aportes</em>, nº 82, pp. 65-80.</p>
<p><a class="button blue  medium " href="http://revistaaportes.com/index.php/aportes/article/view/45/35" target="_blank">Consultar PDF</a>[vc_empty_space height=&#8221;10&#8243;]<br />
<strong>Resumen</strong><br />
Muchas veces se ha afirmado que durante el régimen de Franco ETA no fue propiamente una organización terrorista por estar incluida entre las fuerzas políticas que de un modo o de otro luchaban contra la dictadura del general. Su actividad violenta se justificaba al ser considerada como la respuesta a la opresión, también violenta, que el dictador ejercía sobre los pueblos de España y en particular sobre el pueblo vasco. Pero en este artículo observamos que ETA, desde sus inicios, opta por la violencia como estrategia para la consecución de un objetivo político: la independencia de Euskadi, lo cual la define como una organización terrorista desde los primeros años de su existencia.<br />
[vc_empty_space height=&#8221;10&#8243;]<br />
<strong>Abstract</strong><br />
It has often been stated that during Franco’s régime ETA was not strictly a terrorist organization on account of its inclusion amongst the political forces which, in one way or another, were fighting against the General’s dictatorship. Its violent actions were justified as they were considered a response to the likewise violent oppression that the dictator exerted over the Spanish people, especially in the Basque Country. However, as we see in this article, from its very beginnings ETA chose violence as the strategy to achieve its political aim: the independence of Euskadi, thus establishing it as a terrorist organization from the first years of its existence.<br />
[vc_empty_space height=&#8221;10&#8243;]<br />
<strong>Autor</strong><br />
Macario Hernández Nieto. <a title="Dialnet" href="http://dialnet.unirioja.es/servlet/autor?codigo=1954896" target="_blank">Página del autor en Dialnet.</a><br />
[vc_empty_space height=&#8221;10&#8243;]<br />
<strong>Tipo de documento</strong><br />
Artículo<br />
[vc_empty_space height=&#8221;10&#8243;][/vc_column_text][/vc_column][/vc_row]</p>
</div>

<p>[vc_row][vc_column width=&#8221;1/1&#8243;][vc_column_text][vc_empty_space height=&#8221;20&#8243;] Referencia bibliográfica HERNÁNDEZ NIETO, Macario (2013): «Ideología y estrategia de ETA: la acción violenta en los inicios de la organización», Aportes, nº 82, pp. 65-80. Consultar PDF[vc_empty_space&hellip;</p>
