{"id":5211,"date":"2015-12-18T09:59:17","date_gmt":"2015-12-18T09:59:17","guid":{"rendered":"http:\/\/www.arovite.com\/?page_id=5211"},"modified":"2015-12-18T09:59:17","modified_gmt":"2015-12-18T09:59:17","slug":"diaz-diego-2012","status":"publish","type":"page","link":"https:\/\/www.arovite.com\/es\/diaz-diego-2012\/","title":{"rendered":"D\u00cdAZ, Diego (2012)"},"content":{"rendered":"<div class=\"wpb-content-wrapper\"><p>[vc_row][vc_column width=&#8221;1\/1&#8243;][vc_column_text][vc_empty_space height=&#8221;20&#8243;]<br \/>\n<strong>Referencia bibliogr\u00e1fica<\/strong><br \/>\nD\u00cdAZ, Diego (2012): \u00abRojos y abertzales. La metamorfosis de las izquierdas vascas en la transici\u00f3n\u00bb, en NAVAJAS, Carlos e ITURRIAGA, Diego (coords.): <em>Coet\u00e1nea. Actas del III Congreso Internacional de Historia de Nuestro Tiempo<\/em>. Logro\u00f1o: Universidad de La Rioja, pp. 291-300.<\/p>\n<p><a class=\"button blue  medium \" href=\"http:\/\/dialnet.unirioja.es\/servlet\/autor?codigo=3124037\" target=\"_blank\">Consultar PDF<\/a>[vc_empty_space height=&#8221;10&#8243;]<br \/>\n<strong>Resumen<\/strong><br \/>\nUn interesante fen\u00f3meno se observa al analizar el antifranquismo vasco en el final de la dictadura. Se trata de la \u201cvasquizaci\u00f3n\u201d del discurso de las izquierdas vascas, y la paralela \u201cizquierdizaci\u00f3n\u201d de los sectores m\u00e1s activos y din\u00e1micos del nacionalismo. Estos dos mundos, izquierda y nacionalismo, hist\u00f3ricamente distantes y enfrentados, hab\u00edan confluido contra el enemigo com\u00fan en la guerra civil, pero ser\u00e1 a partir de la segunda mitad de los a\u00f1os 60 cuando se produzca el maridaje de elementos tomados del nacionalismo con otros procedentes de las izquierdas en la cultura pol\u00edtica del antifranquismo vasco, es decir, en el imaginario colectivo de aquellos y aquellas que participaban activamente desde las f\u00e1bricas, las aulas o los barrios, en la lucha contra el r\u00e9gimen. Un maridaje que tendr\u00e1 su plasmaci\u00f3n en dos corrientes separadas, por un lado en una juventud nacionalista radicalizada que ha asumido elementos del marxismo-leninismo y del tercermundismo para hacer una formulaci\u00f3n \u201croja\u201d del viejo independentismo sabiniano, y por el otro, en unas izquierdas vascas, que sin renunciar a su identidad espa\u00f1ola, comienzan a reivindicar el euskera y el autogobierno vasco, incluyendo el derecho a la autodeterminaci\u00f3n, como parte fundamental del programa de la ruptura democr\u00e1tica1. El descubrimiento ha sido doble por lo tanto. Para los nacionalistas, la existencia de la lucha de clases, para las izquierdas, la naci\u00f3n o nacionalidad vasca.<br \/>\n[vc_empty_space height=&#8221;10&#8243;]<br \/>\n<strong>Autor<\/strong><br \/>\nDiego D\u00edaz Alonso. <a title=\"Dialnet\" href=\"http:\/\/dialnet.unirioja.es\/servlet\/autor?codigo=3124037\" target=\"_blank\">P\u00e1gina del autor en Dialnet.<\/a><br \/>\n[vc_empty_space height=&#8221;10&#8243;]<br \/>\n<strong>Tipo de documento<\/strong><br \/>\nCap\u00edtulo de libro<br \/>\n[vc_empty_space height=&#8221;10&#8243;]<br \/>\n<a title=\"Enlace alternativo\" href=\"http:\/\/transicionyruptura.info\/wp-content\/uploads\/2015\/08\/RojosYAbertzales.pdf\" target=\"_blank\"><strong>Enlace alternativo.<\/strong><\/a><br \/>\n[vc_empty_space height=&#8221;10&#8243;][\/vc_column_text][\/vc_column][\/vc_row]<\/p>\n<\/div>","protected":false},"excerpt":{"rendered":"<p>[vc_row][vc_column width=&#8221;1\/1&#8243;][vc_column_text][vc_empty_space height=&#8221;20&#8243;] Referencia bibliogr\u00e1fica D\u00cdAZ, Diego (2012): \u00abRojos y abertzales. La metamorfosis de las izquierdas vascas en la transici\u00f3n\u00bb, en NAVAJAS, Carlos e ITURRIAGA, Diego (coords.): Coet\u00e1nea. Actas del&hellip;<\/p>\n","protected":false},"author":2,"featured_media":0,"parent":0,"menu_order":0,"comment_status":"open","ping_status":"open","template":"","meta":{"om_disable_all_campaigns":false,"_monsterinsights_skip_tracking":false,"_monsterinsights_sitenote_active":false,"_monsterinsights_sitenote_note":"","_monsterinsights_sitenote_category":0,"_uf_show_specific_survey":0,"_uf_disable_surveys":false,"_vp_format_video_url":"","_vp_image_focal_point":[],"_vp_custom_popup_image":0,"_vp_format_audio_url":"","_vp_custom_thumbnail":0,"_vp_custom_thumbnail_focal_point":[],"_vp_hover_thumbnail":0,"_vp_hover_thumbnail_focal_point":[],"footnotes":""},"class_list":["post-5211","page","type-page","status-publish","hentry"],"aioseo_notices":[],"_links":{"self":[{"href":"https:\/\/www.arovite.com\/es\/wp-json\/wp\/v2\/pages\/5211","targetHints":{"allow":["GET"]}}],"collection":[{"href":"https:\/\/www.arovite.com\/es\/wp-json\/wp\/v2\/pages"}],"about":[{"href":"https:\/\/www.arovite.com\/es\/wp-json\/wp\/v2\/types\/page"}],"author":[{"embeddable":true,"href":"https:\/\/www.arovite.com\/es\/wp-json\/wp\/v2\/users\/2"}],"replies":[{"embeddable":true,"href":"https:\/\/www.arovite.com\/es\/wp-json\/wp\/v2\/comments?post=5211"}],"version-history":[{"count":1,"href":"https:\/\/www.arovite.com\/es\/wp-json\/wp\/v2\/pages\/5211\/revisions"}],"predecessor-version":[{"id":5212,"href":"https:\/\/www.arovite.com\/es\/wp-json\/wp\/v2\/pages\/5211\/revisions\/5212"}],"wp:attachment":[{"href":"https:\/\/www.arovite.com\/es\/wp-json\/wp\/v2\/media?parent=5211"}],"curies":[{"name":"wp","href":"https:\/\/api.w.org\/{rel}","templated":true}]}}

DÍAZ, Diego (2012)

<div class="wpb-content-wrapper"><p>[vc_row][vc_column width=&#8221;1/1&#8243;][vc_column_text][vc_empty_space height=&#8221;20&#8243;]<br />
<strong>Referencia bibliográfica</strong><br />
DÍAZ, Diego (2012): «Rojos y abertzales. La metamorfosis de las izquierdas vascas en la transición», en NAVAJAS, Carlos e ITURRIAGA, Diego (coords.): <em>Coetánea. Actas del III Congreso Internacional de Historia de Nuestro Tiempo</em>. Logroño: Universidad de La Rioja, pp. 291-300.</p>
<p><a class="button blue  medium " href="http://dialnet.unirioja.es/servlet/autor?codigo=3124037" target="_blank">Consultar PDF</a>[vc_empty_space height=&#8221;10&#8243;]<br />
<strong>Resumen</strong><br />
Un interesante fenómeno se observa al analizar el antifranquismo vasco en el final de la dictadura. Se trata de la “vasquización” del discurso de las izquierdas vascas, y la paralela “izquierdización” de los sectores más activos y dinámicos del nacionalismo. Estos dos mundos, izquierda y nacionalismo, históricamente distantes y enfrentados, habían confluido contra el enemigo común en la guerra civil, pero será a partir de la segunda mitad de los años 60 cuando se produzca el maridaje de elementos tomados del nacionalismo con otros procedentes de las izquierdas en la cultura política del antifranquismo vasco, es decir, en el imaginario colectivo de aquellos y aquellas que participaban activamente desde las fábricas, las aulas o los barrios, en la lucha contra el régimen. Un maridaje que tendrá su plasmación en dos corrientes separadas, por un lado en una juventud nacionalista radicalizada que ha asumido elementos del marxismo-leninismo y del tercermundismo para hacer una formulación “roja” del viejo independentismo sabiniano, y por el otro, en unas izquierdas vascas, que sin renunciar a su identidad española, comienzan a reivindicar el euskera y el autogobierno vasco, incluyendo el derecho a la autodeterminación, como parte fundamental del programa de la ruptura democrática1. El descubrimiento ha sido doble por lo tanto. Para los nacionalistas, la existencia de la lucha de clases, para las izquierdas, la nación o nacionalidad vasca.<br />
[vc_empty_space height=&#8221;10&#8243;]<br />
<strong>Autor</strong><br />
Diego Díaz Alonso. <a title="Dialnet" href="http://dialnet.unirioja.es/servlet/autor?codigo=3124037" target="_blank">Página del autor en Dialnet.</a><br />
[vc_empty_space height=&#8221;10&#8243;]<br />
<strong>Tipo de documento</strong><br />
Capítulo de libro<br />
[vc_empty_space height=&#8221;10&#8243;]<br />
<a title="Enlace alternativo" href="http://transicionyruptura.info/wp-content/uploads/2015/08/RojosYAbertzales.pdf" target="_blank"><strong>Enlace alternativo.</strong></a><br />
[vc_empty_space height=&#8221;10&#8243;][/vc_column_text][/vc_column][/vc_row]</p>
</div>

<p>[vc_row][vc_column width=&#8221;1/1&#8243;][vc_column_text][vc_empty_space height=&#8221;20&#8243;] Referencia bibliográfica DÍAZ, Diego (2012): «Rojos y abertzales. La metamorfosis de las izquierdas vascas en la transición», en NAVAJAS, Carlos e ITURRIAGA, Diego (coords.): Coetánea. Actas del&hellip;</p>
