{"id":5163,"date":"2015-12-15T18:57:50","date_gmt":"2015-12-15T18:57:50","guid":{"rendered":"http:\/\/www.arovite.com\/?page_id=5163"},"modified":"2015-12-15T18:58:31","modified_gmt":"2015-12-15T18:58:31","slug":"casquete-jesus-2004","status":"publish","type":"page","link":"https:\/\/www.arovite.com\/es\/casquete-jesus-2004\/","title":{"rendered":"CASQUETE, Jes\u00fas (2004)"},"content":{"rendered":"<div class=\"wpb-content-wrapper\"><p>[vc_row][vc_column width=&#8221;1\/1&#8243;][vc_column_text][vc_empty_space height=&#8221;20&#8243;]<br \/>\n<strong>Referencia bibliogr\u00e1fica<\/strong><br \/>\nCASQUETE, Jes\u00fas (2004): \u00abRecordar para ser: martiriologio y conmemoraci\u00f3n en el nacionalismo vasco radical\u00bb, Universidad Complutense de Madrid, Seminario de Historia Contempor\u00e1nea.<\/p>\n<p><a class=\"button blue  medium \" href=\"https:\/\/www.ucm.es\/data\/cont\/docs\/297-2013-07-29-4-04.pdf\" target=\"_blank\">Consultar PDF<\/a>[vc_empty_space height=&#8221;10&#8243;]<br \/>\n<strong>Resumen<\/strong><br \/>\nGran parte de lo que recordamos lo hacemos en tanto que miembros de grupos sociales. Esta perspectiva se ha consolidado durante las \u00faltimas d\u00e9cadas en los estudios sobre la memoria que, por fin, parecen haberse sacudido las derivas atomistas del yo a favor de una visi\u00f3n \u2013la adjetivaci\u00f3n var\u00eda; la visi\u00f3n ontol\u00f3gica subyacente apunta en la misma direcci\u00f3n\u2013 conversacional, relacional o dial\u00f3gica del individuo, seg\u00fan la cual las acciones particulares derivan su car\u00e1cter en tanto que integrantes de conjuntos m\u00e1s amplios.<br \/>\n[vc_empty_space height=&#8221;10&#8243;]<br \/>\n<strong>Autor<\/strong><br \/>\nJes\u00fas Casquete. <a title=\"Dialnet\" href=\"http:\/\/dialnet.unirioja.es\/servlet\/autor?codigo=776183\" target=\"_blank\">P\u00e1gina del autor en Dialnet.<\/a><br \/>\n[vc_empty_space height=&#8221;10&#8243;]<br \/>\n<strong>Tipo de documento<\/strong><br \/>\nWorking paper<br \/>\n[vc_empty_space height=&#8221;10&#8243;]<br \/>\n[\/vc_column_text][\/vc_column][\/vc_row]<\/p>\n<\/div>","protected":false},"excerpt":{"rendered":"<p>[vc_row][vc_column width=&#8221;1\/1&#8243;][vc_column_text][vc_empty_space height=&#8221;20&#8243;] Referencia bibliogr\u00e1fica CASQUETE, Jes\u00fas (2004): \u00abRecordar para ser: martiriologio y conmemoraci\u00f3n en el nacionalismo vasco radical\u00bb, Universidad Complutense de Madrid, Seminario de Historia Contempor\u00e1nea. Consultar PDF[vc_empty_space height=&#8221;10&#8243;]&hellip;<\/p>\n","protected":false},"author":2,"featured_media":0,"parent":0,"menu_order":0,"comment_status":"closed","ping_status":"closed","template":"","meta":{"om_disable_all_campaigns":false,"_monsterinsights_skip_tracking":false,"_monsterinsights_sitenote_active":false,"_monsterinsights_sitenote_note":"","_monsterinsights_sitenote_category":0,"_uf_show_specific_survey":0,"_uf_disable_surveys":false,"_vp_format_video_url":"","_vp_image_focal_point":[],"_vp_custom_popup_image":0,"_vp_format_audio_url":"","_vp_custom_thumbnail":0,"_vp_custom_thumbnail_focal_point":[],"_vp_hover_thumbnail":0,"_vp_hover_thumbnail_focal_point":[],"footnotes":""},"class_list":["post-5163","page","type-page","status-publish","hentry"],"aioseo_notices":[],"_links":{"self":[{"href":"https:\/\/www.arovite.com\/es\/wp-json\/wp\/v2\/pages\/5163","targetHints":{"allow":["GET"]}}],"collection":[{"href":"https:\/\/www.arovite.com\/es\/wp-json\/wp\/v2\/pages"}],"about":[{"href":"https:\/\/www.arovite.com\/es\/wp-json\/wp\/v2\/types\/page"}],"author":[{"embeddable":true,"href":"https:\/\/www.arovite.com\/es\/wp-json\/wp\/v2\/users\/2"}],"replies":[{"embeddable":true,"href":"https:\/\/www.arovite.com\/es\/wp-json\/wp\/v2\/comments?post=5163"}],"version-history":[{"count":1,"href":"https:\/\/www.arovite.com\/es\/wp-json\/wp\/v2\/pages\/5163\/revisions"}],"predecessor-version":[{"id":5164,"href":"https:\/\/www.arovite.com\/es\/wp-json\/wp\/v2\/pages\/5163\/revisions\/5164"}],"wp:attachment":[{"href":"https:\/\/www.arovite.com\/es\/wp-json\/wp\/v2\/media?parent=5163"}],"curies":[{"name":"wp","href":"https:\/\/api.w.org\/{rel}","templated":true}]}}

CASQUETE, Jesús (2004)

<div class="wpb-content-wrapper"><p>[vc_row][vc_column width=&#8221;1/1&#8243;][vc_column_text][vc_empty_space height=&#8221;20&#8243;]<br />
<strong>Referencia bibliográfica</strong><br />
CASQUETE, Jesús (2004): «Recordar para ser: martiriologio y conmemoración en el nacionalismo vasco radical», Universidad Complutense de Madrid, Seminario de Historia Contemporánea.</p>
<p><a class="button blue  medium " href="https://www.ucm.es/data/cont/docs/297-2013-07-29-4-04.pdf" target="_blank">Consultar PDF</a>[vc_empty_space height=&#8221;10&#8243;]<br />
<strong>Resumen</strong><br />
Gran parte de lo que recordamos lo hacemos en tanto que miembros de grupos sociales. Esta perspectiva se ha consolidado durante las últimas décadas en los estudios sobre la memoria que, por fin, parecen haberse sacudido las derivas atomistas del yo a favor de una visión –la adjetivación varía; la visión ontológica subyacente apunta en la misma dirección– conversacional, relacional o dialógica del individuo, según la cual las acciones particulares derivan su carácter en tanto que integrantes de conjuntos más amplios.<br />
[vc_empty_space height=&#8221;10&#8243;]<br />
<strong>Autor</strong><br />
Jesús Casquete. <a title="Dialnet" href="http://dialnet.unirioja.es/servlet/autor?codigo=776183" target="_blank">Página del autor en Dialnet.</a><br />
[vc_empty_space height=&#8221;10&#8243;]<br />
<strong>Tipo de documento</strong><br />
Working paper<br />
[vc_empty_space height=&#8221;10&#8243;]<br />
[/vc_column_text][/vc_column][/vc_row]</p>
</div>

<p>[vc_row][vc_column width=&#8221;1/1&#8243;][vc_column_text][vc_empty_space height=&#8221;20&#8243;] Referencia bibliográfica CASQUETE, Jesús (2004): «Recordar para ser: martiriologio y conmemoración en el nacionalismo vasco radical», Universidad Complutense de Madrid, Seminario de Historia Contemporánea. Consultar PDF[vc_empty_space height=&#8221;10&#8243;]&hellip;</p>
