{"id":4876,"date":"2015-12-02T11:25:20","date_gmt":"2015-12-02T11:25:20","guid":{"rendered":"http:\/\/www.arovite.com\/?page_id=4876"},"modified":"2015-12-02T11:27:46","modified_gmt":"2015-12-02T11:27:46","slug":"lopez-vidales-nereida-1999","status":"publish","type":"page","link":"https:\/\/www.arovite.com\/es\/lopez-vidales-nereida-1999\/","title":{"rendered":"L\u00d3PEZ VIDALES, Nereida (1999)"},"content":{"rendered":"<div class=\"wpb-content-wrapper\"><p>[vc_row][vc_column width=&#8221;1\/1&#8243;][vc_column_text][vc_empty_space height=&#8221;20&#8243;]<br \/>\n<strong>Referencia bibliogr\u00e1fica<\/strong><br \/>\nL\u00d3PEZ VIDALES, Nereida (1999): \u00abPar\u00e1metros y claves discursivas del nacionalismo vasco radical, 1988-1995\u00bb, <em>Zer<\/em>, n\u00ba 6.<\/p>\n<p><a class=\"button blue  medium \" href=\"http:\/\/www.ehu.eus\/zer\/hemeroteca\/pdfs\/zer06-12-lopez.pdf\" target=\"_blank\">Consultar PDF<\/a>[vc_empty_space height=&#8221;10&#8243;]<br \/>\n<strong>Resumen<\/strong><br \/>\nEl Movimiento de Liberaci\u00f3n Nacional Vasco ha modificado notablemente en los \u00faltimos tiempos su estrategia de actuaci\u00f3n y su discurso pol\u00edtico. El origen de este cambio se encuentra en la propia evoluci\u00f3n de la sociedad vasca y en los acuerdos pol\u00edticos adoptados al final de la d\u00e9cada de los 80, que han acelerado este proceso. El discurso pol\u00edtico del llamado nacionalismo vasco radical del periodo 1988-1995, refleja fielmente como va cristalizando el mismo a trav\u00e9s de la utilizaci\u00f3n de expresiones que acabar\u00e1n convirti\u00e9ndose en lenguaje habitual para todas las fuerzas pol\u00edticas y para la poblaci\u00f3n vasca en general.<br \/>\n[vc_empty_space height=&#8221;10&#8243;]<br \/>\n<strong>Abstract<\/strong><br \/>\nThe Basque Movement for National Liberation has modified out standingly its political discourse in the last time. The origin of the change falls on the own evolution of Basque society and so in the new terms of political agreements, adopted in the end of the 80\u00b4s, that have hurried up this process. The political discourse of the movement in the period 1988-1995, properly shows how this has been made by the use of expressions that finally change the common terms of political communication for all political forces and so for Basque population in general.<br \/>\n[vc_empty_space height=&#8221;10&#8243;]<br \/>\n<strong>Autor<\/strong><br \/>\nNereida L\u00f3pez Vidales. <a title=\"Dialnet\" href=\"http:\/\/dialnet.unirioja.es\/servlet\/autor?codigo=521606\" target=\"_blank\">P\u00e1gina del autor en Dialnet.<\/a><br \/>\n[vc_empty_space height=&#8221;10&#8243;]<br \/>\n<strong>Tipo de documento<\/strong><br \/>\nArt\u00edculo<br \/>\n[vc_empty_space height=&#8221;10&#8243;]<br \/>\n<a title=\"Enlace alternativo\" href=\"http:\/\/dialnet.unirioja.es\/servlet\/articulo?codigo=826324\" target=\"_blank\"><strong>Enlace alternativo.<\/strong><\/a><br \/>\n[\/vc_column_text][\/vc_column][\/vc_row]<\/p>\n<\/div>","protected":false},"excerpt":{"rendered":"<p>[vc_row][vc_column width=&#8221;1\/1&#8243;][vc_column_text][vc_empty_space height=&#8221;20&#8243;] Referencia bibliogr\u00e1fica L\u00d3PEZ VIDALES, Nereida (1999): \u00abPar\u00e1metros y claves discursivas del nacionalismo vasco radical, 1988-1995\u00bb, Zer, n\u00ba 6. Consultar PDF[vc_empty_space height=&#8221;10&#8243;] Resumen El Movimiento de Liberaci\u00f3n Nacional&hellip;<\/p>\n","protected":false},"author":1,"featured_media":0,"parent":0,"menu_order":0,"comment_status":"open","ping_status":"open","template":"","meta":{"om_disable_all_campaigns":false,"_monsterinsights_skip_tracking":false,"_monsterinsights_sitenote_active":false,"_monsterinsights_sitenote_note":"","_monsterinsights_sitenote_category":0,"_uf_show_specific_survey":0,"_uf_disable_surveys":false,"_vp_format_video_url":"","_vp_image_focal_point":[],"_vp_custom_popup_image":0,"_vp_format_audio_url":"","_vp_custom_thumbnail":0,"_vp_custom_thumbnail_focal_point":[],"_vp_hover_thumbnail":0,"_vp_hover_thumbnail_focal_point":[],"footnotes":""},"class_list":["post-4876","page","type-page","status-publish","hentry"],"aioseo_notices":[],"_links":{"self":[{"href":"https:\/\/www.arovite.com\/es\/wp-json\/wp\/v2\/pages\/4876","targetHints":{"allow":["GET"]}}],"collection":[{"href":"https:\/\/www.arovite.com\/es\/wp-json\/wp\/v2\/pages"}],"about":[{"href":"https:\/\/www.arovite.com\/es\/wp-json\/wp\/v2\/types\/page"}],"author":[{"embeddable":true,"href":"https:\/\/www.arovite.com\/es\/wp-json\/wp\/v2\/users\/1"}],"replies":[{"embeddable":true,"href":"https:\/\/www.arovite.com\/es\/wp-json\/wp\/v2\/comments?post=4876"}],"version-history":[{"count":2,"href":"https:\/\/www.arovite.com\/es\/wp-json\/wp\/v2\/pages\/4876\/revisions"}],"predecessor-version":[{"id":4880,"href":"https:\/\/www.arovite.com\/es\/wp-json\/wp\/v2\/pages\/4876\/revisions\/4880"}],"wp:attachment":[{"href":"https:\/\/www.arovite.com\/es\/wp-json\/wp\/v2\/media?parent=4876"}],"curies":[{"name":"wp","href":"https:\/\/api.w.org\/{rel}","templated":true}]}}

LÓPEZ VIDALES, Nereida (1999)

<div class="wpb-content-wrapper"><p>[vc_row][vc_column width=&#8221;1/1&#8243;][vc_column_text][vc_empty_space height=&#8221;20&#8243;]<br />
<strong>Referencia bibliográfica</strong><br />
LÓPEZ VIDALES, Nereida (1999): «Parámetros y claves discursivas del nacionalismo vasco radical, 1988-1995», <em>Zer</em>, nº 6.</p>
<p><a class="button blue  medium " href="http://www.ehu.eus/zer/hemeroteca/pdfs/zer06-12-lopez.pdf" target="_blank">Consultar PDF</a>[vc_empty_space height=&#8221;10&#8243;]<br />
<strong>Resumen</strong><br />
El Movimiento de Liberación Nacional Vasco ha modificado notablemente en los últimos tiempos su estrategia de actuación y su discurso político. El origen de este cambio se encuentra en la propia evolución de la sociedad vasca y en los acuerdos políticos adoptados al final de la década de los 80, que han acelerado este proceso. El discurso político del llamado nacionalismo vasco radical del periodo 1988-1995, refleja fielmente como va cristalizando el mismo a través de la utilización de expresiones que acabarán convirtiéndose en lenguaje habitual para todas las fuerzas políticas y para la población vasca en general.<br />
[vc_empty_space height=&#8221;10&#8243;]<br />
<strong>Abstract</strong><br />
The Basque Movement for National Liberation has modified out standingly its political discourse in the last time. The origin of the change falls on the own evolution of Basque society and so in the new terms of political agreements, adopted in the end of the 80´s, that have hurried up this process. The political discourse of the movement in the period 1988-1995, properly shows how this has been made by the use of expressions that finally change the common terms of political communication for all political forces and so for Basque population in general.<br />
[vc_empty_space height=&#8221;10&#8243;]<br />
<strong>Autor</strong><br />
Nereida López Vidales. <a title="Dialnet" href="http://dialnet.unirioja.es/servlet/autor?codigo=521606" target="_blank">Página del autor en Dialnet.</a><br />
[vc_empty_space height=&#8221;10&#8243;]<br />
<strong>Tipo de documento</strong><br />
Artículo<br />
[vc_empty_space height=&#8221;10&#8243;]<br />
<a title="Enlace alternativo" href="http://dialnet.unirioja.es/servlet/articulo?codigo=826324" target="_blank"><strong>Enlace alternativo.</strong></a><br />
[/vc_column_text][/vc_column][/vc_row]</p>
</div>

<p>[vc_row][vc_column width=&#8221;1/1&#8243;][vc_column_text][vc_empty_space height=&#8221;20&#8243;] Referencia bibliográfica LÓPEZ VIDALES, Nereida (1999): «Parámetros y claves discursivas del nacionalismo vasco radical, 1988-1995», Zer, nº 6. Consultar PDF[vc_empty_space height=&#8221;10&#8243;] Resumen El Movimiento de Liberación Nacional&hellip;</p>
