{"id":4451,"date":"2015-11-30T12:02:37","date_gmt":"2015-11-30T12:02:37","guid":{"rendered":"http:\/\/www.arovite.com\/?page_id=4451"},"modified":"2015-11-30T12:02:37","modified_gmt":"2015-11-30T12:02:37","slug":"sanchez-cuenca-ignacio-2009-2","status":"publish","type":"page","link":"https:\/\/www.arovite.com\/es\/sanchez-cuenca-ignacio-2009-2\/","title":{"rendered":"S\u00c1NCHEZ-CUENCA, Ignacio (2009)"},"content":{"rendered":"<div class=\"wpb-content-wrapper\"><p>[vc_row][vc_column width=&#8221;1\/1&#8243;][vc_column_text][vc_empty_space height=&#8221;20&#8243;]<br \/>\n<strong>Referencia bibliogr\u00e1fica<\/strong><br \/>\nS\u00c1NCHEZ-CUENCA, Ignacio (2009): \u00abETA: del proceso de paz al regreso de la violencia\u00bb, en BOSCO, Anna y S\u00c1NCHEZ-CUENCA, Ignacio (eds.): <em>A\u00f1os de cambios. La Espa\u00f1a de Zapatero<\/em>. Madrid: Fundaci\u00f3n Pablo Iglesias, pp. 129-152.<\/p>\n<p><a class=\"button blue  medium \" href=\"http:\/\/recursos.march.es\/web\/ceacs\/proyectos\/dtv\/pdf\/ETA%20proceso%20de%20paz%20(Bosco).pdf\" target=\"_blank\">Consultar PDF<\/a>[vc_empty_space height=&#8221;10&#8243;]<br \/>\n<strong>Resumen<\/strong><br \/>\nDe todas las organizaciones terroristas que surgieron en Europa occidental en los a\u00f1os sesenta y setenta del pasado siglo, la \u00fanica que contin\u00faa en activo es ETA. Desde su nacimiento en 1959 hasta las elecciones del 9 de marzo de 2008, ETA ha matado a 838 personas en su lucha por la independencia del Pa\u00eds Vasco. En el contexto europeo, ETA no es la organizaci\u00f3n m\u00e1s letal, pero s\u00ed la m\u00e1s longeva. ETA se encuentra actualmente en su fase terminal: la renuncia definitiva a la violencia, o incluso su propia desaparici\u00f3n como organizaci\u00f3n, parecen inevitables en el corto plazo ante la situaci\u00f3n de debilidad extrema en la que esta organizaci\u00f3n se encuentra.<br \/>\n[vc_empty_space height=&#8221;10&#8243;]<br \/>\n<strong>Autor<\/strong><br \/>\nIgnacio S\u00e1nchez-Cuenca. <a title=\"Dialnet\" href=\"http:\/\/dialnet.unirioja.es\/servlet\/autor?codigo=19338\" target=\"_blank\">P\u00e1gina del autor en Dialnet.<\/a><br \/>\n[vc_empty_space height=&#8221;10&#8243;]<br \/>\n<strong>Tipo de documento<\/strong><br \/>\nCap\u00edtulo de libro<br \/>\n[\/vc_column_text][\/vc_column][\/vc_row]<\/p>\n<\/div>","protected":false},"excerpt":{"rendered":"<p>[vc_row][vc_column width=&#8221;1\/1&#8243;][vc_column_text][vc_empty_space height=&#8221;20&#8243;] Referencia bibliogr\u00e1fica S\u00c1NCHEZ-CUENCA, Ignacio (2009): \u00abETA: del proceso de paz al regreso de la violencia\u00bb, en BOSCO, Anna y S\u00c1NCHEZ-CUENCA, Ignacio (eds.): A\u00f1os de cambios. La Espa\u00f1a&hellip;<\/p>\n","protected":false},"author":1,"featured_media":0,"parent":0,"menu_order":0,"comment_status":"open","ping_status":"open","template":"","meta":{"om_disable_all_campaigns":false,"_monsterinsights_skip_tracking":false,"_monsterinsights_sitenote_active":false,"_monsterinsights_sitenote_note":"","_monsterinsights_sitenote_category":0,"_uf_show_specific_survey":0,"_uf_disable_surveys":false,"_vp_format_video_url":"","_vp_image_focal_point":[],"_vp_custom_popup_image":0,"_vp_format_audio_url":"","_vp_custom_thumbnail":0,"_vp_custom_thumbnail_focal_point":[],"_vp_hover_thumbnail":0,"_vp_hover_thumbnail_focal_point":[],"footnotes":""},"class_list":["post-4451","page","type-page","status-publish","hentry"],"aioseo_notices":[],"_links":{"self":[{"href":"https:\/\/www.arovite.com\/es\/wp-json\/wp\/v2\/pages\/4451","targetHints":{"allow":["GET"]}}],"collection":[{"href":"https:\/\/www.arovite.com\/es\/wp-json\/wp\/v2\/pages"}],"about":[{"href":"https:\/\/www.arovite.com\/es\/wp-json\/wp\/v2\/types\/page"}],"author":[{"embeddable":true,"href":"https:\/\/www.arovite.com\/es\/wp-json\/wp\/v2\/users\/1"}],"replies":[{"embeddable":true,"href":"https:\/\/www.arovite.com\/es\/wp-json\/wp\/v2\/comments?post=4451"}],"version-history":[{"count":1,"href":"https:\/\/www.arovite.com\/es\/wp-json\/wp\/v2\/pages\/4451\/revisions"}],"predecessor-version":[{"id":4452,"href":"https:\/\/www.arovite.com\/es\/wp-json\/wp\/v2\/pages\/4451\/revisions\/4452"}],"wp:attachment":[{"href":"https:\/\/www.arovite.com\/es\/wp-json\/wp\/v2\/media?parent=4451"}],"curies":[{"name":"wp","href":"https:\/\/api.w.org\/{rel}","templated":true}]}}

SÁNCHEZ-CUENCA, Ignacio (2009)

<div class="wpb-content-wrapper"><p>[vc_row][vc_column width=&#8221;1/1&#8243;][vc_column_text][vc_empty_space height=&#8221;20&#8243;]<br />
<strong>Referencia bibliográfica</strong><br />
SÁNCHEZ-CUENCA, Ignacio (2009): «ETA: del proceso de paz al regreso de la violencia», en BOSCO, Anna y SÁNCHEZ-CUENCA, Ignacio (eds.): <em>Años de cambios. La España de Zapatero</em>. Madrid: Fundación Pablo Iglesias, pp. 129-152.</p>
<p><a class="button blue  medium " href="http://recursos.march.es/web/ceacs/proyectos/dtv/pdf/ETA%20proceso%20de%20paz%20(Bosco).pdf" target="_blank">Consultar PDF</a>[vc_empty_space height=&#8221;10&#8243;]<br />
<strong>Resumen</strong><br />
De todas las organizaciones terroristas que surgieron en Europa occidental en los años sesenta y setenta del pasado siglo, la única que continúa en activo es ETA. Desde su nacimiento en 1959 hasta las elecciones del 9 de marzo de 2008, ETA ha matado a 838 personas en su lucha por la independencia del País Vasco. En el contexto europeo, ETA no es la organización más letal, pero sí la más longeva. ETA se encuentra actualmente en su fase terminal: la renuncia definitiva a la violencia, o incluso su propia desaparición como organización, parecen inevitables en el corto plazo ante la situación de debilidad extrema en la que esta organización se encuentra.<br />
[vc_empty_space height=&#8221;10&#8243;]<br />
<strong>Autor</strong><br />
Ignacio Sánchez-Cuenca. <a title="Dialnet" href="http://dialnet.unirioja.es/servlet/autor?codigo=19338" target="_blank">Página del autor en Dialnet.</a><br />
[vc_empty_space height=&#8221;10&#8243;]<br />
<strong>Tipo de documento</strong><br />
Capítulo de libro<br />
[/vc_column_text][/vc_column][/vc_row]</p>
</div>

<p>[vc_row][vc_column width=&#8221;1/1&#8243;][vc_column_text][vc_empty_space height=&#8221;20&#8243;] Referencia bibliográfica SÁNCHEZ-CUENCA, Ignacio (2009): «ETA: del proceso de paz al regreso de la violencia», en BOSCO, Anna y SÁNCHEZ-CUENCA, Ignacio (eds.): Años de cambios. La España&hellip;</p>
