{"id":4219,"date":"2015-11-30T10:20:23","date_gmt":"2015-11-30T10:20:23","guid":{"rendered":"http:\/\/www.arovite.com\/?page_id=4219"},"modified":"2015-12-30T13:20:05","modified_gmt":"2015-12-30T13:20:05","slug":"vinyes-ricard-coord-2011","status":"publish","type":"page","link":"https:\/\/www.arovite.com\/es\/vinyes-ricard-coord-2011\/","title":{"rendered":"VINYES, Ricard (coord.) (2011)"},"content":{"rendered":"<div class=\"wpb-content-wrapper\"><p>[vc_row][vc_column width=&#8221;1\/1&#8243;][vc_column_text][vc_empty_space height=&#8221;20&#8243;]<br \/>\n<strong>Referencia bibliogr\u00e1fica<\/strong><br \/>\nVINYES, Ricard (coord.) (2011): <em>C\u00f3mo ser\u00e1 el pasado. Proyecto de creaci\u00f3n de un centro de la memoria para el Pa\u00eds Vasco<\/em>. Direcci\u00f3n de Atenci\u00f3n a las V\u00edctimas del Terrorismo, Gobierno Vasco.<\/p>\n<p><a class=\"button blue  medium \" href=\"http:\/\/www.arovite.com\/documentos\/2011_Vinyes_et_al.pdf\" target=\"_blank\">Consultar PDF<\/a>[vc_empty_space height=&#8221;10&#8243;]<br \/>\n<strong>Resumen<\/strong><br \/>\nEl presente informe es el resultado del trabajo realizado por una Comisi\u00f3n integrada por don Ricard Vinyes, como Coordinador, don Galo Bilbao, don Daniel Innerarity, do\u00f1a Iratxe Momoitio, don Jos\u00e9 Antonio P\u00e9rez, don Jos\u00e9 Ram\u00f3n Recalde, como Vocales, y con la posterior incorporaci\u00f3n, el 26 de octubre, de do\u00f1a Milagros Garc\u00eda de la Torre en calidad de representante del Consejo Vasco de Participaci\u00f3n de las V\u00edctimas del Terrorismo, actuando como secretaria do\u00f1a Luc\u00eda Iparraguirre, de la Direcci\u00f3n de Atenci\u00f3n a las V\u00edctimas del Terrorismo. Esta Comisi\u00f3n fue nombrada por el Departamento de Interior del Gobierno Vasco, por medio de su Direcci\u00f3n de Atenci\u00f3n a las V\u00edctimas del Terrorismo, con el mandato de redactar el proyecto de contenidos, funciones, gesti\u00f3n, acci\u00f3n y proyecci\u00f3n de un centro de la memoria en la Comunidad Aut\u00f3noma del Pa\u00eds Vasco, iniciando oficialmente su andadura el 28 de julio de 2011 y culmin\u00e1ndola, cumpliendo los plazos establecidos, el 21 de diciembre de 2011.<br \/>\n[vc_empty_space height=&#8221;10&#8243;]<br \/>\n<strong>Autor<\/strong><br \/>\nRicard Vinyes. <a title=\"Dialnet\" href=\"http:\/\/dialnet.unirioja.es\/servlet\/autor?codigo=277245\" target=\"_blank\">P\u00e1gina del autor en Dialnet.<\/a><br \/>\n[vc_empty_space height=&#8221;10&#8243;]<br \/>\n<strong>Tipo de documento<\/strong><br \/>\nInforme<br \/>\n[\/vc_column_text][\/vc_column][\/vc_row]<\/p>\n<\/div>","protected":false},"excerpt":{"rendered":"<p>[vc_row][vc_column width=&#8221;1\/1&#8243;][vc_column_text][vc_empty_space height=&#8221;20&#8243;] Referencia bibliogr\u00e1fica VINYES, Ricard (coord.) (2011): C\u00f3mo ser\u00e1 el pasado. Proyecto de creaci\u00f3n de un centro de la memoria para el Pa\u00eds Vasco. Direcci\u00f3n de Atenci\u00f3n a&hellip;<\/p>\n","protected":false},"author":1,"featured_media":0,"parent":0,"menu_order":0,"comment_status":"open","ping_status":"open","template":"","meta":{"om_disable_all_campaigns":false,"_monsterinsights_skip_tracking":false,"_monsterinsights_sitenote_active":false,"_monsterinsights_sitenote_note":"","_monsterinsights_sitenote_category":0,"_uf_show_specific_survey":0,"_uf_disable_surveys":false,"_vp_format_video_url":"","_vp_image_focal_point":[],"_vp_custom_popup_image":0,"_vp_format_audio_url":"","_vp_custom_thumbnail":0,"_vp_custom_thumbnail_focal_point":[],"_vp_hover_thumbnail":0,"_vp_hover_thumbnail_focal_point":[],"footnotes":""},"class_list":["post-4219","page","type-page","status-publish","hentry"],"aioseo_notices":[],"_links":{"self":[{"href":"https:\/\/www.arovite.com\/es\/wp-json\/wp\/v2\/pages\/4219","targetHints":{"allow":["GET"]}}],"collection":[{"href":"https:\/\/www.arovite.com\/es\/wp-json\/wp\/v2\/pages"}],"about":[{"href":"https:\/\/www.arovite.com\/es\/wp-json\/wp\/v2\/types\/page"}],"author":[{"embeddable":true,"href":"https:\/\/www.arovite.com\/es\/wp-json\/wp\/v2\/users\/1"}],"replies":[{"embeddable":true,"href":"https:\/\/www.arovite.com\/es\/wp-json\/wp\/v2\/comments?post=4219"}],"version-history":[{"count":3,"href":"https:\/\/www.arovite.com\/es\/wp-json\/wp\/v2\/pages\/4219\/revisions"}],"predecessor-version":[{"id":5555,"href":"https:\/\/www.arovite.com\/es\/wp-json\/wp\/v2\/pages\/4219\/revisions\/5555"}],"wp:attachment":[{"href":"https:\/\/www.arovite.com\/es\/wp-json\/wp\/v2\/media?parent=4219"}],"curies":[{"name":"wp","href":"https:\/\/api.w.org\/{rel}","templated":true}]}}

<div class="wpb-content-wrapper"><p>[vc_row][vc_column width=&#8221;1/1&#8243;][vc_column_text][vc_empty_space height=&#8221;20&#8243;]<br />
<strong>Referencia bibliográfica</strong><br />
VINYES, Ricard (coord.) (2011): <em>Cómo será el pasado. Proyecto de creación de un centro de la memoria para el País Vasco</em>. Dirección de Atención a las Víctimas del Terrorismo, Gobierno Vasco.</p>
<p><a class="button blue  medium " href="http://www.arovite.com/documentos/2011_Vinyes_et_al.pdf" target="_blank">Consultar PDF</a>[vc_empty_space height=&#8221;10&#8243;]<br />
<strong>Resumen</strong><br />
El presente informe es el resultado del trabajo realizado por una Comisión integrada por don Ricard Vinyes, como Coordinador, don Galo Bilbao, don Daniel Innerarity, doña Iratxe Momoitio, don José Antonio Pérez, don José Ramón Recalde, como Vocales, y con la posterior incorporación, el 26 de octubre, de doña Milagros García de la Torre en calidad de representante del Consejo Vasco de Participación de las Víctimas del Terrorismo, actuando como secretaria doña Lucía Iparraguirre, de la Dirección de Atención a las Víctimas del Terrorismo. Esta Comisión fue nombrada por el Departamento de Interior del Gobierno Vasco, por medio de su Dirección de Atención a las Víctimas del Terrorismo, con el mandato de redactar el proyecto de contenidos, funciones, gestión, acción y proyección de un centro de la memoria en la Comunidad Autónoma del País Vasco, iniciando oficialmente su andadura el 28 de julio de 2011 y culminándola, cumpliendo los plazos establecidos, el 21 de diciembre de 2011.<br />
[vc_empty_space height=&#8221;10&#8243;]<br />
<strong>Autor</strong><br />
Ricard Vinyes. <a title="Dialnet" href="http://dialnet.unirioja.es/servlet/autor?codigo=277245" target="_blank">Página del autor en Dialnet.</a><br />
[vc_empty_space height=&#8221;10&#8243;]<br />
<strong>Tipo de documento</strong><br />
Informe<br />
[/vc_column_text][/vc_column][/vc_row]</p>
</div>

<p>[vc_row][vc_column width=&#8221;1/1&#8243;][vc_column_text][vc_empty_space height=&#8221;20&#8243;] Referencia bibliográfica VINYES, Ricard (coord.) (2011): Cómo será el pasado. Proyecto de creación de un centro de la memoria para el País Vasco. Dirección de Atención a&hellip;</p>
