{"id":18489,"date":"2023-10-24T10:12:30","date_gmt":"2023-10-24T10:12:30","guid":{"rendered":"https:\/\/www.arovite.com\/?page_id=18489"},"modified":"2023-10-24T10:12:30","modified_gmt":"2023-10-24T10:12:30","slug":"varona-gema-2022","status":"publish","type":"page","link":"https:\/\/www.arovite.com\/es\/varona-gema-2022\/","title":{"rendered":"VARONA, Gema (2022)"},"content":{"rendered":"<div class=\"wpb-content-wrapper\"><p>[vc_row][vc_column width=&#8221;1\/1&#8243;][vc_column_text][vc_empty_space height=&#8221;20&#8243;]<br \/>\n<strong>Referencia bibliogr\u00e1fica<\/strong><br \/>\nVARONA, Gema (2022): \u00abAlrededor de las narrativas victimales. Algunos paralelismos entre las v\u00edctimas del terrorismo y otros delitos graves en t\u00e9rminos de justicia epist\u00e9mica y resiliencia\u00bb, <em>Araucaria: Revista Iberoamericana de Filosof\u00eda, Pol\u00edtica, Humanidades y Relaciones Internacionales<\/em>, n\u00ba 50, pp. 11-35.<\/p>\n<p><a class=\"button blue  medium \" href=\"https:\/\/dialnet.unirioja.es\/descarga\/articulo\/8571856.pdf\" target=\"_blank\" rel=\"noopener\">Consultar PDF<\/a>[vc_empty_space height=&#8221;10&#8243;]<br \/>\n<strong>Resumen<\/strong><br \/>\nEn las corrientes actuales de la Victimolog\u00eda cultural y narrativa, se destaca el papel de los testimonios narrativos de las v\u00edctimas directas e indirectas, ante los l\u00edmites del conocimiento cient\u00edfico. Diversos autores subrayan su contribuci\u00f3n para transmitir y entender las vivencias y experiencias, proyectadas en el tiempo, en relaci\u00f3n con los procesos de victimizaci\u00f3n y reparaci\u00f3n dentro de la sociedad. Mediante la selecci\u00f3n de varios extractos de narrativas abiertas que ejemplifican dichas experiencias, dentro y fuera de Espa\u00f1a, en este texto se exploran ciertos paralelismos y diferencias entre los relatos de las v\u00edctimas del terrorismo y las v\u00edctimas de otros delitos graves, bajo una interpretaci\u00f3n cr\u00edtica de los conceptos de justicia epist\u00e9mica y resiliencia, ambos en un sentido interdisciplinar. [vc_empty_space height=&#8221;10&#8243;]<br \/>\n<strong>Abstract<\/strong><br \/>\nWithin current trends in cultural and narrative Victimology, the role of direct and indirect victims\u2019 narrative testimonies is highlighted considering the limits of scientific knowledge to transmit and understand victims\u2019 experiences across time in relation to the social processes of victimisation and reparation. Through the selection of some excerpts of open narratives, as examples of those experiences within and outside Spain, this text explores some parallelisms and differences in the stories of victims of terrorism and victims of other serious crimes, in terms of a critical interpretation of the concepts of epistemic justice and resilience, both understood under a concept of interdisciplinarity. [vc_empty_space height=&#8221;10&#8243;]<br \/>\n<strong>Autor<\/strong><br \/>\nGema Varona.<a title=\"Dialnet\" href=\"https:\/\/dialnet.unirioja.es\/servlet\/autor?codigo=732899\" target=\"_blank\" rel=\"noopener\">P\u00e1gina del autor en Dialnet.<\/a><br \/>\n [vc_empty_space height=&#8221;10&#8243;]<br \/>\n<strong>Tipo de documento<\/strong><br \/>\nArt\u00edculo<br \/>\n[vc_empty_space height=&#8221;10&#8243;]<br \/>\n[\/vc_column_text][\/vc_column][\/vc_row]<\/p>\n<\/div>","protected":false},"excerpt":{"rendered":"<p>[vc_row][vc_column width=&#8221;1\/1&#8243;][vc_column_text][vc_empty_space height=&#8221;20&#8243;] Referencia bibliogr\u00e1fica VARONA, Gema (2022): \u00abAlrededor de las narrativas victimales. Algunos paralelismos entre las v\u00edctimas del terrorismo y otros delitos graves en t\u00e9rminos de justicia epist\u00e9mica y&hellip;<\/p>\n","protected":false},"author":1,"featured_media":0,"parent":0,"menu_order":0,"comment_status":"closed","ping_status":"closed","template":"","meta":{"om_disable_all_campaigns":false,"_monsterinsights_skip_tracking":false,"_monsterinsights_sitenote_active":false,"_monsterinsights_sitenote_note":"","_monsterinsights_sitenote_category":0,"_uf_show_specific_survey":0,"_uf_disable_surveys":false,"_vp_format_video_url":"","_vp_image_focal_point":[],"_vp_custom_popup_image":0,"_vp_format_audio_url":"","_vp_custom_thumbnail":0,"_vp_custom_thumbnail_focal_point":[],"_vp_hover_thumbnail":0,"_vp_hover_thumbnail_focal_point":[],"footnotes":""},"class_list":["post-18489","page","type-page","status-publish","hentry"],"aioseo_notices":[],"_links":{"self":[{"href":"https:\/\/www.arovite.com\/es\/wp-json\/wp\/v2\/pages\/18489","targetHints":{"allow":["GET"]}}],"collection":[{"href":"https:\/\/www.arovite.com\/es\/wp-json\/wp\/v2\/pages"}],"about":[{"href":"https:\/\/www.arovite.com\/es\/wp-json\/wp\/v2\/types\/page"}],"author":[{"embeddable":true,"href":"https:\/\/www.arovite.com\/es\/wp-json\/wp\/v2\/users\/1"}],"replies":[{"embeddable":true,"href":"https:\/\/www.arovite.com\/es\/wp-json\/wp\/v2\/comments?post=18489"}],"version-history":[{"count":1,"href":"https:\/\/www.arovite.com\/es\/wp-json\/wp\/v2\/pages\/18489\/revisions"}],"predecessor-version":[{"id":18490,"href":"https:\/\/www.arovite.com\/es\/wp-json\/wp\/v2\/pages\/18489\/revisions\/18490"}],"wp:attachment":[{"href":"https:\/\/www.arovite.com\/es\/wp-json\/wp\/v2\/media?parent=18489"}],"curies":[{"name":"wp","href":"https:\/\/api.w.org\/{rel}","templated":true}]}}

<div class="wpb-content-wrapper"><p>[vc_row][vc_column width=&#8221;1/1&#8243;][vc_column_text][vc_empty_space height=&#8221;20&#8243;]<br />
<strong>Referencia bibliográfica</strong><br />
VARONA, Gema (2022): «Alrededor de las narrativas victimales. Algunos paralelismos entre las víctimas del terrorismo y otros delitos graves en términos de justicia epistémica y resiliencia», <em>Araucaria: Revista Iberoamericana de Filosofía, Política, Humanidades y Relaciones Internacionales</em>, nº 50, pp. 11-35.</p>
<p><a class="button blue  medium " href="https://dialnet.unirioja.es/descarga/articulo/8571856.pdf" target="_blank" rel="noopener">Consultar PDF</a>[vc_empty_space height=&#8221;10&#8243;]<br />
<strong>Resumen</strong><br />
En las corrientes actuales de la Victimología cultural y narrativa, se destaca el papel de los testimonios narrativos de las víctimas directas e indirectas, ante los límites del conocimiento científico. Diversos autores subrayan su contribución para transmitir y entender las vivencias y experiencias, proyectadas en el tiempo, en relación con los procesos de victimización y reparación dentro de la sociedad. Mediante la selección de varios extractos de narrativas abiertas que ejemplifican dichas experiencias, dentro y fuera de España, en este texto se exploran ciertos paralelismos y diferencias entre los relatos de las víctimas del terrorismo y las víctimas de otros delitos graves, bajo una interpretación crítica de los conceptos de justicia epistémica y resiliencia, ambos en un sentido interdisciplinar. [vc_empty_space height=&#8221;10&#8243;]<br />
<strong>Abstract</strong><br />
Within current trends in cultural and narrative Victimology, the role of direct and indirect victims’ narrative testimonies is highlighted considering the limits of scientific knowledge to transmit and understand victims’ experiences across time in relation to the social processes of victimisation and reparation. Through the selection of some excerpts of open narratives, as examples of those experiences within and outside Spain, this text explores some parallelisms and differences in the stories of victims of terrorism and victims of other serious crimes, in terms of a critical interpretation of the concepts of epistemic justice and resilience, both understood under a concept of interdisciplinarity. [vc_empty_space height=&#8221;10&#8243;]<br />
<strong>Autor</strong><br />
Gema Varona.<a title="Dialnet" href="https://dialnet.unirioja.es/servlet/autor?codigo=732899" target="_blank" rel="noopener">Página del autor en Dialnet.</a><br />
 [vc_empty_space height=&#8221;10&#8243;]<br />
<strong>Tipo de documento</strong><br />
Artículo<br />
[vc_empty_space height=&#8221;10&#8243;]<br />
[/vc_column_text][/vc_column][/vc_row]</p>
</div>

<p>[vc_row][vc_column width=&#8221;1/1&#8243;][vc_column_text][vc_empty_space height=&#8221;20&#8243;] Referencia bibliográfica VARONA, Gema (2022): «Alrededor de las narrativas victimales. Algunos paralelismos entre las víctimas del terrorismo y otros delitos graves en términos de justicia epistémica y&hellip;</p>
