{"id":17187,"date":"2023-02-17T19:08:10","date_gmt":"2023-02-17T19:08:10","guid":{"rendered":"https:\/\/www.arovite.com\/?page_id=17187"},"modified":"2023-02-17T19:08:10","modified_gmt":"2023-02-17T19:08:10","slug":"garcia-varela-pablo-2022","status":"publish","type":"page","link":"https:\/\/www.arovite.com\/es\/garcia-varela-pablo-2022\/","title":{"rendered":"GARC\u00cdA VARELA, Pablo (2022)"},"content":{"rendered":"<div class=\"wpb-content-wrapper\"><p>[vc_row][vc_column width=&#8221;1\/1&#8243;][vc_column_text][vc_empty_space height=&#8221;20&#8243;]<br \/>\n<strong>Referencia bibliogr\u00e1fica<\/strong><br \/>\nGARC\u00cdA VARELA, Pablo (2022): \u00abLos menores de edad v\u00edctimas mortales de ETA\u00bb, <em>Pasado y memoria: Revista de historia contempor\u00e1nea<\/em>, n\u00ba 24, pp. 322-341.<\/p>\n<p><a class=\"button blue  medium \" href=\"https:\/\/dialnet.unirioja.es\/descarga\/articulo\/8255431.pdf\" target=\"_blank\" rel=\"noopener\">Consultar PDF<\/a>[vc_empty_space height=&#8221;10&#8243;]<br \/>\n<strong>Resumen<\/strong><br \/>\nETA asesin\u00f3 a un total de veinti\u00fan ni\u00f1os entre 1980 y 2002, adem\u00e1s de herir a m\u00e1s de cien en otros atentados. La mayor\u00eda de v\u00edctimas menores de edad se debieron a ataques indiscriminados contra la poblaci\u00f3n civil y las residencias de las fuerzas de seguridad del Estado. Las casas-cuartel de la Guardia Civil fueron uno de sus principales objetivos. El presente trabajo analiza las acciones y el discurso de la organizaci\u00f3n terrorista ETA, y tambi\u00e9n el modo en que, a trav\u00e9s de su principal medio de comunicaci\u00f3n Egin, justific\u00f3 las acciones contra ni\u00f1os. [vc_empty_space height=&#8221;10&#8243;]<br \/>\n<strong>Abstract<\/strong><br \/>\nETA killed twenty one children from 1980 to 2002. Additionally, more than one hundred were injured in different attacks. The majority of those casualties resulted from indiscriminate onslaughts against the civilian population and the homes of the State Security Forces. The Civil Guard barracks were among the main targets. This paper analyses the actions of ETA and the terrorist organization discourse, as well as the way they justified those actions against children through their own newspaper Egin. [vc_empty_space height=&#8221;10&#8243;]<br \/>\n<strong>Autor<\/strong><br \/>\nPablo Garc\u00eda Varela. <a title=\"Dialnet\" href=\"https:\/\/dialnet.unirioja.es\/servlet\/autor?codigo=5014097\" target=\"_blank\" rel=\"noopener\">P\u00e1gina del autor en Dialnet.<\/a><br \/>\n[vc_empty_space height=&#8221;10&#8243;]<br \/>\n<strong>Tipo de documento<\/strong><br \/>\nArt\u00edculo<br \/>\n[vc_empty_space height=&#8221;10&#8243;]<br \/>\n[\/vc_column_text][\/vc_column][\/vc_row]<\/p>\n<\/div>","protected":false},"excerpt":{"rendered":"<p>[vc_row][vc_column width=&#8221;1\/1&#8243;][vc_column_text][vc_empty_space height=&#8221;20&#8243;] Referencia bibliogr\u00e1fica GARC\u00cdA VARELA, Pablo (2022): \u00abLos menores de edad v\u00edctimas mortales de ETA\u00bb, Pasado y memoria: Revista de historia contempor\u00e1nea, n\u00ba 24, pp. 322-341. Consultar PDF[vc_empty_space&hellip;<\/p>\n","protected":false},"author":1,"featured_media":0,"parent":0,"menu_order":0,"comment_status":"closed","ping_status":"closed","template":"","meta":{"om_disable_all_campaigns":false,"_monsterinsights_skip_tracking":false,"_monsterinsights_sitenote_active":false,"_monsterinsights_sitenote_note":"","_monsterinsights_sitenote_category":0,"_uf_show_specific_survey":0,"_uf_disable_surveys":false,"_vp_format_video_url":"","_vp_image_focal_point":[],"_vp_custom_popup_image":0,"_vp_format_audio_url":"","_vp_custom_thumbnail":0,"_vp_custom_thumbnail_focal_point":[],"_vp_hover_thumbnail":0,"_vp_hover_thumbnail_focal_point":[],"footnotes":""},"class_list":["post-17187","page","type-page","status-publish","hentry"],"aioseo_notices":[],"_links":{"self":[{"href":"https:\/\/www.arovite.com\/es\/wp-json\/wp\/v2\/pages\/17187","targetHints":{"allow":["GET"]}}],"collection":[{"href":"https:\/\/www.arovite.com\/es\/wp-json\/wp\/v2\/pages"}],"about":[{"href":"https:\/\/www.arovite.com\/es\/wp-json\/wp\/v2\/types\/page"}],"author":[{"embeddable":true,"href":"https:\/\/www.arovite.com\/es\/wp-json\/wp\/v2\/users\/1"}],"replies":[{"embeddable":true,"href":"https:\/\/www.arovite.com\/es\/wp-json\/wp\/v2\/comments?post=17187"}],"version-history":[{"count":1,"href":"https:\/\/www.arovite.com\/es\/wp-json\/wp\/v2\/pages\/17187\/revisions"}],"predecessor-version":[{"id":17188,"href":"https:\/\/www.arovite.com\/es\/wp-json\/wp\/v2\/pages\/17187\/revisions\/17188"}],"wp:attachment":[{"href":"https:\/\/www.arovite.com\/es\/wp-json\/wp\/v2\/media?parent=17187"}],"curies":[{"name":"wp","href":"https:\/\/api.w.org\/{rel}","templated":true}]}}

GARCÍA VARELA, Pablo (2022)

<div class="wpb-content-wrapper"><p>[vc_row][vc_column width=&#8221;1/1&#8243;][vc_column_text][vc_empty_space height=&#8221;20&#8243;]<br />
<strong>Referencia bibliográfica</strong><br />
GARCÍA VARELA, Pablo (2022): «Los menores de edad víctimas mortales de ETA», <em>Pasado y memoria: Revista de historia contemporánea</em>, nº 24, pp. 322-341.</p>
<p><a class="button blue  medium " href="https://dialnet.unirioja.es/descarga/articulo/8255431.pdf" target="_blank" rel="noopener">Consultar PDF</a>[vc_empty_space height=&#8221;10&#8243;]<br />
<strong>Resumen</strong><br />
ETA asesinó a un total de veintiún niños entre 1980 y 2002, además de herir a más de cien en otros atentados. La mayoría de víctimas menores de edad se debieron a ataques indiscriminados contra la población civil y las residencias de las fuerzas de seguridad del Estado. Las casas-cuartel de la Guardia Civil fueron uno de sus principales objetivos. El presente trabajo analiza las acciones y el discurso de la organización terrorista ETA, y también el modo en que, a través de su principal medio de comunicación Egin, justificó las acciones contra niños. [vc_empty_space height=&#8221;10&#8243;]<br />
<strong>Abstract</strong><br />
ETA killed twenty one children from 1980 to 2002. Additionally, more than one hundred were injured in different attacks. The majority of those casualties resulted from indiscriminate onslaughts against the civilian population and the homes of the State Security Forces. The Civil Guard barracks were among the main targets. This paper analyses the actions of ETA and the terrorist organization discourse, as well as the way they justified those actions against children through their own newspaper Egin. [vc_empty_space height=&#8221;10&#8243;]<br />
<strong>Autor</strong><br />
Pablo García Varela. <a title="Dialnet" href="https://dialnet.unirioja.es/servlet/autor?codigo=5014097" target="_blank" rel="noopener">Página del autor en Dialnet.</a><br />
[vc_empty_space height=&#8221;10&#8243;]<br />
<strong>Tipo de documento</strong><br />
Artículo<br />
[vc_empty_space height=&#8221;10&#8243;]<br />
[/vc_column_text][/vc_column][/vc_row]</p>
</div>

<p>[vc_row][vc_column width=&#8221;1/1&#8243;][vc_column_text][vc_empty_space height=&#8221;20&#8243;] Referencia bibliográfica GARCÍA VARELA, Pablo (2022): «Los menores de edad víctimas mortales de ETA», Pasado y memoria: Revista de historia contemporánea, nº 24, pp. 322-341. Consultar PDF[vc_empty_space&hellip;</p>
