{"id":12578,"date":"2021-01-08T09:00:15","date_gmt":"2021-01-08T09:00:15","guid":{"rendered":"https:\/\/www.arovite.com\/?page_id=12578"},"modified":"2021-01-08T09:01:54","modified_gmt":"2021-01-08T09:01:54","slug":"martinez-isabel-c-2019","status":"publish","type":"page","link":"https:\/\/www.arovite.com\/es\/martinez-isabel-c-2019\/","title":{"rendered":"MART\u00cdNEZ, Isabel C. (2019)"},"content":{"rendered":"<div class=\"wpb-content-wrapper\"><p>[vc_row][vc_column width=&#8221;1\/1&#8243;][vc_column_text][vc_empty_space height=&#8221;20&#8243;]<br \/>\n<strong>Referencia bibliogr\u00e1fica<\/strong><br \/>\nMART\u00cdNEZ, Isabel C. (2019): \u00abETA en la prensa internacional. Una aproximaci\u00f3n al tratamiento del terrorismo en los diarios franceses, brit\u00e1nicos y estadounidenses de referencia\u00bb, <em>Informe del Centro Memorial de las V\u00edctimas del Terrorismo<\/em>, n\u00ba 7.<\/p>\n<p><a class=\"button blue medium \" href=\"http:\/\/www.memorialvt.com\/wp-content\/uploads\/2019\/11\/FCMVTinforme07_191119.pdf\" target=\"_blank\" rel=\"noopener\">Consultar PDF<\/a><br \/>\n[vc_empty_space height=&#8221;10&#8243;]<br \/>\n<strong>Resumen<\/strong><br \/>\nEsta publicaci\u00f3n es el resultado de a\u00f1o y medio de investigaci\u00f3n de lo que se ha publicado sobre la banda terrorista ETA, durante casi 60 a\u00f1os, en los seis diarios m\u00e1s relevantes de Francia, Gran Breta\u00f1a y Estados Unidos: <em>Le Monde<\/em>, <em>Le Figaro<\/em>, <em>The Times<\/em>,<em>The Guardian<\/em>,<em>The New York Times<\/em> y <em>The Washington Post<\/em>. La autora ha revisado los archivos de los diarios mencionados, en el periodo entre 1959 y 2018, y ha entrevistado a diferentes corresponsales de esos medios. Esta investigaci\u00f3n pone de relieve el fracaso medi\u00e1tico de ETA en su intento permanente de conseguir lo que los terroristas llamaban \u201cla internacionalizaci\u00f3n del conflicto\u201d, a pesar de que la banda fue pr\u00e1cticamente el \u00fanico protagonista de las noticias sobre el Pa\u00eds Vasco en la prensa extranjera.<br \/>\n[vc_empty_space height=&#8221;10&#8243;]<br \/>\n<strong>Autor<\/strong><br \/>\nIsabel C. Mart\u00ednez. <a title=\"Dialnet\" href=\"https:\/\/dialnet.unirioja.es\/servlet\/autor?codigo=5112088\" target=\"_blank\" rel=\"noopener\">P\u00e1gina del autor en Dialnet.<\/a><br \/>\n[vc_empty_space height=&#8221;10&#8243;]<br \/>\n<strong>Tipo de documento<\/strong><br \/>\nInforme<br \/>\n[vc_empty_space height=&#8221;10&#8243;]<br \/>\n[\/vc_column_text][\/vc_column][\/vc_row]<\/p>\n<\/div>","protected":false},"excerpt":{"rendered":"<p>[vc_row][vc_column width=&#8221;1\/1&#8243;][vc_column_text][vc_empty_space height=&#8221;20&#8243;] Referencia bibliogr\u00e1fica MART\u00cdNEZ, Isabel C. (2019): \u00abETA en la prensa internacional. Una aproximaci\u00f3n al tratamiento del terrorismo en los diarios franceses, brit\u00e1nicos y estadounidenses de referencia\u00bb, Informe&hellip;<\/p>\n","protected":false},"author":1,"featured_media":0,"parent":0,"menu_order":0,"comment_status":"closed","ping_status":"closed","template":"","meta":{"om_disable_all_campaigns":false,"_monsterinsights_skip_tracking":false,"_monsterinsights_sitenote_active":false,"_monsterinsights_sitenote_note":"","_monsterinsights_sitenote_category":0,"_uf_show_specific_survey":0,"_uf_disable_surveys":false,"_vp_format_video_url":"","_vp_image_focal_point":[],"_vp_custom_popup_image":0,"_vp_format_audio_url":"","_vp_custom_thumbnail":0,"_vp_custom_thumbnail_focal_point":[],"_vp_hover_thumbnail":0,"_vp_hover_thumbnail_focal_point":[],"footnotes":""},"class_list":["post-12578","page","type-page","status-publish","hentry"],"aioseo_notices":[],"_links":{"self":[{"href":"https:\/\/www.arovite.com\/es\/wp-json\/wp\/v2\/pages\/12578","targetHints":{"allow":["GET"]}}],"collection":[{"href":"https:\/\/www.arovite.com\/es\/wp-json\/wp\/v2\/pages"}],"about":[{"href":"https:\/\/www.arovite.com\/es\/wp-json\/wp\/v2\/types\/page"}],"author":[{"embeddable":true,"href":"https:\/\/www.arovite.com\/es\/wp-json\/wp\/v2\/users\/1"}],"replies":[{"embeddable":true,"href":"https:\/\/www.arovite.com\/es\/wp-json\/wp\/v2\/comments?post=12578"}],"version-history":[{"count":4,"href":"https:\/\/www.arovite.com\/es\/wp-json\/wp\/v2\/pages\/12578\/revisions"}],"predecessor-version":[{"id":12588,"href":"https:\/\/www.arovite.com\/es\/wp-json\/wp\/v2\/pages\/12578\/revisions\/12588"}],"wp:attachment":[{"href":"https:\/\/www.arovite.com\/es\/wp-json\/wp\/v2\/media?parent=12578"}],"curies":[{"name":"wp","href":"https:\/\/api.w.org\/{rel}","templated":true}]}}

MARTÍNEZ, Isabel C. (2019)

<div class="wpb-content-wrapper"><p>[vc_row][vc_column width=&#8221;1/1&#8243;][vc_column_text][vc_empty_space height=&#8221;20&#8243;]<br />
<strong>Referencia bibliográfica</strong><br />
MARTÍNEZ, Isabel C. (2019): «ETA en la prensa internacional. Una aproximación al tratamiento del terrorismo en los diarios franceses, británicos y estadounidenses de referencia», <em>Informe del Centro Memorial de las Víctimas del Terrorismo</em>, nº 7.</p>
<p><a class="button blue medium " href="http://www.memorialvt.com/wp-content/uploads/2019/11/FCMVTinforme07_191119.pdf" target="_blank" rel="noopener">Consultar PDF</a><br />
[vc_empty_space height=&#8221;10&#8243;]<br />
<strong>Resumen</strong><br />
Esta publicación es el resultado de año y medio de investigación de lo que se ha publicado sobre la banda terrorista ETA, durante casi 60 años, en los seis diarios más relevantes de Francia, Gran Bretaña y Estados Unidos: <em>Le Monde</em>, <em>Le Figaro</em>, <em>The Times</em>,<em>The Guardian</em>,<em>The New York Times</em> y <em>The Washington Post</em>. La autora ha revisado los archivos de los diarios mencionados, en el periodo entre 1959 y 2018, y ha entrevistado a diferentes corresponsales de esos medios. Esta investigación pone de relieve el fracaso mediático de ETA en su intento permanente de conseguir lo que los terroristas llamaban “la internacionalización del conflicto”, a pesar de que la banda fue prácticamente el único protagonista de las noticias sobre el País Vasco en la prensa extranjera.<br />
[vc_empty_space height=&#8221;10&#8243;]<br />
<strong>Autor</strong><br />
Isabel C. Martínez. <a title="Dialnet" href="https://dialnet.unirioja.es/servlet/autor?codigo=5112088" target="_blank" rel="noopener">Página del autor en Dialnet.</a><br />
[vc_empty_space height=&#8221;10&#8243;]<br />
<strong>Tipo de documento</strong><br />
Informe<br />
[vc_empty_space height=&#8221;10&#8243;]<br />
[/vc_column_text][/vc_column][/vc_row]</p>
</div>

<p>[vc_row][vc_column width=&#8221;1/1&#8243;][vc_column_text][vc_empty_space height=&#8221;20&#8243;] Referencia bibliográfica MARTÍNEZ, Isabel C. (2019): «ETA en la prensa internacional. Una aproximación al tratamiento del terrorismo en los diarios franceses, británicos y estadounidenses de referencia», Informe&hellip;</p>
