{"id":11217,"date":"2020-04-23T09:20:32","date_gmt":"2020-04-23T09:20:32","guid":{"rendered":"https:\/\/www.arovite.com\/?page_id=11217"},"modified":"2020-04-23T09:20:57","modified_gmt":"2020-04-23T09:20:57","slug":"mota-zurdo-david-2019","status":"publish","type":"page","link":"https:\/\/www.arovite.com\/es\/mota-zurdo-david-2019\/","title":{"rendered":"MOTA ZURDO, David (2019)"},"content":{"rendered":"<div class=\"wpb-content-wrapper\"><p>[vc_row][vc_column width=&#8221;1\/1&#8243;][vc_column_text][vc_empty_space height=&#8221;20&#8243;]<br \/>\n<strong>Referencia bibliogr\u00e1fica<\/strong><br \/>\nMOTA ZURDO, David (2019): \u00abHistoria y memoria de ETA y las v\u00edctimas del terrorismo en <em>Cu\u00e9ntame c\u00f3mo pas\u00f3<\/em>\u00bb, <em>Historia Actual Online<\/em>, n\u00ba 50, pp. 155-168.<\/p>\n<p><a class=\"button blue medium \" href=\"https:\/\/dialnet.unirioja.es\/servlet\/articulo?codigo=7133973\" target=\"_blank\" rel=\"noopener noreferrer\">Consultar PDF<\/a>[vc_empty_space height=&#8221;10&#8243;]<br \/>\n<strong>Resumen<\/strong><br \/>\nETA contin\u00faa formando parte de la actualidad informativa, siendo el estudio de su historia y memoria algunas de las principales tem\u00e1ticas abordadas. En los \u00faltimos a\u00f1os, la historiograf\u00eda vasca ha dedicado una especial atenci\u00f3n a las v\u00edctimas de las acciones terroristas y a las narrativas que reconstruyen la memoria de estos sucesos en el Pa\u00eds Vasco, sobresaliendo estudios acad\u00e9micos de todo tipo, entre ellos, los de la perspectiva de la Historia y Cine. En este art\u00edculo se estudia esta problem\u00e1tica a trav\u00e9s de los cap\u00edtulos de la serie televisiva de referencia <em>Cu\u00e9ntame c\u00f3mo pas\u00f3<\/em> emitidos entre 2001 y 2018.<br \/>\n[vc_empty_space height=&#8221;10&#8243;]<br \/>\n<strong>Abstract<\/strong><br \/>\nETA continues to be part of the news, being the study of its history and memory some of the main topics addressed. In recent years, Basque historiography has devoted special attention to the victims of terrorist actions and the narratives that reconstruct the memory of these events in the Basque Country, highlighting academic studies of all kinds, including those which has been done from the perspective of History and Cinema. This article studies this problem through the chapters of the reference television series <em>Cu\u00e9ntame c\u00f3mo pas\u00f3<\/em> broadcast between 2001 and 2018.<br \/>\n[vc_empty_space height=&#8221;10&#8243;]<br \/>\n<strong>Autor<\/strong><br \/>\nDavid Mota Zurdo. <a title=\"Dialnet\" href=\"https:\/\/dialnet.unirioja.es\/servlet\/autor?codigo=3459298\" target=\"_blank\" rel=\"noopener noreferrer\">P\u00e1gina del autor en Dialnet.<\/a><br \/>\n[vc_empty_space height=&#8221;10&#8243;]<br \/>\n<strong>Tipo de documento<\/strong><br \/>\nArt\u00edculo<br \/>\n[vc_empty_space height=&#8221;10&#8243;]<br \/>\n[\/vc_column_text][\/vc_column][\/vc_row]<\/p>\n<\/div>","protected":false},"excerpt":{"rendered":"<p>[vc_row][vc_column width=&#8221;1\/1&#8243;][vc_column_text][vc_empty_space height=&#8221;20&#8243;] Referencia bibliogr\u00e1fica MOTA ZURDO, David (2019): \u00abHistoria y memoria de ETA y las v\u00edctimas del terrorismo en Cu\u00e9ntame c\u00f3mo pas\u00f3\u00bb, Historia Actual Online, n\u00ba 50, pp. 155-168.&hellip;<\/p>\n","protected":false},"author":1,"featured_media":0,"parent":0,"menu_order":0,"comment_status":"closed","ping_status":"closed","template":"","meta":{"om_disable_all_campaigns":false,"_monsterinsights_skip_tracking":false,"_monsterinsights_sitenote_active":false,"_monsterinsights_sitenote_note":"","_monsterinsights_sitenote_category":0,"_uf_show_specific_survey":0,"_uf_disable_surveys":false,"_vp_format_video_url":"","_vp_image_focal_point":[],"_vp_custom_popup_image":0,"_vp_format_audio_url":"","_vp_custom_thumbnail":0,"_vp_custom_thumbnail_focal_point":[],"_vp_hover_thumbnail":0,"_vp_hover_thumbnail_focal_point":[],"footnotes":""},"class_list":["post-11217","page","type-page","status-publish","hentry"],"aioseo_notices":[],"_links":{"self":[{"href":"https:\/\/www.arovite.com\/es\/wp-json\/wp\/v2\/pages\/11217","targetHints":{"allow":["GET"]}}],"collection":[{"href":"https:\/\/www.arovite.com\/es\/wp-json\/wp\/v2\/pages"}],"about":[{"href":"https:\/\/www.arovite.com\/es\/wp-json\/wp\/v2\/types\/page"}],"author":[{"embeddable":true,"href":"https:\/\/www.arovite.com\/es\/wp-json\/wp\/v2\/users\/1"}],"replies":[{"embeddable":true,"href":"https:\/\/www.arovite.com\/es\/wp-json\/wp\/v2\/comments?post=11217"}],"version-history":[{"count":1,"href":"https:\/\/www.arovite.com\/es\/wp-json\/wp\/v2\/pages\/11217\/revisions"}],"predecessor-version":[{"id":11218,"href":"https:\/\/www.arovite.com\/es\/wp-json\/wp\/v2\/pages\/11217\/revisions\/11218"}],"wp:attachment":[{"href":"https:\/\/www.arovite.com\/es\/wp-json\/wp\/v2\/media?parent=11217"}],"curies":[{"name":"wp","href":"https:\/\/api.w.org\/{rel}","templated":true}]}}

<div class="wpb-content-wrapper"><p>[vc_row][vc_column width=&#8221;1/1&#8243;][vc_column_text][vc_empty_space height=&#8221;20&#8243;]<br />
<strong>Referencia bibliográfica</strong><br />
MOTA ZURDO, David (2019): «Historia y memoria de ETA y las víctimas del terrorismo en <em>Cuéntame cómo pasó</em>», <em>Historia Actual Online</em>, nº 50, pp. 155-168.</p>
<p><a class="button blue medium " href="https://dialnet.unirioja.es/servlet/articulo?codigo=7133973" target="_blank" rel="noopener noreferrer">Consultar PDF</a>[vc_empty_space height=&#8221;10&#8243;]<br />
<strong>Resumen</strong><br />
ETA continúa formando parte de la actualidad informativa, siendo el estudio de su historia y memoria algunas de las principales temáticas abordadas. En los últimos años, la historiografía vasca ha dedicado una especial atención a las víctimas de las acciones terroristas y a las narrativas que reconstruyen la memoria de estos sucesos en el País Vasco, sobresaliendo estudios académicos de todo tipo, entre ellos, los de la perspectiva de la Historia y Cine. En este artículo se estudia esta problemática a través de los capítulos de la serie televisiva de referencia <em>Cuéntame cómo pasó</em> emitidos entre 2001 y 2018.<br />
[vc_empty_space height=&#8221;10&#8243;]<br />
<strong>Abstract</strong><br />
ETA continues to be part of the news, being the study of its history and memory some of the main topics addressed. In recent years, Basque historiography has devoted special attention to the victims of terrorist actions and the narratives that reconstruct the memory of these events in the Basque Country, highlighting academic studies of all kinds, including those which has been done from the perspective of History and Cinema. This article studies this problem through the chapters of the reference television series <em>Cuéntame cómo pasó</em> broadcast between 2001 and 2018.<br />
[vc_empty_space height=&#8221;10&#8243;]<br />
<strong>Autor</strong><br />
David Mota Zurdo. <a title="Dialnet" href="https://dialnet.unirioja.es/servlet/autor?codigo=3459298" target="_blank" rel="noopener noreferrer">Página del autor en Dialnet.</a><br />
[vc_empty_space height=&#8221;10&#8243;]<br />
<strong>Tipo de documento</strong><br />
Artículo<br />
[vc_empty_space height=&#8221;10&#8243;]<br />
[/vc_column_text][/vc_column][/vc_row]</p>
</div>

<p>[vc_row][vc_column width=&#8221;1/1&#8243;][vc_column_text][vc_empty_space height=&#8221;20&#8243;] Referencia bibliográfica MOTA ZURDO, David (2019): «Historia y memoria de ETA y las víctimas del terrorismo en Cuéntame cómo pasó», Historia Actual Online, nº 50, pp. 155-168.&hellip;</p>
