{"id":3845,"date":"2015-11-24T18:54:23","date_gmt":"2015-11-24T18:54:23","guid":{"rendered":"http:\/\/www.arovite.com\/?post_type=portfolio&#038;p=3845"},"modified":"2025-06-15T10:41:50","modified_gmt":"2025-06-15T10:41:50","slug":"la-educacion-ante-la-violencia-en-el-pais-vasco-2","status":"publish","type":"portfolio","link":"https:\/\/www.arovite.com\/en\/portfolio\/journal-of-bakeaz\/la-educacion-ante-la-violencia-en-el-pais-vasco-2\/","title":{"rendered":"La educaci\u00f3n ante la violencia en el Pa\u00eds Vasco"},"content":{"rendered":"<h4>Xabier Etxeberria<br \/>\nBilbao, Bakeaz, 1999<br \/>\nColecci\u00f3n: Cuadernos Bakeaz, 31<\/h4>\n<p><a class=\"button green medium \" href=\"http:\/\/www.arovite.com\/documentos\/CB31_maqueta_PDF.pdf\" target=\"_blank\" rel=\"noopener\">Descargar<\/a><\/p>\n<h2>Resumen<\/h2>\n<p>Esta reflexi\u00f3n sobre la tarea que corresponde a la educaci\u00f3n frente a la violencia terrorista est\u00e1 fuertemente contextualizada en el aqu\u00ed y ahora del Pa\u00eds Vasco (1999), marcado por la tregua deETA, pero pretende, desde su propio enraizamiento, servir de referencia de contraste para otras circunstancias de violencia. En vistas a orientar el modo y sentido de las intervenciones educativas, se comienza precisando qu\u00e9 entender por neutralidad del educador y cu\u00e1les deben ser sus l\u00edmites en campos como el de la violencia. Se pasa luego a desarrollar lo que supone acompa\u00f1ar a los educandos en el proceso de maduraci\u00f3n moral, tanto en el nivel de los sentimientos como en el de las argumentaciones o las motivaciones, cuando en ese camino nos confrontamos, desde vivencias de fracturas internas entre los sujetos del proceso educativo, con fen\u00f3menos como el de la violencia terrorista de\u00a0ETA\u00a0y su entorno. Se acaba por \u00faltimo apuntando a lo que la din\u00e1mica del perd\u00f3n, como horizonte de resoluci\u00f3n radical de esta forma de violencia, puede demandar a los educadores.<\/p>\n<p>&nbsp;<\/p>\n<h2>\u00cdndice<\/h2>\n<p>1. La educaci\u00f3n, concernida por la violencia<br \/>\n2. Sentido y alcance de la neutralidad del educador<br \/>\n3. Educar los sentimientos<br \/>\n4. Dar razones<br \/>\n5. El horizonte del perd\u00f3n<br \/>\nNotas<\/p>\n<p>ISSN:\u00a01133-9101<br \/>\nRef.:\u00a0CB31<br \/>\nP\u00e1ginas:\u00a08 p\u00e1ginas<br \/>\nFormato:\u00a0297 x 210 mm<br \/>\nLengua:\u00a0Castellano<\/p>\n<p>&nbsp;<\/p>\n<h2>Xabier Etxeberria<\/h2>\n<p>Xabier Etxeberria Mauleon es profesor em\u00e9rito de la Universidad de Deusto, en la que ha sido catedr\u00e1tico de \u00c9tica y director del Centro de \u00c9tica Aplicada. Es responsable del \u00e1rea de Paz y Derechos Humanos de Bakeaz. Profesor visitante de diversas universidades en Am\u00e9rica Latina, donde colabora habitualmente con organizaciones ind\u00edgenas y de derechos humanos, centra su investigaci\u00f3n filos\u00f3fica en los campos de la \u00e9tica fundamental, la \u00e9tica profesional y la \u00e9tica social y pol\u00edtica (especialmente en torno a las identidades colectivas y a las v\u00edctimas de la violencia), as\u00ed como en la vertiente \u00e9tica de los derechos humanos. En torno a ellos ha publicado numerosos art\u00edculos, cuadernos y libros. Entre estos \u00faltimos cabe citar los siguientes: Imaginario y derechos humanos desde Paul Ricoeur (DDB), \u00c9tica de la diferencia (UD), Temas b\u00e1sicos de \u00e9tica (DDB), La educaci\u00f3n para la paz ante la violencia de ETA (Bakeaz), \u00c9tica de la ayuda humanitaria (DDB), Sociedades multiculturales (Mensajero), Aproximaci\u00f3n \u00e9tica a la discapacidad (UD), Din\u00e1micas de la memoria y v\u00edctimas del terrorismo (Bakeaz) y Por una \u00e9tica de los sentimientos en el \u00e1mbito p\u00fablico (Bakeaz). Varios de sus cuadernos se encuentran en las colecciones Cuadernos Bakeaz y Escuela de Paz de Bakeaz.<\/p>\n","protected":false},"excerpt":{"rendered":"<p>Xabier Etxeberria<\/p>\n","protected":false},"author":1,"featured_media":22657,"menu_order":0,"comment_status":"closed","ping_status":"closed","template":"","format":"standard","meta":{"om_disable_all_campaigns":false,"_monsterinsights_skip_tracking":false,"_monsterinsights_sitenote_active":false,"_monsterinsights_sitenote_note":"","_monsterinsights_sitenote_category":0,"_uf_show_specific_survey":0,"_uf_disable_surveys":false,"_vp_format_video_url":"","_vp_image_focal_point":[],"_vp_custom_popup_image":0,"_vp_format_audio_url":"","_vp_custom_thumbnail":0,"_vp_custom_thumbnail_focal_point":[],"_vp_hover_thumbnail":0,"_vp_hover_thumbnail_focal_point":[],"footnotes":""},"portfolio_category":[327,349],"portfolio_tag":[],"class_list":["post-3845","portfolio","type-portfolio","status-publish","format-standard","has-post-thumbnail","hentry","portfolio_category-bakeaz","portfolio_category-journal-of-bakeaz"],"aioseo_notices":[],"_links":{"self":[{"href":"https:\/\/www.arovite.com\/en\/wp-json\/wp\/v2\/portfolio\/3845","targetHints":{"allow":["GET"]}}],"collection":[{"href":"https:\/\/www.arovite.com\/en\/wp-json\/wp\/v2\/portfolio"}],"about":[{"href":"https:\/\/www.arovite.com\/en\/wp-json\/wp\/v2\/types\/portfolio"}],"author":[{"embeddable":true,"href":"https:\/\/www.arovite.com\/en\/wp-json\/wp\/v2\/users\/1"}],"replies":[{"embeddable":true,"href":"https:\/\/www.arovite.com\/en\/wp-json\/wp\/v2\/comments?post=3845"}],"version-history":[{"count":1,"href":"https:\/\/www.arovite.com\/en\/wp-json\/wp\/v2\/portfolio\/3845\/revisions"}],"predecessor-version":[{"id":23923,"href":"https:\/\/www.arovite.com\/en\/wp-json\/wp\/v2\/portfolio\/3845\/revisions\/23923"}],"wp:featuredmedia":[{"embeddable":true,"href":"https:\/\/www.arovite.com\/en\/wp-json\/wp\/v2\/media\/22657"}],"wp:attachment":[{"href":"https:\/\/www.arovite.com\/en\/wp-json\/wp\/v2\/media?parent=3845"}],"wp:term":[{"taxonomy":"portfolio_category","embeddable":true,"href":"https:\/\/www.arovite.com\/en\/wp-json\/wp\/v2\/portfolio_category?post=3845"},{"taxonomy":"portfolio_tag","embeddable":true,"href":"https:\/\/www.arovite.com\/en\/wp-json\/wp\/v2\/portfolio_tag?post=3845"}],"curies":[{"name":"wp","href":"https:\/\/api.w.org\/{rel}","templated":true}]}}

La educación ante la violencia en el País Vasco

<h4>Xabier Etxeberria<br />
Bilbao, Bakeaz, 1999<br />
Colección: Cuadernos Bakeaz, 31</h4>
<p><a class="button green medium " href="http://www.arovite.com/documentos/CB31_maqueta_PDF.pdf" target="_blank" rel="noopener">Descargar</a></p>
<h2>Resumen</h2>
<p>Esta reflexión sobre la tarea que corresponde a la educación frente a la violencia terrorista está fuertemente contextualizada en el aquí y ahora del País Vasco (1999), marcado por la tregua deETA, pero pretende, desde su propio enraizamiento, servir de referencia de contraste para otras circunstancias de violencia. En vistas a orientar el modo y sentido de las intervenciones educativas, se comienza precisando qué entender por neutralidad del educador y cuáles deben ser sus límites en campos como el de la violencia. Se pasa luego a desarrollar lo que supone acompañar a los educandos en el proceso de maduración moral, tanto en el nivel de los sentimientos como en el de las argumentaciones o las motivaciones, cuando en ese camino nos confrontamos, desde vivencias de fracturas internas entre los sujetos del proceso educativo, con fenómenos como el de la violencia terrorista de ETA y su entorno. Se acaba por último apuntando a lo que la dinámica del perdón, como horizonte de resolución radical de esta forma de violencia, puede demandar a los educadores.</p>
<p>&nbsp;</p>
<h2>Índice</h2>
<p>1. La educación, concernida por la violencia<br />
2. Sentido y alcance de la neutralidad del educador<br />
3. Educar los sentimientos<br />
4. Dar razones<br />
5. El horizonte del perdón<br />
Notas</p>
<p>ISSN: 1133-9101<br />
Ref.: CB31<br />
Páginas: 8 páginas<br />
Formato: 297 x 210 mm<br />
Lengua: Castellano</p>
<p>&nbsp;</p>
<h2>Xabier Etxeberria</h2>
<p>Xabier Etxeberria Mauleon es profesor emérito de la Universidad de Deusto, en la que ha sido catedrático de Ética y director del Centro de Ética Aplicada. Es responsable del área de Paz y Derechos Humanos de Bakeaz. Profesor visitante de diversas universidades en América Latina, donde colabora habitualmente con organizaciones indígenas y de derechos humanos, centra su investigación filosófica en los campos de la ética fundamental, la ética profesional y la ética social y política (especialmente en torno a las identidades colectivas y a las víctimas de la violencia), así como en la vertiente ética de los derechos humanos. En torno a ellos ha publicado numerosos artículos, cuadernos y libros. Entre estos últimos cabe citar los siguientes: Imaginario y derechos humanos desde Paul Ricoeur (DDB), Ética de la diferencia (UD), Temas básicos de ética (DDB), La educación para la paz ante la violencia de ETA (Bakeaz), Ética de la ayuda humanitaria (DDB), Sociedades multiculturales (Mensajero), Aproximación ética a la discapacidad (UD), Dinámicas de la memoria y víctimas del terrorismo (Bakeaz) y Por una ética de los sentimientos en el ámbito público (Bakeaz). Varios de sus cuadernos se encuentran en las colecciones Cuadernos Bakeaz y Escuela de Paz de Bakeaz.</p>
